{"id":13415,"date":"2023-12-11T13:00:50","date_gmt":"2023-12-11T12:00:50","guid":{"rendered":"https:\/\/empiezapori.com\/?post_type=portfolio&#038;p=13415"},"modified":"2024-03-19T16:31:18","modified_gmt":"2024-03-19T15:31:18","slug":"gestio-xarxes-socials-per-a-metrecubic","status":"publish","type":"portfolio","link":"https:\/\/empiezapori.com\/ca\/portfolio\/gestio-xarxes-socials-per-a-metrecubic\/","title":{"rendered":"Gesti\u00f3 xarxes socials per a Metrecubic"},"content":{"rendered":"\n<div class=\"wp-block-columns is-layout-flex wp-container-core-columns-is-layout-28f84493 wp-block-columns-is-layout-flex\">\n<div class=\"wp-block-column is-layout-flow wp-block-column-is-layout-flow\" style=\"flex-basis:33.33%\">\n<div class=\"wp-block-uagb-advanced-heading uagb-block-a0359808\"><h2 class=\"uagb-heading-text\">Gesti\u00f3 xarxes socials per a Metrecubic<\/h2><div class=\"uagb-separator\"><\/div><p class=\"uagb-desc-text\">Anunciem amb entusiasme el llan\u00e7ament del nostre \u00faltim projecte en l&#8217;\u00e0mbit del <strong>disseny i la gesti\u00f3 de xarxes socials<\/strong> per a l&#8217;empresa <strong>Metrecubic<\/strong> ! \u00c9s reconeguda pels seus serveis de lloguer de trasters i mudances a Sabadell, i ara estem compromesos a portar <strong>la seva pres\u00e8ncia en l\u00ednia al seg\u00fcent nivell<\/strong> .<\/p><\/div>\n\n\n\n<p>En aquest projecte, ens enfoquem en el manteniment i la gesti\u00f3 de les seves xarxes socials, amb una especial atenci\u00f3 a <strong>Instagram<\/strong> , <strong>Facebook<\/strong> i <strong>YouTube<\/strong> . La nostra tasca inclou la <strong>planificaci\u00f3 estrat\u00e8gica i el disseny de publicacions<\/strong> , assegurant-nos que cada element segueixi una l\u00ednia gr\u00e0fica coherent que reflecteixi la identitat \u00fanica de Metrecubic.<\/p>\n\n\n\n<div class=\"wp-block-uagb-advanced-heading uagb-block-a2c8b8f5\"><h2 class=\"uagb-heading-text\">Gesti\u00f3 de xarxes socials amb Google My Business<\/h2><div class=\"uagb-separator\"><\/div><p class=\"uagb-desc-text\">A m\u00e9s, per ampliar encara m\u00e9s la visibilitat de Metrecubic en l\u00ednia, hem integrat la potent eina <strong>Google My Business<\/strong> . Aquesta eina no nom\u00e9s enforteix la pres\u00e8ncia a la cerca de Google, sin\u00f3 que tamb\u00e9 permet a <strong>l&#8217;audi\u00e8ncia accedir f\u00e0cilment<\/strong> a informaci\u00f3 clau sobre l&#8217;empresa.<\/p><\/div>\n\n\n\n<p><a href=\"https:\/\/www.instagram.com\/metrecubic_com\/\">INSTAGRAM<\/a><\/p>\n<\/div>\n\n\n\n<div class=\"wp-block-column is-layout-flow wp-block-column-is-layout-flow\" style=\"flex-basis:66.66%\"><!-- Galeria_del_portfolio le a\u00f1ado los estilos de la galeria de WordPress -->\r\n<div class=\"entry-content clear\" itemprop=\"text\">\r\n<figure class=\"wp-block-gallery columns-2 is-cropped\">\r\n    <!--<ul id=\"ul_galeria\">-->\r\n\t<ul class=\"blocks-gallery-grid\">\r\n                    <li class=\"blocks-gallery-item\">\r\n                <img decoding=\"async\" width=\"1024\" height=\"683\" src=\"https:\/\/empiezapori.com\/wp-content\/uploads\/2022\/01\/portfolio-instagram-metricubic-1024x683.jpg\" class=\"attachment-large size-large\" alt=\"portfolio instagram metricubic\" srcset=\"https:\/\/empiezapori.com\/wp-content\/uploads\/2022\/01\/portfolio-instagram-metricubic-1024x683.jpg 1024w, https:\/\/empiezapori.com\/wp-content\/uploads\/2022\/01\/portfolio-instagram-metricubic-300x200.jpg 300w, https:\/\/empiezapori.com\/wp-content\/uploads\/2022\/01\/portfolio-instagram-metricubic-768x512.jpg 768w, https:\/\/empiezapori.com\/wp-content\/uploads\/2022\/01\/portfolio-instagram-metricubic-500x333.jpg 500w, https:\/\/empiezapori.com\/wp-content\/uploads\/2022\/01\/portfolio-instagram-metricubic-800x533.jpg 800w, https:\/\/empiezapori.com\/wp-content\/uploads\/2022\/01\/portfolio-instagram-metricubic.jpg 1200w\" sizes=\"(max-width: 1024px) 100vw, 1024px\" \/>            <\/li>\r\n            <\/ul>\r\n<\/figure>\r\n<\/div>\r\n<!--Cliente-->\r\n<div>\r\n<\/div>\n\n<!-- Galeria_del_portfolio le a\u00f1ado los estilos de la galeria de WordPress -->\r\n<div class=\"entry-content clear\" itemprop=\"text\">\r\n<figure class=\"wp-block-gallery columns-2 is-cropped\">\r\n    <!--<ul id=\"ul_galeria\">-->\r\n\t<ul class=\"blocks-gallery-grid\">\r\n                    <li class=\"blocks-gallery-item\">\r\n                <img decoding=\"async\" width=\"1024\" height=\"683\" src=\"https:\/\/empiezapori.com\/wp-content\/uploads\/2022\/01\/portfolio-instagram-metricubic-post-1024x683.jpg\" class=\"attachment-large size-large\" alt=\"portfolio instagram metricubic post\" srcset=\"https:\/\/empiezapori.com\/wp-content\/uploads\/2022\/01\/portfolio-instagram-metricubic-post-1024x683.jpg 1024w, https:\/\/empiezapori.com\/wp-content\/uploads\/2022\/01\/portfolio-instagram-metricubic-post-300x200.jpg 300w, https:\/\/empiezapori.com\/wp-content\/uploads\/2022\/01\/portfolio-instagram-metricubic-post-768x512.jpg 768w, https:\/\/empiezapori.com\/wp-content\/uploads\/2022\/01\/portfolio-instagram-metricubic-post-500x333.jpg 500w, https:\/\/empiezapori.com\/wp-content\/uploads\/2022\/01\/portfolio-instagram-metricubic-post-800x533.jpg 800w, https:\/\/empiezapori.com\/wp-content\/uploads\/2022\/01\/portfolio-instagram-metricubic-post.jpg 1200w\" sizes=\"(max-width: 1024px) 100vw, 1024px\" \/>            <\/li>\r\n            <\/ul>\r\n<\/figure>\r\n<\/div>\r\n<!--Cliente-->\r\n<div>\r\n\tCliente: \r\n\t<ul id=\"ul_cliente\">\r\n\t\t    <li id=\"li_cliente\">\r\n\t    \t<!--<a href=\"\"><\/a> -->\r\n\t\t\tMetre Cubic\t    <\/li>\r\n\t\t<\/ul>\r\n<\/div>\n\n\n<p><\/p>\n<\/div>\n<\/div>\n","protected":false},"excerpt":{"rendered":"<p>Gesti\u00f3 xarxes socials per a Metrecubic Anunciem amb entusiasme el llan\u00e7ament del nostre \u00faltim projecte en l&#8217;\u00e0mbit del disseny i la gesti\u00f3 de xarxes socials per a l&#8217;empresa Metrecubic ! \u00c9s reconeguda pels seus serveis de lloguer de trasters i mudances a Sabadell, i ara estem compromesos a portar la seva pres\u00e8ncia en l\u00ednia al [&hellip;]<\/p>\n","protected":false},"author":1,"featured_media":27926,"menu_order":0,"comment_status":"closed","ping_status":"closed","template":"","format":"standard","meta":{"_acf_changed":false,"_seopress_robots_primary_cat":"","_seopress_titles_title":"","_seopress_titles_desc":"","_seopress_robots_index":"","inline_featured_image":false,"_uag_custom_page_level_css":"","_kad_blocks_custom_css":"","_kad_blocks_head_custom_js":"","_kad_blocks_body_custom_js":"","_kad_blocks_footer_custom_js":"","site-sidebar-layout":"default","site-content-layout":"default","ast-site-content-layout":"default","site-content-style":"default","site-sidebar-style":"default","ast-global-header-display":"","ast-banner-title-visibility":"","ast-main-header-display":"","ast-hfb-above-header-display":"","ast-hfb-below-header-display":"","ast-hfb-mobile-header-display":"","site-post-title":"","ast-breadcrumbs-content":"","ast-featured-img":"","footer-sml-layout":"","ast-disable-related-posts":"","theme-transparent-header-meta":"default","adv-header-id-meta":"","stick-header-meta":"default","header-above-stick-meta":"","header-main-stick-meta":"","header-below-stick-meta":"","astra-migrate-meta-layouts":"default","ast-page-background-enabled":"default","ast-page-background-meta":{"desktop":{"background-color":"","background-image":"","background-repeat":"repeat","background-position":"center center","background-size":"auto","background-attachment":"scroll","background-type":"","background-media":"","overlay-type":"","overlay-color":"","overlay-opacity":"","overlay-gradient":""},"tablet":{"background-color":"","background-image":"","background-repeat":"repeat","background-position":"center center","background-size":"auto","background-attachment":"scroll","background-type":"","background-media":"","overlay-type":"","overlay-color":"","overlay-opacity":"","overlay-gradient":""},"mobile":{"background-color":"","background-image":"","background-repeat":"repeat","background-position":"center center","background-size":"auto","background-attachment":"scroll","background-type":"","background-media":"","overlay-type":"","overlay-color":"","overlay-opacity":"","overlay-gradient":""}},"ast-content-background-meta":{"desktop":{"background-color":"var(--ast-global-color-5)","background-image":"","background-repeat":"repeat","background-position":"center center","background-size":"auto","background-attachment":"scroll","background-type":"","background-media":"","overlay-type":"","overlay-color":"","overlay-opacity":"","overlay-gradient":""},"tablet":{"background-color":"var(--ast-global-color-5)","background-image":"","background-repeat":"repeat","background-position":"center center","background-size":"auto","background-attachment":"scroll","background-type":"","background-media":"","overlay-type":"","overlay-color":"","overlay-opacity":"","overlay-gradient":""},"mobile":{"background-color":"var(--ast-global-color-5)","background-image":"","background-repeat":"repeat","background-position":"center center","background-size":"auto","background-attachment":"scroll","background-type":"","background-media":"","overlay-type":"","overlay-color":"","overlay-opacity":"","overlay-gradient":""}},"_vp_format_video_url":"","_vp_image_focal_point":[],"footnotes":""},"portfolio_category":[756,702,761],"portfolio_tag":[],"class_list":["post-13415","portfolio","type-portfolio","status-publish","format-standard","has-post-thumbnail","hentry","portfolio_category-creacion-de-campanas-publicitarias-ca","portfolio_category-disseny-grafic","portfolio_category-gestio-xarxes-socials"],"acf":[],"taxonomy_info":{"portfolio_category":[{"value":756,"label":"Creaci\u00f3n de campa\u00f1as publicitarias"},{"value":702,"label":"Disseny gr\u00e0fic"},{"value":761,"label":"Gesti\u00f3 Xarxes Socials"}]},"featured_image_src_large":["https:\/\/empiezapori.com\/wp-content\/uploads\/2022\/01\/portfolio-instagram-metricubic-1024x683.jpg",1024,683,true],"author_info":{"display_name":"Administrador EXI","author_link":"https:\/\/empiezapori.com\/ca\/author\/empiezapori\/"},"comment_info":0,"uagb_featured_image_src":{"full":["https:\/\/empiezapori.com\/wp-content\/uploads\/2022\/01\/portfolio-instagram-metricubic.jpg",1200,800,false],"thumbnail":["https:\/\/empiezapori.com\/wp-content\/uploads\/2022\/01\/portfolio-instagram-metricubic-150x150.jpg",150,150,true],"medium":["https:\/\/empiezapori.com\/wp-content\/uploads\/2022\/01\/portfolio-instagram-metricubic-300x200.jpg",300,200,true],"medium_large":["https:\/\/empiezapori.com\/wp-content\/uploads\/2022\/01\/portfolio-instagram-metricubic-768x512.jpg",768,512,true],"large":["https:\/\/empiezapori.com\/wp-content\/uploads\/2022\/01\/portfolio-instagram-metricubic-1024x683.jpg",1024,683,true],"1536x1536":["https:\/\/empiezapori.com\/wp-content\/uploads\/2022\/01\/portfolio-instagram-metricubic.jpg",1200,800,false],"2048x2048":["https:\/\/empiezapori.com\/wp-content\/uploads\/2022\/01\/portfolio-instagram-metricubic.jpg",1200,800,false],"vp_sm":["https:\/\/empiezapori.com\/wp-content\/uploads\/2022\/01\/portfolio-instagram-metricubic-500x333.jpg",500,333,true],"vp_md":["https:\/\/empiezapori.com\/wp-content\/uploads\/2022\/01\/portfolio-instagram-metricubic-800x533.jpg",800,533,true],"vp_lg":["https:\/\/empiezapori.com\/wp-content\/uploads\/2022\/01\/portfolio-instagram-metricubic.jpg",1200,800,false],"vp_xl":["https:\/\/empiezapori.com\/wp-content\/uploads\/2022\/01\/portfolio-instagram-metricubic.jpg",1200,800,false],"vp_sm_popup":["https:\/\/empiezapori.com\/wp-content\/uploads\/2022\/01\/portfolio-instagram-metricubic-500x333.jpg",500,333,true],"vp_md_popup":["https:\/\/empiezapori.com\/wp-content\/uploads\/2022\/01\/portfolio-instagram-metricubic-800x533.jpg",800,533,true],"vp_xl_popup":["https:\/\/empiezapori.com\/wp-content\/uploads\/2022\/01\/portfolio-instagram-metricubic.jpg",1200,800,false]},"uagb_author_info":{"display_name":"Administrador EXI","author_link":"https:\/\/empiezapori.com\/ca\/author\/empiezapori\/"},"uagb_comment_info":0,"uagb_excerpt":"Gesti\u00f3 xarxes socials per a Metrecubic Anunciem amb entusiasme el llan\u00e7ament del nostre \u00faltim projecte en l&#8217;\u00e0mbit del disseny i la gesti\u00f3 de xarxes socials per a l&#8217;empresa Metrecubic ! \u00c9s reconeguda pels seus serveis de lloguer de trasters i mudances a Sabadell, i ara estem compromesos a portar la seva pres\u00e8ncia en l\u00ednia al&hellip;","_links":{"self":[{"href":"https:\/\/empiezapori.com\/ca\/wp-json\/wp\/v2\/portfolio\/13415","targetHints":{"allow":["GET"]}}],"collection":[{"href":"https:\/\/empiezapori.com\/ca\/wp-json\/wp\/v2\/portfolio"}],"about":[{"href":"https:\/\/empiezapori.com\/ca\/wp-json\/wp\/v2\/types\/portfolio"}],"author":[{"embeddable":true,"href":"https:\/\/empiezapori.com\/ca\/wp-json\/wp\/v2\/users\/1"}],"replies":[{"embeddable":true,"href":"https:\/\/empiezapori.com\/ca\/wp-json\/wp\/v2\/comments?post=13415"}],"version-history":[{"count":0,"href":"https:\/\/empiezapori.com\/ca\/wp-json\/wp\/v2\/portfolio\/13415\/revisions"}],"wp:featuredmedia":[{"embeddable":true,"href":"https:\/\/empiezapori.com\/ca\/wp-json\/wp\/v2\/media\/27926"}],"wp:attachment":[{"href":"https:\/\/empiezapori.com\/ca\/wp-json\/wp\/v2\/media?parent=13415"}],"wp:term":[{"taxonomy":"portfolio_category","embeddable":true,"href":"https:\/\/empiezapori.com\/ca\/wp-json\/wp\/v2\/portfolio_category?post=13415"},{"taxonomy":"portfolio_tag","embeddable":true,"href":"https:\/\/empiezapori.com\/ca\/wp-json\/wp\/v2\/portfolio_tag?post=13415"}],"curies":[{"name":"wp","href":"https:\/\/api.w.org\/{rel}","templated":true}]}}

Gestió xarxes socials per a Metrecubic

<div class="wp-block-columns is-layout-flex wp-container-core-columns-is-layout-28f84493 wp-block-columns-is-layout-flex">
<div class="wp-block-column is-layout-flow wp-block-column-is-layout-flow" style="flex-basis:33.33%">
<div class="wp-block-uagb-advanced-heading uagb-block-a0359808"><h2 class="uagb-heading-text">Gestió xarxes socials per a Metrecubic</h2><div class="uagb-separator"></div><p class="uagb-desc-text">Anunciem amb entusiasme el llançament del nostre últim projecte en l&#8217;àmbit del <strong>disseny i la gestió de xarxes socials</strong> per a l&#8217;empresa <strong>Metrecubic</strong> ! És reconeguda pels seus serveis de lloguer de trasters i mudances a Sabadell, i ara estem compromesos a portar <strong>la seva presència en línia al següent nivell</strong> .</p></div>



<p>En aquest projecte, ens enfoquem en el manteniment i la gestió de les seves xarxes socials, amb una especial atenció a <strong>Instagram</strong> , <strong>Facebook</strong> i <strong>YouTube</strong> . La nostra tasca inclou la <strong>planificació estratègica i el disseny de publicacions</strong> , assegurant-nos que cada element segueixi una línia gràfica coherent que reflecteixi la identitat única de Metrecubic.</p>



<div class="wp-block-uagb-advanced-heading uagb-block-a2c8b8f5"><h2 class="uagb-heading-text">Gestió de xarxes socials amb Google My Business</h2><div class="uagb-separator"></div><p class="uagb-desc-text">A més, per ampliar encara més la visibilitat de Metrecubic en línia, hem integrat la potent eina <strong>Google My Business</strong> . Aquesta eina no només enforteix la presència a la cerca de Google, sinó que també permet a <strong>l&#8217;audiència accedir fàcilment</strong> a informació clau sobre l&#8217;empresa.</p></div>



<p><a href="https://www.instagram.com/metrecubic_com/">INSTAGRAM</a></p>
</div>



<div class="wp-block-column is-layout-flow wp-block-column-is-layout-flow" style="flex-basis:66.66%"><!-- Galeria_del_portfolio le añado los estilos de la galeria de WordPress -->
<div class="entry-content clear" itemprop="text">
<figure class="wp-block-gallery columns-2 is-cropped">
    <!--<ul id="ul_galeria">-->
	<ul class="blocks-gallery-grid">
                    <li class="blocks-gallery-item">
                <img decoding="async" width="1024" height="683" src="https://empiezapori.com/wp-content/uploads/2022/01/portfolio-instagram-metricubic-1024x683.jpg" class="attachment-large size-large" alt="portfolio instagram metricubic" srcset="https://empiezapori.com/wp-content/uploads/2022/01/portfolio-instagram-metricubic-1024x683.jpg 1024w, https://empiezapori.com/wp-content/uploads/2022/01/portfolio-instagram-metricubic-300x200.jpg 300w, https://empiezapori.com/wp-content/uploads/2022/01/portfolio-instagram-metricubic-768x512.jpg 768w, https://empiezapori.com/wp-content/uploads/2022/01/portfolio-instagram-metricubic-500x333.jpg 500w, https://empiezapori.com/wp-content/uploads/2022/01/portfolio-instagram-metricubic-800x533.jpg 800w, https://empiezapori.com/wp-content/uploads/2022/01/portfolio-instagram-metricubic.jpg 1200w" sizes="(max-width: 1024px) 100vw, 1024px" />            </li>
            </ul>
</figure>
</div>
<!--Cliente-->
<div>
</div>

<!-- Galeria_del_portfolio le añado los estilos de la galeria de WordPress -->
<div class="entry-content clear" itemprop="text">
<figure class="wp-block-gallery columns-2 is-cropped">
    <!--<ul id="ul_galeria">-->
	<ul class="blocks-gallery-grid">
                    <li class="blocks-gallery-item">
                <img decoding="async" width="1024" height="683" src="https://empiezapori.com/wp-content/uploads/2022/01/portfolio-instagram-metricubic-post-1024x683.jpg" class="attachment-large size-large" alt="portfolio instagram metricubic post" srcset="https://empiezapori.com/wp-content/uploads/2022/01/portfolio-instagram-metricubic-post-1024x683.jpg 1024w, https://empiezapori.com/wp-content/uploads/2022/01/portfolio-instagram-metricubic-post-300x200.jpg 300w, https://empiezapori.com/wp-content/uploads/2022/01/portfolio-instagram-metricubic-post-768x512.jpg 768w, https://empiezapori.com/wp-content/uploads/2022/01/portfolio-instagram-metricubic-post-500x333.jpg 500w, https://empiezapori.com/wp-content/uploads/2022/01/portfolio-instagram-metricubic-post-800x533.jpg 800w, https://empiezapori.com/wp-content/uploads/2022/01/portfolio-instagram-metricubic-post.jpg 1200w" sizes="(max-width: 1024px) 100vw, 1024px" />            </li>
            </ul>
</figure>
</div>
<!--Cliente-->
<div>
	Cliente: 
	<ul id="ul_cliente">
		    <li id="li_cliente">
	    	<!--<a href=""></a> -->
			Metre Cubic	    </li>
		</ul>
</div>


<p></p>
</div>
</div>

<p>Gestió xarxes socials per a Metrecubic Anunciem amb entusiasme el llançament del nostre últim projecte en l&#8217;àmbit del disseny i la gestió de xarxes socials per a l&#8217;empresa Metrecubic ! És reconeguda pels seus serveis de lloguer de trasters i mudances a Sabadell, i ara estem compromesos a portar la seva presència en línia al [&hellip;]</p>

Creación de campañas publicitarias

Disseny gràfic

Gestió Xarxes Socials

Gestió xarxes socials per a Metrecubic Anunciem amb entusiasme el llançament del nostre últim projecte en l&#8217;àmbit del disseny i la gestió de xarxes socials per a l&#8217;empresa Metrecubic ! És reconeguda pels seus serveis de lloguer de trasters i mudances a Sabadell, i ara estem compromesos a portar la seva presència en línia al&hellip;
