{"id":26678,"date":"2023-12-05T13:30:59","date_gmt":"2023-12-05T12:30:59","guid":{"rendered":"https:\/\/empiezapori.com\/?post_type=portfolio&#038;p=26678"},"modified":"2024-03-04T13:23:41","modified_gmt":"2024-03-04T12:23:41","slug":"disseny-i-maquetacio-diptic-col%c2%b7legi-de-metges-de-barcelona","status":"publish","type":"portfolio","link":"https:\/\/empiezapori.com\/ca\/portfolio\/disseny-i-maquetacio-diptic-col%c2%b7legi-de-metges-de-barcelona\/","title":{"rendered":"Disseny i Maquetaci\u00f3 D\u00edptic Col\u00b7legi de Metges de Barcelona"},"content":{"rendered":"\n<div class=\"wp-block-uagb-container uagb-block-d71fd99d alignfull uagb-is-root-container\"><div class=\"uagb-container-inner-blocks-wrap\">\n<div class=\"wp-block-uagb-container uagb-block-9f1574e9\">\n<div class=\"wp-block-uagb-advanced-heading uagb-block-a0359808\"><h2 class=\"uagb-heading-text\">Disseny i maquetaci\u00f3 d\u00edptic a InDesign<\/h2><div class=\"uagb-separator\"><\/div><p class=\"uagb-desc-text\">Presentem amb orgull la nostra feina: el <strong>d\u00edptic<\/strong> dissenyat per al <strong>Col\u00b7legi de Metges de Barcelona<\/strong> . Fundada el 1894, aquesta instituci\u00f3 es dedica a defensar els interessos m\u00e8dics i garantir el dret a la protecci\u00f3 de la salut. Aquest d\u00edptic presenta informaci\u00f3 sobre les <strong>confer\u00e8ncies intercol\u00b7legials<\/strong>.<\/p><\/div>\n\n\n\n<p>Utilitzem <strong>InDesign<\/strong> per aconseguir un disseny impecable i una maquetaci\u00f3 precisa. El disseny destaca les confer\u00e8ncies intercol\u00b7legials 2023, garantint <strong>un enfocament clar i atractiu<\/strong> . Pel que fa a l&#8217;organitzaci\u00f3 visual, hem utilitzat colors diferenciats, imatges i fonts llegibles per <strong>facilitar-ne la lectura<\/strong>. <\/p>\n\n\n\n<p>Submergim el nostre disseny en el context espec\u00edfic de les Confer\u00e8ncies Intercol\u00b7legials 2023, assegurant que cada element reflecteixi l&#8217;organitzaci\u00f3 de l&#8217;esdeveniment.<\/p>\n\n\n\n<div class=\"wp-block-uagb-advanced-heading uagb-block-f2cc3927\"><h2 class=\"uagb-heading-text\">Creaci\u00f3n de campa\u00f1as publicitarias<\/h2><div class=\"uagb-separator\"><\/div><p class=\"uagb-desc-text\">Som <strong>una ag\u00e8ncia de publicitat experta en <a href=\"https:\/\/empiezapori.com\/ca\/disseny-grafic\/creacio-de-campanyes-publicitaries\/\" data-type=\"link\" data-id=\"https:\/\/empiezapori.com\/diseno-grafico\/creacion-de-campanas-publicitarias\/\" target=\"_blank\" rel=\"noreferrer noopener\"><mark style=\"background-color:rgba(0, 0, 0, 0)\" class=\"has-inline-color has-ast-global-color-2-color\">creaci\u00f3 de campanyes publicit\u00e0ries<\/mark><\/a><\/strong> . Col\u00b7legi de Metges de Barcelona ens explica quin objectiu t\u00e9 pensat per fer un d\u00edptic de confer\u00e8ncies intercol\u00b7legies. Junts ens preocupem a cercar un bon concepte per fer <strong>la campanya amb \u00e8xit<\/strong>. En tenir el concepte, fem diverses propostes diferents de com es pot expressar aquesta idea. Un cop amb el concepte i disseny correcte, fem totes les aplicacions desitjades per <strong>completar una comunicaci\u00f3 visual ideal amb el teu target<\/strong> .<\/p><\/div>\n<\/div>\n\n\n\n<div class=\"wp-block-uagb-container uagb-block-b61d132b\"><!-- Galeria_del_portfolio le a\u00f1ado los estilos de la galeria de WordPress -->\r\n<div class=\"entry-content clear\" itemprop=\"text\">\r\n<figure class=\"wp-block-gallery columns-2 is-cropped\">\r\n    <!--<ul id=\"ul_galeria\">-->\r\n\t<ul class=\"blocks-gallery-grid\">\r\n                    <li class=\"blocks-gallery-item\">\r\n                <img decoding=\"async\" width=\"1024\" height=\"683\" src=\"https:\/\/empiezapori.com\/wp-content\/uploads\/2023\/12\/portfolio-diptico-conferencies-intercol-legial-lr1-1-1024x683.jpg\" class=\"attachment-large size-large\" alt=\"diptico conferencias intercolegiales\" srcset=\"https:\/\/empiezapori.com\/wp-content\/uploads\/2023\/12\/portfolio-diptico-conferencies-intercol-legial-lr1-1-1024x683.jpg 1024w, https:\/\/empiezapori.com\/wp-content\/uploads\/2023\/12\/portfolio-diptico-conferencies-intercol-legial-lr1-1-300x200.jpg 300w, https:\/\/empiezapori.com\/wp-content\/uploads\/2023\/12\/portfolio-diptico-conferencies-intercol-legial-lr1-1-768x512.jpg 768w, https:\/\/empiezapori.com\/wp-content\/uploads\/2023\/12\/portfolio-diptico-conferencies-intercol-legial-lr1-1-500x333.jpg 500w, https:\/\/empiezapori.com\/wp-content\/uploads\/2023\/12\/portfolio-diptico-conferencies-intercol-legial-lr1-1-800x533.jpg 800w, https:\/\/empiezapori.com\/wp-content\/uploads\/2023\/12\/portfolio-diptico-conferencies-intercol-legial-lr1-1.jpg 1200w\" sizes=\"(max-width: 1024px) 100vw, 1024px\" \/>            <\/li>\r\n            <\/ul>\r\n<\/figure>\r\n<\/div>\r\n<!--Cliente-->\r\n<div>\r\n\tCliente: \r\n\t<ul id=\"ul_cliente\">\r\n\t\t    <li id=\"li_cliente\">\r\n\t    \t<!--<a href=\"\"><\/a> -->\r\n\t\t\tCol\u00b7legi de Metges de Barcelona\t    <\/li>\r\n\t\t<\/ul>\r\n<\/div>\n\n\n<p><\/p>\n<\/div>\n<\/div><\/div>\n","protected":false},"excerpt":{"rendered":"<p>Disseny i maquetaci\u00f3 d\u00edptic a InDesign Presentem amb orgull la nostra feina: el d\u00edptic dissenyat per al Col\u00b7legi de Metges de Barcelona . Fundada el 1894, aquesta instituci\u00f3 es dedica a defensar els interessos m\u00e8dics i garantir el dret a la protecci\u00f3 de la salut. Aquest d\u00edptic presenta informaci\u00f3 sobre les confer\u00e8ncies intercol\u00b7legials. Utilitzem InDesign [&hellip;]<\/p>\n","protected":false},"author":1,"featured_media":26713,"menu_order":0,"comment_status":"closed","ping_status":"closed","template":"","format":"standard","meta":{"_acf_changed":false,"_seopress_robots_primary_cat":"","_seopress_titles_title":"","_seopress_titles_desc":"El d\u00edptic de les Confer\u00e8ncies Intercol\u00b7legials 2023 per al Col\u00b7legi de Metges de Barcelona. Dissenyem aquest d\u00edptic utilitzant Adobe InDesign per aconseguir un disseny espec\u00edfic i atractiu, assegurant un enfocament clar a les confer\u00e8ncies intercol\u00b7legials 2023.","_seopress_robots_index":"","inline_featured_image":false,"_uag_custom_page_level_css":"","_kad_blocks_custom_css":"","_kad_blocks_head_custom_js":"","_kad_blocks_body_custom_js":"","_kad_blocks_footer_custom_js":"","site-sidebar-layout":"default","site-content-layout":"","ast-site-content-layout":"default","site-content-style":"default","site-sidebar-style":"default","ast-global-header-display":"","ast-banner-title-visibility":"","ast-main-header-display":"","ast-hfb-above-header-display":"","ast-hfb-below-header-display":"","ast-hfb-mobile-header-display":"","site-post-title":"","ast-breadcrumbs-content":"","ast-featured-img":"","footer-sml-layout":"","ast-disable-related-posts":"","theme-transparent-header-meta":"","adv-header-id-meta":"","stick-header-meta":"","header-above-stick-meta":"","header-main-stick-meta":"","header-below-stick-meta":"","astra-migrate-meta-layouts":"set","ast-page-background-enabled":"default","ast-page-background-meta":{"desktop":{"background-color":"","background-image":"","background-repeat":"repeat","background-position":"center center","background-size":"auto","background-attachment":"scroll","background-type":"","background-media":"","overlay-type":"","overlay-color":"","overlay-opacity":"","overlay-gradient":""},"tablet":{"background-color":"","background-image":"","background-repeat":"repeat","background-position":"center center","background-size":"auto","background-attachment":"scroll","background-type":"","background-media":"","overlay-type":"","overlay-color":"","overlay-opacity":"","overlay-gradient":""},"mobile":{"background-color":"","background-image":"","background-repeat":"repeat","background-position":"center center","background-size":"auto","background-attachment":"scroll","background-type":"","background-media":"","overlay-type":"","overlay-color":"","overlay-opacity":"","overlay-gradient":""}},"ast-content-background-meta":{"desktop":{"background-color":"var(--ast-global-color-5)","background-image":"","background-repeat":"repeat","background-position":"center center","background-size":"auto","background-attachment":"scroll","background-type":"","background-media":"","overlay-type":"","overlay-color":"","overlay-opacity":"","overlay-gradient":""},"tablet":{"background-color":"var(--ast-global-color-5)","background-image":"","background-repeat":"repeat","background-position":"center center","background-size":"auto","background-attachment":"scroll","background-type":"","background-media":"","overlay-type":"","overlay-color":"","overlay-opacity":"","overlay-gradient":""},"mobile":{"background-color":"var(--ast-global-color-5)","background-image":"","background-repeat":"repeat","background-position":"center center","background-size":"auto","background-attachment":"scroll","background-type":"","background-media":"","overlay-type":"","overlay-color":"","overlay-opacity":"","overlay-gradient":""}},"_vp_format_video_url":"","_vp_image_focal_point":[],"footnotes":""},"portfolio_category":[756,702],"portfolio_tag":[708],"class_list":["post-26678","portfolio","type-portfolio","status-publish","format-standard","has-post-thumbnail","hentry","portfolio_category-creacion-de-campanas-publicitarias-ca","portfolio_category-disseny-grafic","portfolio_tag-barcelona-ca"],"acf":[],"taxonomy_info":{"portfolio_category":[{"value":756,"label":"Creaci\u00f3n de campa\u00f1as publicitarias"},{"value":702,"label":"Disseny gr\u00e0fic"}],"portfolio_tag":[{"value":708,"label":"Barcelona"}]},"featured_image_src_large":["https:\/\/empiezapori.com\/wp-content\/uploads\/2023\/12\/portfolio-diptico-conferencies-intercol-legial-lr1-1-1024x683.jpg",1024,683,true],"author_info":{"display_name":"Administrador EXI","author_link":"https:\/\/empiezapori.com\/ca\/author\/empiezapori\/"},"comment_info":0,"uagb_featured_image_src":{"full":["https:\/\/empiezapori.com\/wp-content\/uploads\/2023\/12\/portfolio-diptico-conferencies-intercol-legial-lr1-1.jpg",1200,800,false],"thumbnail":["https:\/\/empiezapori.com\/wp-content\/uploads\/2023\/12\/portfolio-diptico-conferencies-intercol-legial-lr1-1-150x150.jpg",150,150,true],"medium":["https:\/\/empiezapori.com\/wp-content\/uploads\/2023\/12\/portfolio-diptico-conferencies-intercol-legial-lr1-1-300x200.jpg",300,200,true],"medium_large":["https:\/\/empiezapori.com\/wp-content\/uploads\/2023\/12\/portfolio-diptico-conferencies-intercol-legial-lr1-1-768x512.jpg",768,512,true],"large":["https:\/\/empiezapori.com\/wp-content\/uploads\/2023\/12\/portfolio-diptico-conferencies-intercol-legial-lr1-1-1024x683.jpg",1024,683,true],"1536x1536":["https:\/\/empiezapori.com\/wp-content\/uploads\/2023\/12\/portfolio-diptico-conferencies-intercol-legial-lr1-1.jpg",1200,800,false],"2048x2048":["https:\/\/empiezapori.com\/wp-content\/uploads\/2023\/12\/portfolio-diptico-conferencies-intercol-legial-lr1-1.jpg",1200,800,false],"vp_sm":["https:\/\/empiezapori.com\/wp-content\/uploads\/2023\/12\/portfolio-diptico-conferencies-intercol-legial-lr1-1-500x333.jpg",500,333,true],"vp_md":["https:\/\/empiezapori.com\/wp-content\/uploads\/2023\/12\/portfolio-diptico-conferencies-intercol-legial-lr1-1-800x533.jpg",800,533,true],"vp_lg":["https:\/\/empiezapori.com\/wp-content\/uploads\/2023\/12\/portfolio-diptico-conferencies-intercol-legial-lr1-1.jpg",1200,800,false],"vp_xl":["https:\/\/empiezapori.com\/wp-content\/uploads\/2023\/12\/portfolio-diptico-conferencies-intercol-legial-lr1-1.jpg",1200,800,false],"vp_sm_popup":["https:\/\/empiezapori.com\/wp-content\/uploads\/2023\/12\/portfolio-diptico-conferencies-intercol-legial-lr1-1-500x333.jpg",500,333,true],"vp_md_popup":["https:\/\/empiezapori.com\/wp-content\/uploads\/2023\/12\/portfolio-diptico-conferencies-intercol-legial-lr1-1-800x533.jpg",800,533,true],"vp_xl_popup":["https:\/\/empiezapori.com\/wp-content\/uploads\/2023\/12\/portfolio-diptico-conferencies-intercol-legial-lr1-1.jpg",1200,800,false]},"uagb_author_info":{"display_name":"Administrador EXI","author_link":"https:\/\/empiezapori.com\/ca\/author\/empiezapori\/"},"uagb_comment_info":0,"uagb_excerpt":"Disseny i maquetaci\u00f3 d\u00edptic a InDesign Presentem amb orgull la nostra feina: el d\u00edptic dissenyat per al Col\u00b7legi de Metges de Barcelona . Fundada el 1894, aquesta instituci\u00f3 es dedica a defensar els interessos m\u00e8dics i garantir el dret a la protecci\u00f3 de la salut. Aquest d\u00edptic presenta informaci\u00f3 sobre les confer\u00e8ncies intercol\u00b7legials. Utilitzem InDesign&hellip;","_links":{"self":[{"href":"https:\/\/empiezapori.com\/ca\/wp-json\/wp\/v2\/portfolio\/26678","targetHints":{"allow":["GET"]}}],"collection":[{"href":"https:\/\/empiezapori.com\/ca\/wp-json\/wp\/v2\/portfolio"}],"about":[{"href":"https:\/\/empiezapori.com\/ca\/wp-json\/wp\/v2\/types\/portfolio"}],"author":[{"embeddable":true,"href":"https:\/\/empiezapori.com\/ca\/wp-json\/wp\/v2\/users\/1"}],"replies":[{"embeddable":true,"href":"https:\/\/empiezapori.com\/ca\/wp-json\/wp\/v2\/comments?post=26678"}],"version-history":[{"count":0,"href":"https:\/\/empiezapori.com\/ca\/wp-json\/wp\/v2\/portfolio\/26678\/revisions"}],"wp:featuredmedia":[{"embeddable":true,"href":"https:\/\/empiezapori.com\/ca\/wp-json\/wp\/v2\/media\/26713"}],"wp:attachment":[{"href":"https:\/\/empiezapori.com\/ca\/wp-json\/wp\/v2\/media?parent=26678"}],"wp:term":[{"taxonomy":"portfolio_category","embeddable":true,"href":"https:\/\/empiezapori.com\/ca\/wp-json\/wp\/v2\/portfolio_category?post=26678"},{"taxonomy":"portfolio_tag","embeddable":true,"href":"https:\/\/empiezapori.com\/ca\/wp-json\/wp\/v2\/portfolio_tag?post=26678"}],"curies":[{"name":"wp","href":"https:\/\/api.w.org\/{rel}","templated":true}]}}

Disseny i Maquetació Díptic Col·legi de Metges de Barcelona

<div class="wp-block-uagb-container uagb-block-d71fd99d alignfull uagb-is-root-container"><div class="uagb-container-inner-blocks-wrap">
<div class="wp-block-uagb-container uagb-block-9f1574e9">
<div class="wp-block-uagb-advanced-heading uagb-block-a0359808"><h2 class="uagb-heading-text">Disseny i maquetació díptic a InDesign</h2><div class="uagb-separator"></div><p class="uagb-desc-text">Presentem amb orgull la nostra feina: el <strong>díptic</strong> dissenyat per al <strong>Col·legi de Metges de Barcelona</strong> . Fundada el 1894, aquesta institució es dedica a defensar els interessos mèdics i garantir el dret a la protecció de la salut. Aquest díptic presenta informació sobre les <strong>conferències intercol·legials</strong>.</p></div>



<p>Utilitzem <strong>InDesign</strong> per aconseguir un disseny impecable i una maquetació precisa. El disseny destaca les conferències intercol·legials 2023, garantint <strong>un enfocament clar i atractiu</strong> . Pel que fa a l&#8217;organització visual, hem utilitzat colors diferenciats, imatges i fonts llegibles per <strong>facilitar-ne la lectura</strong>. </p>



<p>Submergim el nostre disseny en el context específic de les Conferències Intercol·legials 2023, assegurant que cada element reflecteixi l&#8217;organització de l&#8217;esdeveniment.</p>



<div class="wp-block-uagb-advanced-heading uagb-block-f2cc3927"><h2 class="uagb-heading-text">Creación de campañas publicitarias</h2><div class="uagb-separator"></div><p class="uagb-desc-text">Som <strong>una agència de publicitat experta en <a href="https://empiezapori.com/ca/disseny-grafic/creacio-de-campanyes-publicitaries/" data-type="link" data-id="https://empiezapori.com/diseno-grafico/creacion-de-campanas-publicitarias/" target="_blank" rel="noreferrer noopener"><mark style="background-color:rgba(0, 0, 0, 0)" class="has-inline-color has-ast-global-color-2-color">creació de campanyes publicitàries</mark></a></strong> . Col·legi de Metges de Barcelona ens explica quin objectiu té pensat per fer un díptic de conferències intercol·legies. Junts ens preocupem a cercar un bon concepte per fer <strong>la campanya amb èxit</strong>. En tenir el concepte, fem diverses propostes diferents de com es pot expressar aquesta idea. Un cop amb el concepte i disseny correcte, fem totes les aplicacions desitjades per <strong>completar una comunicació visual ideal amb el teu target</strong> .</p></div>
</div>



<div class="wp-block-uagb-container uagb-block-b61d132b"><!-- Galeria_del_portfolio le añado los estilos de la galeria de WordPress -->
<div class="entry-content clear" itemprop="text">
<figure class="wp-block-gallery columns-2 is-cropped">
    <!--<ul id="ul_galeria">-->
	<ul class="blocks-gallery-grid">
                    <li class="blocks-gallery-item">
                <img decoding="async" width="1024" height="683" src="https://empiezapori.com/wp-content/uploads/2023/12/portfolio-diptico-conferencies-intercol-legial-lr1-1-1024x683.jpg" class="attachment-large size-large" alt="diptico conferencias intercolegiales" srcset="https://empiezapori.com/wp-content/uploads/2023/12/portfolio-diptico-conferencies-intercol-legial-lr1-1-1024x683.jpg 1024w, https://empiezapori.com/wp-content/uploads/2023/12/portfolio-diptico-conferencies-intercol-legial-lr1-1-300x200.jpg 300w, https://empiezapori.com/wp-content/uploads/2023/12/portfolio-diptico-conferencies-intercol-legial-lr1-1-768x512.jpg 768w, https://empiezapori.com/wp-content/uploads/2023/12/portfolio-diptico-conferencies-intercol-legial-lr1-1-500x333.jpg 500w, https://empiezapori.com/wp-content/uploads/2023/12/portfolio-diptico-conferencies-intercol-legial-lr1-1-800x533.jpg 800w, https://empiezapori.com/wp-content/uploads/2023/12/portfolio-diptico-conferencies-intercol-legial-lr1-1.jpg 1200w" sizes="(max-width: 1024px) 100vw, 1024px" />            </li>
            </ul>
</figure>
</div>
<!--Cliente-->
<div>
	Cliente: 
	<ul id="ul_cliente">
		    <li id="li_cliente">
	    	<!--<a href=""></a> -->
			Col·legi de Metges de Barcelona	    </li>
		</ul>
</div>


<p></p>
</div>
</div></div>

<p>Disseny i maquetació díptic a InDesign Presentem amb orgull la nostra feina: el díptic dissenyat per al Col·legi de Metges de Barcelona . Fundada el 1894, aquesta institució es dedica a defensar els interessos mèdics i garantir el dret a la protecció de la salut. Aquest díptic presenta informació sobre les conferències intercol·legials. Utilitzem InDesign [&hellip;]</p>

El díptic de les Conferències Intercol·legials 2023 per al Col·legi de Metges de Barcelona. Dissenyem aquest díptic utilitzant Adobe InDesign per aconseguir un disseny específic i atractiu, assegurant un enfocament clar a les conferències intercol·legials 2023.

Creación de campañas publicitarias

Disseny gràfic

Disseny i maquetació díptic a InDesign Presentem amb orgull la nostra feina: el díptic dissenyat per al Col·legi de Metges de Barcelona . Fundada el 1894, aquesta institució es dedica a defensar els interessos mèdics i garantir el dret a la protecció de la salut. Aquest díptic presenta informació sobre les conferències intercol·legials. Utilitzem InDesign&hellip;
