{"id":26849,"date":"2023-03-03T13:24:36","date_gmt":"2023-03-03T12:24:36","guid":{"rendered":"https:\/\/empiezapori.com\/?post_type=portfolio&#038;p=26849"},"modified":"2024-03-04T13:08:55","modified_gmt":"2024-03-04T12:08:55","slug":"disseny-guia-fundacio-pluralisme-i-convivencia","status":"publish","type":"portfolio","link":"https:\/\/empiezapori.com\/ca\/portfolio\/disseny-guia-fundacio-pluralisme-i-convivencia\/","title":{"rendered":"Disseny Guia Fundaci\u00f3 Pluralisme i Conviv\u00e8ncia"},"content":{"rendered":"\n<div class=\"wp-block-uagb-container uagb-block-d71fd99d alignfull uagb-is-root-container\"><div class=\"uagb-container-inner-blocks-wrap\">\n<div class=\"wp-block-uagb-container uagb-block-9f1574e9\">\n<div class=\"wp-block-uagb-advanced-heading uagb-block-a0359808\"><h2 class=\"uagb-heading-text\">Disseny cat\u00e0legs a InDesign<\/h2><div class=\"uagb-separator\"><\/div><p class=\"uagb-desc-text\">Ens complau presentar la nostra acabada de crear <strong>guia<\/strong> de bones pr\u00e0ctiques sobre gesti\u00f3 de la diversitat religiosa a l&#8217;empresa<strong> <\/strong>per a <strong>la Fundaci\u00f3 Pluralisme i Conviv\u00e8ncia<\/strong> , una entitat del Sector P\u00fablic Estatal adscrita al Ministeri de la Presid\u00e8ncia, Just\u00edcia i Relacions amb les Corts. La fundaci\u00f3 desplega les seves accions a l&#8217;\u00e0mbit p\u00fablic estatal. La seva missi\u00f3 \u00e9s promoure la conviv\u00e8ncia i el pluralisme, i els seus objectius estrat\u00e8gics busquen enfortir la cohesi\u00f3 social a trav\u00e9s del reconeixement i el respecte a la diversitat.<\/p><\/div>\n\n\n\n<p>Hem dissenyat aquesta guia de bones pr\u00e0ctiques en diversitat religiosa amb meticulositat a <strong>InDesign<\/strong> . Apliquem un disseny <strong>clar i efectiu<\/strong> , utilitzant il\u00b7lustracions gr\u00e0fiques i tabulacions que s&#8217;alineen amb la tem\u00e0tica i els objectius estrat\u00e8gics de la fundaci\u00f3. Les p\u00e0gines de la guia s\u00f3n <strong>un reflex visual dels valors i metes<\/strong> de la Fundaci\u00f3 Pluralisme i Conviv\u00e8ncia, oferint una eina <strong>clara i accessible<\/strong> per promoure la comprensi\u00f3 i el respecte en la diversitat religiosa.<\/p>\n\n\n\n<div class=\"wp-block-uagb-advanced-heading uagb-block-6bcb745e\"><h2 class=\"uagb-heading-text\">Maquetaci\u00f3 cat\u00e0legs<\/h2><div class=\"uagb-separator\"><\/div><p class=\"uagb-desc-text\">Com el proc\u00e9s de la <strong><a href=\"https:\/\/empiezapori.com\/ca\/disseny-grafic\/disseny-editorial-i-catalegs\/maquetacio-de-catalegs-revistes-i-llibres\/\" target=\"_blank\" rel=\"noreferrer noopener\">maquetaci\u00f3 de cat\u00e0legs, revistes i llibres<\/a><\/strong> . Realitzem la maquetaci\u00f3 d&#8217;una guia, implica la planificaci\u00f3 i organitzaci\u00f3 del contingut, l&#8217;elecci\u00f3 de <strong>un estil visual<\/strong> i eines de disseny, la disposici\u00f3 d&#8217;elements com a imatges i text amb coher\u00e8ncia, l&#8217;aplicaci\u00f3 de proves i revisions, i<strong> l&#8217;exportaci\u00f3 en formats adequats per a la distribuci\u00f3, sigui impresa o digital.<\/strong><\/p><\/div>\n<\/div>\n\n\n\n<div class=\"wp-block-uagb-container uagb-block-b61d132b\"><!-- Galeria_del_portfolio le a\u00f1ado los estilos de la galeria de WordPress -->\r\n<div class=\"entry-content clear\" itemprop=\"text\">\r\n<figure class=\"wp-block-gallery columns-2 is-cropped\">\r\n    <!--<ul id=\"ul_galeria\">-->\r\n\t<ul class=\"blocks-gallery-grid\">\r\n                    <li class=\"blocks-gallery-item\">\r\n                <img decoding=\"async\" width=\"1024\" height=\"683\" src=\"https:\/\/empiezapori.com\/wp-content\/uploads\/2023\/12\/portfolio-fundacion-pluralismo-y-convivencia-1024x683.jpg\" class=\"attachment-large size-large\" alt=\"guia fundacion pluralismo convivencia\" srcset=\"https:\/\/empiezapori.com\/wp-content\/uploads\/2023\/12\/portfolio-fundacion-pluralismo-y-convivencia-1024x683.jpg 1024w, https:\/\/empiezapori.com\/wp-content\/uploads\/2023\/12\/portfolio-fundacion-pluralismo-y-convivencia-300x200.jpg 300w, https:\/\/empiezapori.com\/wp-content\/uploads\/2023\/12\/portfolio-fundacion-pluralismo-y-convivencia-768x512.jpg 768w, https:\/\/empiezapori.com\/wp-content\/uploads\/2023\/12\/portfolio-fundacion-pluralismo-y-convivencia-500x333.jpg 500w, https:\/\/empiezapori.com\/wp-content\/uploads\/2023\/12\/portfolio-fundacion-pluralismo-y-convivencia-800x533.jpg 800w, https:\/\/empiezapori.com\/wp-content\/uploads\/2023\/12\/portfolio-fundacion-pluralismo-y-convivencia.jpg 1200w\" sizes=\"(max-width: 1024px) 100vw, 1024px\" \/>            <\/li>\r\n            <\/ul>\r\n<\/figure>\r\n<\/div>\r\n<!--Cliente-->\r\n<div>\r\n\tCliente: \r\n\t<ul id=\"ul_cliente\">\r\n\t\t    <li id=\"li_cliente\">\r\n\t    \t<!--<a href=\"\"><\/a> -->\r\n\t\t\tFundaci\u00f3n Pluralismo y Convivencia\t    <\/li>\r\n\t\t<\/ul>\r\n<\/div><\/div>\n<\/div><\/div>\n","protected":false},"excerpt":{"rendered":"<p>Disseny cat\u00e0legs a InDesign Ens complau presentar la nostra acabada de crear guia de bones pr\u00e0ctiques sobre gesti\u00f3 de la diversitat religiosa a l&#8217;empresa per a la Fundaci\u00f3 Pluralisme i Conviv\u00e8ncia , una entitat del Sector P\u00fablic Estatal adscrita al Ministeri de la Presid\u00e8ncia, Just\u00edcia i Relacions amb les Corts. La fundaci\u00f3 desplega les seves [&hellip;]<\/p>\n","protected":false},"author":1,"featured_media":26854,"menu_order":0,"comment_status":"closed","ping_status":"closed","template":"","format":"standard","meta":{"_acf_changed":false,"_seopress_robots_primary_cat":"","_seopress_titles_title":"","_seopress_titles_desc":"La guia per a Fundaci\u00f3 Pluralisme i Conviv\u00e8ncia ha estat dissenyat un reflex visual de llosa valors i metes de la Fundaci\u00f3 Pluralisme i Conviv\u00e8ncia.","_seopress_robots_index":"","inline_featured_image":false,"_uag_custom_page_level_css":"","_kad_blocks_custom_css":"","_kad_blocks_head_custom_js":"","_kad_blocks_body_custom_js":"","_kad_blocks_footer_custom_js":"","site-sidebar-layout":"default","site-content-layout":"","ast-site-content-layout":"default","site-content-style":"default","site-sidebar-style":"default","ast-global-header-display":"","ast-banner-title-visibility":"","ast-main-header-display":"","ast-hfb-above-header-display":"","ast-hfb-below-header-display":"","ast-hfb-mobile-header-display":"","site-post-title":"","ast-breadcrumbs-content":"","ast-featured-img":"","footer-sml-layout":"","ast-disable-related-posts":"","theme-transparent-header-meta":"","adv-header-id-meta":"","stick-header-meta":"","header-above-stick-meta":"","header-main-stick-meta":"","header-below-stick-meta":"","astra-migrate-meta-layouts":"set","ast-page-background-enabled":"default","ast-page-background-meta":{"desktop":{"background-color":"","background-image":"","background-repeat":"repeat","background-position":"center center","background-size":"auto","background-attachment":"scroll","background-type":"","background-media":"","overlay-type":"","overlay-color":"","overlay-opacity":"","overlay-gradient":""},"tablet":{"background-color":"","background-image":"","background-repeat":"repeat","background-position":"center center","background-size":"auto","background-attachment":"scroll","background-type":"","background-media":"","overlay-type":"","overlay-color":"","overlay-opacity":"","overlay-gradient":""},"mobile":{"background-color":"","background-image":"","background-repeat":"repeat","background-position":"center center","background-size":"auto","background-attachment":"scroll","background-type":"","background-media":"","overlay-type":"","overlay-color":"","overlay-opacity":"","overlay-gradient":""}},"ast-content-background-meta":{"desktop":{"background-color":"var(--ast-global-color-5)","background-image":"","background-repeat":"repeat","background-position":"center center","background-size":"auto","background-attachment":"scroll","background-type":"","background-media":"","overlay-type":"","overlay-color":"","overlay-opacity":"","overlay-gradient":""},"tablet":{"background-color":"var(--ast-global-color-5)","background-image":"","background-repeat":"repeat","background-position":"center center","background-size":"auto","background-attachment":"scroll","background-type":"","background-media":"","overlay-type":"","overlay-color":"","overlay-opacity":"","overlay-gradient":""},"mobile":{"background-color":"var(--ast-global-color-5)","background-image":"","background-repeat":"repeat","background-position":"center center","background-size":"auto","background-attachment":"scroll","background-type":"","background-media":"","overlay-type":"","overlay-color":"","overlay-opacity":"","overlay-gradient":""}},"_vp_format_video_url":"","_vp_image_focal_point":[],"footnotes":""},"portfolio_category":[703,702],"portfolio_tag":[708],"class_list":["post-26849","portfolio","type-portfolio","status-publish","format-standard","has-post-thumbnail","hentry","portfolio_category-disseny-editorial-i-catalegs","portfolio_category-disseny-grafic","portfolio_tag-barcelona-ca"],"acf":[],"taxonomy_info":{"portfolio_category":[{"value":703,"label":"Disseny editorial i cat\u00e0legs"},{"value":702,"label":"Disseny gr\u00e0fic"}],"portfolio_tag":[{"value":708,"label":"Barcelona"}]},"featured_image_src_large":["https:\/\/empiezapori.com\/wp-content\/uploads\/2023\/12\/portfolio-fundacion-pluralismo-y-convivencia-1024x683.jpg",1024,683,true],"author_info":{"display_name":"Administrador EXI","author_link":"https:\/\/empiezapori.com\/ca\/author\/empiezapori\/"},"comment_info":0,"uagb_featured_image_src":{"full":["https:\/\/empiezapori.com\/wp-content\/uploads\/2023\/12\/portfolio-fundacion-pluralismo-y-convivencia.jpg",1200,800,false],"thumbnail":["https:\/\/empiezapori.com\/wp-content\/uploads\/2023\/12\/portfolio-fundacion-pluralismo-y-convivencia-150x150.jpg",150,150,true],"medium":["https:\/\/empiezapori.com\/wp-content\/uploads\/2023\/12\/portfolio-fundacion-pluralismo-y-convivencia-300x200.jpg",300,200,true],"medium_large":["https:\/\/empiezapori.com\/wp-content\/uploads\/2023\/12\/portfolio-fundacion-pluralismo-y-convivencia-768x512.jpg",768,512,true],"large":["https:\/\/empiezapori.com\/wp-content\/uploads\/2023\/12\/portfolio-fundacion-pluralismo-y-convivencia-1024x683.jpg",1024,683,true],"1536x1536":["https:\/\/empiezapori.com\/wp-content\/uploads\/2023\/12\/portfolio-fundacion-pluralismo-y-convivencia.jpg",1200,800,false],"2048x2048":["https:\/\/empiezapori.com\/wp-content\/uploads\/2023\/12\/portfolio-fundacion-pluralismo-y-convivencia.jpg",1200,800,false],"vp_sm":["https:\/\/empiezapori.com\/wp-content\/uploads\/2023\/12\/portfolio-fundacion-pluralismo-y-convivencia-500x333.jpg",500,333,true],"vp_md":["https:\/\/empiezapori.com\/wp-content\/uploads\/2023\/12\/portfolio-fundacion-pluralismo-y-convivencia-800x533.jpg",800,533,true],"vp_lg":["https:\/\/empiezapori.com\/wp-content\/uploads\/2023\/12\/portfolio-fundacion-pluralismo-y-convivencia.jpg",1200,800,false],"vp_xl":["https:\/\/empiezapori.com\/wp-content\/uploads\/2023\/12\/portfolio-fundacion-pluralismo-y-convivencia.jpg",1200,800,false],"vp_sm_popup":["https:\/\/empiezapori.com\/wp-content\/uploads\/2023\/12\/portfolio-fundacion-pluralismo-y-convivencia-500x333.jpg",500,333,true],"vp_md_popup":["https:\/\/empiezapori.com\/wp-content\/uploads\/2023\/12\/portfolio-fundacion-pluralismo-y-convivencia-800x533.jpg",800,533,true],"vp_xl_popup":["https:\/\/empiezapori.com\/wp-content\/uploads\/2023\/12\/portfolio-fundacion-pluralismo-y-convivencia.jpg",1200,800,false]},"uagb_author_info":{"display_name":"Administrador EXI","author_link":"https:\/\/empiezapori.com\/ca\/author\/empiezapori\/"},"uagb_comment_info":0,"uagb_excerpt":"Disseny cat\u00e0legs a InDesign Ens complau presentar la nostra acabada de crear guia de bones pr\u00e0ctiques sobre gesti\u00f3 de la diversitat religiosa a l&#8217;empresa per a la Fundaci\u00f3 Pluralisme i Conviv\u00e8ncia , una entitat del Sector P\u00fablic Estatal adscrita al Ministeri de la Presid\u00e8ncia, Just\u00edcia i Relacions amb les Corts. La fundaci\u00f3 desplega les seves&hellip;","_links":{"self":[{"href":"https:\/\/empiezapori.com\/ca\/wp-json\/wp\/v2\/portfolio\/26849","targetHints":{"allow":["GET"]}}],"collection":[{"href":"https:\/\/empiezapori.com\/ca\/wp-json\/wp\/v2\/portfolio"}],"about":[{"href":"https:\/\/empiezapori.com\/ca\/wp-json\/wp\/v2\/types\/portfolio"}],"author":[{"embeddable":true,"href":"https:\/\/empiezapori.com\/ca\/wp-json\/wp\/v2\/users\/1"}],"replies":[{"embeddable":true,"href":"https:\/\/empiezapori.com\/ca\/wp-json\/wp\/v2\/comments?post=26849"}],"version-history":[{"count":0,"href":"https:\/\/empiezapori.com\/ca\/wp-json\/wp\/v2\/portfolio\/26849\/revisions"}],"wp:featuredmedia":[{"embeddable":true,"href":"https:\/\/empiezapori.com\/ca\/wp-json\/wp\/v2\/media\/26854"}],"wp:attachment":[{"href":"https:\/\/empiezapori.com\/ca\/wp-json\/wp\/v2\/media?parent=26849"}],"wp:term":[{"taxonomy":"portfolio_category","embeddable":true,"href":"https:\/\/empiezapori.com\/ca\/wp-json\/wp\/v2\/portfolio_category?post=26849"},{"taxonomy":"portfolio_tag","embeddable":true,"href":"https:\/\/empiezapori.com\/ca\/wp-json\/wp\/v2\/portfolio_tag?post=26849"}],"curies":[{"name":"wp","href":"https:\/\/api.w.org\/{rel}","templated":true}]}}

Disseny Guia Fundació Pluralisme i Convivència

<div class="wp-block-uagb-container uagb-block-d71fd99d alignfull uagb-is-root-container"><div class="uagb-container-inner-blocks-wrap">
<div class="wp-block-uagb-container uagb-block-9f1574e9">
<div class="wp-block-uagb-advanced-heading uagb-block-a0359808"><h2 class="uagb-heading-text">Disseny catàlegs a InDesign</h2><div class="uagb-separator"></div><p class="uagb-desc-text">Ens complau presentar la nostra acabada de crear <strong>guia</strong> de bones pràctiques sobre gestió de la diversitat religiosa a l&#8217;empresa<strong> </strong>per a <strong>la Fundació Pluralisme i Convivència</strong> , una entitat del Sector Públic Estatal adscrita al Ministeri de la Presidència, Justícia i Relacions amb les Corts. La fundació desplega les seves accions a l&#8217;àmbit públic estatal. La seva missió és promoure la convivència i el pluralisme, i els seus objectius estratègics busquen enfortir la cohesió social a través del reconeixement i el respecte a la diversitat.</p></div>



<p>Hem dissenyat aquesta guia de bones pràctiques en diversitat religiosa amb meticulositat a <strong>InDesign</strong> . Apliquem un disseny <strong>clar i efectiu</strong> , utilitzant il·lustracions gràfiques i tabulacions que s&#8217;alineen amb la temàtica i els objectius estratègics de la fundació. Les pàgines de la guia són <strong>un reflex visual dels valors i metes</strong> de la Fundació Pluralisme i Convivència, oferint una eina <strong>clara i accessible</strong> per promoure la comprensió i el respecte en la diversitat religiosa.</p>



<div class="wp-block-uagb-advanced-heading uagb-block-6bcb745e"><h2 class="uagb-heading-text">Maquetació catàlegs</h2><div class="uagb-separator"></div><p class="uagb-desc-text">Com el procés de la <strong><a href="https://empiezapori.com/ca/disseny-grafic/disseny-editorial-i-catalegs/maquetacio-de-catalegs-revistes-i-llibres/" target="_blank" rel="noreferrer noopener">maquetació de catàlegs, revistes i llibres</a></strong> . Realitzem la maquetació d&#8217;una guia, implica la planificació i organització del contingut, l&#8217;elecció de <strong>un estil visual</strong> i eines de disseny, la disposició d&#8217;elements com a imatges i text amb coherència, l&#8217;aplicació de proves i revisions, i<strong> l&#8217;exportació en formats adequats per a la distribució, sigui impresa o digital.</strong></p></div>
</div>



<div class="wp-block-uagb-container uagb-block-b61d132b"><!-- Galeria_del_portfolio le añado los estilos de la galeria de WordPress -->
<div class="entry-content clear" itemprop="text">
<figure class="wp-block-gallery columns-2 is-cropped">
    <!--<ul id="ul_galeria">-->
	<ul class="blocks-gallery-grid">
                    <li class="blocks-gallery-item">
                <img decoding="async" width="1024" height="683" src="https://empiezapori.com/wp-content/uploads/2023/12/portfolio-fundacion-pluralismo-y-convivencia-1024x683.jpg" class="attachment-large size-large" alt="guia fundacion pluralismo convivencia" srcset="https://empiezapori.com/wp-content/uploads/2023/12/portfolio-fundacion-pluralismo-y-convivencia-1024x683.jpg 1024w, https://empiezapori.com/wp-content/uploads/2023/12/portfolio-fundacion-pluralismo-y-convivencia-300x200.jpg 300w, https://empiezapori.com/wp-content/uploads/2023/12/portfolio-fundacion-pluralismo-y-convivencia-768x512.jpg 768w, https://empiezapori.com/wp-content/uploads/2023/12/portfolio-fundacion-pluralismo-y-convivencia-500x333.jpg 500w, https://empiezapori.com/wp-content/uploads/2023/12/portfolio-fundacion-pluralismo-y-convivencia-800x533.jpg 800w, https://empiezapori.com/wp-content/uploads/2023/12/portfolio-fundacion-pluralismo-y-convivencia.jpg 1200w" sizes="(max-width: 1024px) 100vw, 1024px" />            </li>
            </ul>
</figure>
</div>
<!--Cliente-->
<div>
	Cliente: 
	<ul id="ul_cliente">
		    <li id="li_cliente">
	    	<!--<a href=""></a> -->
			Fundación Pluralismo y Convivencia	    </li>
		</ul>
</div></div>
</div></div>

<p>Disseny catàlegs a InDesign Ens complau presentar la nostra acabada de crear guia de bones pràctiques sobre gestió de la diversitat religiosa a l&#8217;empresa per a la Fundació Pluralisme i Convivència , una entitat del Sector Públic Estatal adscrita al Ministeri de la Presidència, Justícia i Relacions amb les Corts. La fundació desplega les seves [&hellip;]</p>

La guia per a Fundació Pluralisme i Convivència ha estat dissenyat un reflex visual de llosa valors i metes de la Fundació Pluralisme i Convivència.

Disseny editorial i catàlegs

Disseny gràfic

Disseny catàlegs a InDesign Ens complau presentar la nostra acabada de crear guia de bones pràctiques sobre gestió de la diversitat religiosa a l&#8217;empresa per a la Fundació Pluralisme i Convivència , una entitat del Sector Públic Estatal adscrita al Ministeri de la Presidència, Justícia i Relacions amb les Corts. La fundació desplega les seves&hellip;
