{"id":30067,"date":"2017-03-28T12:24:02","date_gmt":"2017-03-28T10:24:02","guid":{"rendered":"https:\/\/empiezapori.com\/portfolio-2\/disseny-i-maquetacio-de-catalegs-per-a-faro-illuminacio\/"},"modified":"2024-03-20T08:54:05","modified_gmt":"2024-03-20T07:54:05","slug":"disseny-i-maquetacio-de-catalegs-per-a-faro-illuminacio","status":"publish","type":"portfolio","link":"https:\/\/empiezapori.com\/ca\/portfolio\/disseny-i-maquetacio-de-catalegs-per-a-faro-illuminacio\/","title":{"rendered":"Disseny i Maquetaci\u00f3 de cat\u00e0legs per a FARO il\u00b7luminaci\u00f3"},"content":{"rendered":"\n<div class=\"wp-block-columns is-layout-flex wp-container-core-columns-is-layout-28f84493 wp-block-columns-is-layout-flex\">\n<div class=\"wp-block-column is-layout-flow wp-block-column-is-layout-flow\" style=\"flex-basis:33.33%\">\n<p>Far \u00b7 Cat\u00e0leg productes 2016<\/p>\n\n\n\n<h4 class=\"wp-block-heading\">Maquetaci\u00f3 del cat\u00e0leg 2016<\/h4>\n\n\n\n<p>Realitzem la maquetaci\u00f3 del cat\u00e0leg de Far 2016. Disseny modern i net on es va voler donar prioritat a les imatges per sobre del text per fer m\u00e9s visibles els productes.<\/p>\n<\/div>\n\n\n\n<div class=\"wp-block-column is-layout-flow wp-block-column-is-layout-flow\" style=\"flex-basis:66.66%\"><!-- Galeria_del_portfolio le a\u00f1ado los estilos de la galeria de WordPress -->\r\n<div class=\"entry-content clear\" itemprop=\"text\">\r\n<figure class=\"wp-block-gallery columns-2 is-cropped\">\r\n    <!--<ul id=\"ul_galeria\">-->\r\n\t<ul class=\"blocks-gallery-grid\">\r\n                    <li class=\"blocks-gallery-item\">\r\n                <img decoding=\"async\" width=\"555\" height=\"382\" src=\"https:\/\/empiezapori.com\/wp-content\/uploads\/2017\/02\/empiezapori-sincronizacion-catalogo-a-base-de-datos-1.jpg\" class=\"attachment-large size-large\" alt=\"\" srcset=\"https:\/\/empiezapori.com\/wp-content\/uploads\/2017\/02\/empiezapori-sincronizacion-catalogo-a-base-de-datos-1.jpg 555w, https:\/\/empiezapori.com\/wp-content\/uploads\/2017\/02\/empiezapori-sincronizacion-catalogo-a-base-de-datos-1-300x206.jpg 300w, https:\/\/empiezapori.com\/wp-content\/uploads\/2017\/02\/empiezapori-sincronizacion-catalogo-a-base-de-datos-1-480x330.jpg 480w\" sizes=\"(max-width: 555px) 100vw, 555px\" \/>            <\/li>\r\n                    <li class=\"blocks-gallery-item\">\r\n                <img decoding=\"async\" width=\"555\" height=\"382\" src=\"https:\/\/empiezapori.com\/wp-content\/uploads\/2017\/02\/empiezapori-sincronizacion-catalogo-a-base-de-datos-2.jpg\" class=\"attachment-large size-large\" alt=\"\" srcset=\"https:\/\/empiezapori.com\/wp-content\/uploads\/2017\/02\/empiezapori-sincronizacion-catalogo-a-base-de-datos-2.jpg 555w, https:\/\/empiezapori.com\/wp-content\/uploads\/2017\/02\/empiezapori-sincronizacion-catalogo-a-base-de-datos-2-300x206.jpg 300w, https:\/\/empiezapori.com\/wp-content\/uploads\/2017\/02\/empiezapori-sincronizacion-catalogo-a-base-de-datos-2-480x330.jpg 480w\" sizes=\"(max-width: 555px) 100vw, 555px\" \/>            <\/li>\r\n                    <li class=\"blocks-gallery-item\">\r\n                <img decoding=\"async\" width=\"800\" height=\"620\" src=\"https:\/\/empiezapori.com\/wp-content\/uploads\/2017\/03\/catalogo-exterior-faro.png\" class=\"attachment-large size-large\" alt=\"\" srcset=\"https:\/\/empiezapori.com\/wp-content\/uploads\/2017\/03\/catalogo-exterior-faro.png 800w, https:\/\/empiezapori.com\/wp-content\/uploads\/2017\/03\/catalogo-exterior-faro-300x233.png 300w, https:\/\/empiezapori.com\/wp-content\/uploads\/2017\/03\/catalogo-exterior-faro-768x595.png 768w, https:\/\/empiezapori.com\/wp-content\/uploads\/2017\/03\/catalogo-exterior-faro-480x372.png 480w\" sizes=\"(max-width: 800px) 100vw, 800px\" \/>            <\/li>\r\n            <\/ul>\r\n<\/figure>\r\n<\/div>\r\n<!--Cliente-->\r\n<div>\r\n\tCliente: \r\n\t<ul id=\"ul_cliente\">\r\n\t\t    <li id=\"li_cliente\">\r\n\t    \t<!--<a href=\"\"><\/a> -->\r\n\t\t\tLorefar\t    <\/li>\r\n\t\t<\/ul>\r\n<\/div><\/div>\n<\/div>\n","protected":false},"excerpt":{"rendered":"<p>Far \u00b7 Cat\u00e0leg productes 2016 Maquetaci\u00f3 del cat\u00e0leg 2016 Realitzem la maquetaci\u00f3 del cat\u00e0leg de Far 2016. Disseny modern i net on es va voler donar prioritat a les imatges per sobre del text per fer m\u00e9s visibles els productes.<\/p>\n","protected":false},"author":1,"featured_media":12396,"menu_order":0,"comment_status":"closed","ping_status":"closed","template":"","format":"standard","meta":{"_acf_changed":false,"_seopress_robots_primary_cat":"","_seopress_titles_title":"","_seopress_titles_desc":"","_seopress_robots_index":"","inline_featured_image":false,"_uag_custom_page_level_css":"","_kad_blocks_custom_css":"","_kad_blocks_head_custom_js":"","_kad_blocks_body_custom_js":"","_kad_blocks_footer_custom_js":"","site-sidebar-layout":"default","site-content-layout":"default","ast-site-content-layout":"default","site-content-style":"default","site-sidebar-style":"default","ast-global-header-display":"","ast-banner-title-visibility":"","ast-main-header-display":"","ast-hfb-above-header-display":"","ast-hfb-below-header-display":"","ast-hfb-mobile-header-display":"","site-post-title":"","ast-breadcrumbs-content":"","ast-featured-img":"","footer-sml-layout":"","ast-disable-related-posts":"","theme-transparent-header-meta":"default","adv-header-id-meta":"","stick-header-meta":"default","header-above-stick-meta":"","header-main-stick-meta":"","header-below-stick-meta":"","astra-migrate-meta-layouts":"default","ast-page-background-enabled":"default","ast-page-background-meta":{"desktop":{"background-color":"","background-image":"","background-repeat":"repeat","background-position":"center center","background-size":"auto","background-attachment":"scroll","background-type":"","background-media":"","overlay-type":"","overlay-color":"","overlay-opacity":"","overlay-gradient":""},"tablet":{"background-color":"","background-image":"","background-repeat":"repeat","background-position":"center center","background-size":"auto","background-attachment":"scroll","background-type":"","background-media":"","overlay-type":"","overlay-color":"","overlay-opacity":"","overlay-gradient":""},"mobile":{"background-color":"","background-image":"","background-repeat":"repeat","background-position":"center center","background-size":"auto","background-attachment":"scroll","background-type":"","background-media":"","overlay-type":"","overlay-color":"","overlay-opacity":"","overlay-gradient":""}},"ast-content-background-meta":{"desktop":{"background-color":"var(--ast-global-color-5)","background-image":"","background-repeat":"repeat","background-position":"center center","background-size":"auto","background-attachment":"scroll","background-type":"","background-media":"","overlay-type":"","overlay-color":"","overlay-opacity":"","overlay-gradient":""},"tablet":{"background-color":"var(--ast-global-color-5)","background-image":"","background-repeat":"repeat","background-position":"center center","background-size":"auto","background-attachment":"scroll","background-type":"","background-media":"","overlay-type":"","overlay-color":"","overlay-opacity":"","overlay-gradient":""},"mobile":{"background-color":"var(--ast-global-color-5)","background-image":"","background-repeat":"repeat","background-position":"center center","background-size":"auto","background-attachment":"scroll","background-type":"","background-media":"","overlay-type":"","overlay-color":"","overlay-opacity":"","overlay-gradient":""}},"_vp_format_video_url":"","_vp_image_focal_point":[],"footnotes":""},"portfolio_category":[703],"portfolio_tag":[],"class_list":["post-30067","portfolio","type-portfolio","status-publish","format-standard","has-post-thumbnail","hentry","portfolio_category-disseny-editorial-i-catalegs"],"acf":[],"taxonomy_info":{"portfolio_category":[{"value":703,"label":"Disseny editorial i cat\u00e0legs"}]},"featured_image_src_large":["https:\/\/empiezapori.com\/wp-content\/uploads\/2017\/03\/catalogo-exterior-faro.png",800,620,false],"author_info":{"display_name":"Administrador EXI","author_link":"https:\/\/empiezapori.com\/ca\/author\/empiezapori\/"},"comment_info":0,"uagb_featured_image_src":{"full":["https:\/\/empiezapori.com\/wp-content\/uploads\/2017\/03\/catalogo-exterior-faro.png",800,620,false],"thumbnail":["https:\/\/empiezapori.com\/wp-content\/uploads\/2017\/03\/catalogo-exterior-faro-150x150.png",150,150,true],"medium":["https:\/\/empiezapori.com\/wp-content\/uploads\/2017\/03\/catalogo-exterior-faro-300x233.png",300,233,true],"medium_large":["https:\/\/empiezapori.com\/wp-content\/uploads\/2017\/03\/catalogo-exterior-faro-768x595.png",768,595,true],"large":["https:\/\/empiezapori.com\/wp-content\/uploads\/2017\/03\/catalogo-exterior-faro.png",800,620,false],"1536x1536":["https:\/\/empiezapori.com\/wp-content\/uploads\/2017\/03\/catalogo-exterior-faro.png",800,620,false],"2048x2048":["https:\/\/empiezapori.com\/wp-content\/uploads\/2017\/03\/catalogo-exterior-faro.png",800,620,false],"vp_sm":["https:\/\/empiezapori.com\/wp-content\/uploads\/2017\/03\/catalogo-exterior-faro.png",500,388,false],"vp_md":["https:\/\/empiezapori.com\/wp-content\/uploads\/2017\/03\/catalogo-exterior-faro.png",800,620,false],"vp_lg":["https:\/\/empiezapori.com\/wp-content\/uploads\/2017\/03\/catalogo-exterior-faro.png",800,620,false],"vp_xl":["https:\/\/empiezapori.com\/wp-content\/uploads\/2017\/03\/catalogo-exterior-faro.png",800,620,false],"vp_sm_popup":["https:\/\/empiezapori.com\/wp-content\/uploads\/2017\/03\/catalogo-exterior-faro.png",500,388,false],"vp_md_popup":["https:\/\/empiezapori.com\/wp-content\/uploads\/2017\/03\/catalogo-exterior-faro.png",800,620,false],"vp_xl_popup":["https:\/\/empiezapori.com\/wp-content\/uploads\/2017\/03\/catalogo-exterior-faro.png",800,620,false]},"uagb_author_info":{"display_name":"Administrador EXI","author_link":"https:\/\/empiezapori.com\/ca\/author\/empiezapori\/"},"uagb_comment_info":0,"uagb_excerpt":"Far \u00b7 Cat\u00e0leg productes 2016 Maquetaci\u00f3 del cat\u00e0leg 2016 Realitzem la maquetaci\u00f3 del cat\u00e0leg de Far 2016. Disseny modern i net on es va voler donar prioritat a les imatges per sobre del text per fer m\u00e9s visibles els productes.","_links":{"self":[{"href":"https:\/\/empiezapori.com\/ca\/wp-json\/wp\/v2\/portfolio\/30067","targetHints":{"allow":["GET"]}}],"collection":[{"href":"https:\/\/empiezapori.com\/ca\/wp-json\/wp\/v2\/portfolio"}],"about":[{"href":"https:\/\/empiezapori.com\/ca\/wp-json\/wp\/v2\/types\/portfolio"}],"author":[{"embeddable":true,"href":"https:\/\/empiezapori.com\/ca\/wp-json\/wp\/v2\/users\/1"}],"replies":[{"embeddable":true,"href":"https:\/\/empiezapori.com\/ca\/wp-json\/wp\/v2\/comments?post=30067"}],"version-history":[{"count":0,"href":"https:\/\/empiezapori.com\/ca\/wp-json\/wp\/v2\/portfolio\/30067\/revisions"}],"wp:featuredmedia":[{"embeddable":true,"href":"https:\/\/empiezapori.com\/ca\/wp-json\/wp\/v2\/media\/12396"}],"wp:attachment":[{"href":"https:\/\/empiezapori.com\/ca\/wp-json\/wp\/v2\/media?parent=30067"}],"wp:term":[{"taxonomy":"portfolio_category","embeddable":true,"href":"https:\/\/empiezapori.com\/ca\/wp-json\/wp\/v2\/portfolio_category?post=30067"},{"taxonomy":"portfolio_tag","embeddable":true,"href":"https:\/\/empiezapori.com\/ca\/wp-json\/wp\/v2\/portfolio_tag?post=30067"}],"curies":[{"name":"wp","href":"https:\/\/api.w.org\/{rel}","templated":true}]}}

Disseny i Maquetació de catàlegs per a FARO il·luminació

<div class="wp-block-columns is-layout-flex wp-container-core-columns-is-layout-28f84493 wp-block-columns-is-layout-flex">
<div class="wp-block-column is-layout-flow wp-block-column-is-layout-flow" style="flex-basis:33.33%">
<p>Far · Catàleg productes 2016</p>



<h4 class="wp-block-heading">Maquetació del catàleg 2016</h4>



<p>Realitzem la maquetació del catàleg de Far 2016. Disseny modern i net on es va voler donar prioritat a les imatges per sobre del text per fer més visibles els productes.</p>
</div>



<div class="wp-block-column is-layout-flow wp-block-column-is-layout-flow" style="flex-basis:66.66%"><!-- Galeria_del_portfolio le añado los estilos de la galeria de WordPress -->
<div class="entry-content clear" itemprop="text">
<figure class="wp-block-gallery columns-2 is-cropped">
    <!--<ul id="ul_galeria">-->
	<ul class="blocks-gallery-grid">
                    <li class="blocks-gallery-item">
                <img decoding="async" width="555" height="382" src="https://empiezapori.com/wp-content/uploads/2017/02/empiezapori-sincronizacion-catalogo-a-base-de-datos-1.jpg" class="attachment-large size-large" alt="" srcset="https://empiezapori.com/wp-content/uploads/2017/02/empiezapori-sincronizacion-catalogo-a-base-de-datos-1.jpg 555w, https://empiezapori.com/wp-content/uploads/2017/02/empiezapori-sincronizacion-catalogo-a-base-de-datos-1-300x206.jpg 300w, https://empiezapori.com/wp-content/uploads/2017/02/empiezapori-sincronizacion-catalogo-a-base-de-datos-1-480x330.jpg 480w" sizes="(max-width: 555px) 100vw, 555px" />            </li>
                    <li class="blocks-gallery-item">
                <img decoding="async" width="555" height="382" src="https://empiezapori.com/wp-content/uploads/2017/02/empiezapori-sincronizacion-catalogo-a-base-de-datos-2.jpg" class="attachment-large size-large" alt="" srcset="https://empiezapori.com/wp-content/uploads/2017/02/empiezapori-sincronizacion-catalogo-a-base-de-datos-2.jpg 555w, https://empiezapori.com/wp-content/uploads/2017/02/empiezapori-sincronizacion-catalogo-a-base-de-datos-2-300x206.jpg 300w, https://empiezapori.com/wp-content/uploads/2017/02/empiezapori-sincronizacion-catalogo-a-base-de-datos-2-480x330.jpg 480w" sizes="(max-width: 555px) 100vw, 555px" />            </li>
                    <li class="blocks-gallery-item">
                <img decoding="async" width="800" height="620" src="https://empiezapori.com/wp-content/uploads/2017/03/catalogo-exterior-faro.png" class="attachment-large size-large" alt="" srcset="https://empiezapori.com/wp-content/uploads/2017/03/catalogo-exterior-faro.png 800w, https://empiezapori.com/wp-content/uploads/2017/03/catalogo-exterior-faro-300x233.png 300w, https://empiezapori.com/wp-content/uploads/2017/03/catalogo-exterior-faro-768x595.png 768w, https://empiezapori.com/wp-content/uploads/2017/03/catalogo-exterior-faro-480x372.png 480w" sizes="(max-width: 800px) 100vw, 800px" />            </li>
            </ul>
</figure>
</div>
<!--Cliente-->
<div>
	Cliente: 
	<ul id="ul_cliente">
		    <li id="li_cliente">
	    	<!--<a href=""></a> -->
			Lorefar	    </li>
		</ul>
</div></div>
</div>

<p>Far · Catàleg productes 2016 Maquetació del catàleg 2016 Realitzem la maquetació del catàleg de Far 2016. Disseny modern i net on es va voler donar prioritat a les imatges per sobre del text per fer més visibles els productes.</p>

Disseny editorial i catàlegs

Far · Catàleg productes 2016 Maquetació del catàleg 2016 Realitzem la maquetació del catàleg de Far 2016. Disseny modern i net on es va voler donar prioritat a les imatges per sobre del text per fer més visibles els productes.
