{"id":38382,"date":"2025-03-25T12:00:09","date_gmt":"2025-03-25T11:00:09","guid":{"rendered":"https:\/\/empiezapori.com\/?post_type=portfolio&#038;p=38382"},"modified":"2025-08-07T12:11:30","modified_gmt":"2025-08-07T10:11:30","slug":"disseny-logotip-per-a-camping-playa-parazuelos","status":"publish","type":"portfolio","link":"https:\/\/empiezapori.com\/ca\/portfolio\/disseny-logotip-per-a-camping-playa-parazuelos\/","title":{"rendered":"Disseny Logotip per a Camping Playa Parazuelos"},"content":{"rendered":"\n<div class=\"wp-block-uagb-container uagb-block-d71fd99d alignfull uagb-is-root-container\"><div class=\"uagb-container-inner-blocks-wrap\">\n<div class=\"wp-block-uagb-container uagb-block-9f1574e9\">\n<div class=\"wp-block-uagb-advanced-heading uagb-block-68aea4ff\"><h2 class=\"uagb-heading-text\">Disseny Logotip per a Camping Playa Parazuelos<\/h2><div class=\"uagb-separator\"><\/div><p class=\"uagb-desc-text\">Ha estat un plaer crear el <strong>logotip <\/strong>de <strong>Camping Playa Parazuelos<\/strong>. Ens inspirem en l\u00b4<strong>ess\u00e8ncia <\/strong>de l\u00b4<strong>entorn natural del c\u00e0mping<\/strong>, ubicat en un<strong> parc protegit al costat del mar.<\/strong> Optem per una imatge <strong>minimalista <\/strong>i <strong>elegant <\/strong>que fusiona elements clau: <strong>la palmera<\/strong>, l&#8217;<strong>onada <\/strong>i les<strong> muntanyes del parc natura<\/strong>l, que representen l&#8217;<strong>ess\u00e8ncia del c\u00e0mping <\/strong>i la <strong>connexi\u00f3 amb la natura <\/strong>i la <strong>costa<\/strong>.  <\/p><\/div>\n\n\n\n<p>La <strong>paleta de colors<\/strong> reflecteix la <strong>tranquil\u00b7litat<\/strong> de l&#8217;<strong>oce\u00e0 <\/strong>i la <strong>calidesa <\/strong>de la <strong>sorra<\/strong>, i <strong>transmet serenitat<\/strong> i <strong>respecte <\/strong>pel <strong>medi ambient.<\/strong> Aquest <strong>logotip <\/strong>no nom\u00e9s refor\u00e7a la <strong>identitat <\/strong>del c\u00e0mping, sin\u00f3 que tamb\u00e9 <strong>comunica <\/strong>el <strong>comprom\u00eds <\/strong>amb la <strong>sostenibilitat <\/strong>i el<strong> turisme responsable<\/strong>. <\/p>\n\n\n\n<p><\/p>\n\n\n\n<div class=\"wp-block-uagb-advanced-heading uagb-block-f2cc3927\"><h2 class=\"uagb-heading-text\"><strong>Disseny de logotips<\/strong><\/h2><div class=\"uagb-separator\"><\/div><p class=\"uagb-desc-text\">Al nostre servei de <strong><a href=\"https:\/\/empiezapori.com\/ca\/disseny-grafic\/disseny-de-logotips\/\" target=\"_blank\" rel=\"noreferrer noopener\">disseny de logotips<\/a><\/strong> , creiem que un logotip no nom\u00e9s ha de ser est\u00e8ticament agradable, sin\u00f3 tamb\u00e9 representar fidelment l&#8217;ess\u00e8ncia i els valors de la marca. <strong><a href=\"https:\/\/empiezapori.com\/ca\/contacta\/\" target=\"_blank\" rel=\"noreferrer noopener\">Contacta&#8217;ns<\/a><\/strong> i descobreix com podem elevar la identitat visual de la teva pr\u00e0ctica.<\/p><\/div>\n<\/div>\n\n\n\n<div class=\"wp-block-uagb-container uagb-block-b61d132b\">\n<div class=\"wp-block-columns is-layout-flex wp-container-core-columns-is-layout-28f84493 wp-block-columns-is-layout-flex\">\n<div class=\"wp-block-column is-layout-flow wp-block-column-is-layout-flow\" style=\"flex-basis:100%\"><!-- Galeria_del_portfolio le a\u00f1ado los estilos de la galeria de WordPress -->\r\n<div class=\"entry-content clear\" itemprop=\"text\">\r\n<figure class=\"wp-block-gallery columns-2 is-cropped\">\r\n    <!--<ul id=\"ul_galeria\">-->\r\n\t<ul class=\"blocks-gallery-grid\">\r\n                    <li class=\"blocks-gallery-item\">\r\n                <img decoding=\"async\" width=\"683\" height=\"1024\" src=\"https:\/\/empiezapori.com\/wp-content\/uploads\/2025\/03\/empiezapori-camping-playa-parazuelos-logo.1.1-683x1024.jpg\" class=\"attachment-large size-large\" alt=\"\" srcset=\"https:\/\/empiezapori.com\/wp-content\/uploads\/2025\/03\/empiezapori-camping-playa-parazuelos-logo.1.1-683x1024.jpg 683w, https:\/\/empiezapori.com\/wp-content\/uploads\/2025\/03\/empiezapori-camping-playa-parazuelos-logo.1.1-200x300.jpg 200w, https:\/\/empiezapori.com\/wp-content\/uploads\/2025\/03\/empiezapori-camping-playa-parazuelos-logo.1.1-768x1151.jpg 768w, https:\/\/empiezapori.com\/wp-content\/uploads\/2025\/03\/empiezapori-camping-playa-parazuelos-logo.1.1-500x749.jpg 500w, https:\/\/empiezapori.com\/wp-content\/uploads\/2025\/03\/empiezapori-camping-playa-parazuelos-logo.1.1.jpg 800w\" sizes=\"(max-width: 683px) 100vw, 683px\" \/>            <\/li>\r\n            <\/ul>\r\n<\/figure>\r\n<\/div>\r\n<!--Cliente-->\r\n<div>\r\n<\/div>\n\n<!-- Galeria_del_portfolio le a\u00f1ado los estilos de la galeria de WordPress -->\r\n<div class=\"entry-content clear\" itemprop=\"text\">\r\n<figure class=\"wp-block-gallery columns-2 is-cropped\">\r\n    <!--<ul id=\"ul_galeria\">-->\r\n\t<ul class=\"blocks-gallery-grid\">\r\n                    <li class=\"blocks-gallery-item\">\r\n                <img decoding=\"async\" width=\"900\" height=\"675\" src=\"https:\/\/empiezapori.com\/wp-content\/uploads\/2025\/03\/empiezapori-camping-playa-parazuelos-logo-2.jpg\" class=\"attachment-large size-large\" alt=\"\" srcset=\"https:\/\/empiezapori.com\/wp-content\/uploads\/2025\/03\/empiezapori-camping-playa-parazuelos-logo-2.jpg 900w, https:\/\/empiezapori.com\/wp-content\/uploads\/2025\/03\/empiezapori-camping-playa-parazuelos-logo-2-300x225.jpg 300w, https:\/\/empiezapori.com\/wp-content\/uploads\/2025\/03\/empiezapori-camping-playa-parazuelos-logo-2-768x576.jpg 768w, https:\/\/empiezapori.com\/wp-content\/uploads\/2025\/03\/empiezapori-camping-playa-parazuelos-logo-2-500x375.jpg 500w, https:\/\/empiezapori.com\/wp-content\/uploads\/2025\/03\/empiezapori-camping-playa-parazuelos-logo-2-800x600.jpg 800w\" sizes=\"(max-width: 900px) 100vw, 900px\" \/>            <\/li>\r\n            <\/ul>\r\n<\/figure>\r\n<\/div>\r\n<!--Cliente-->\r\n<div>\r\n\tCliente: \r\n\t<ul id=\"ul_cliente\">\r\n\t\t    <li id=\"li_cliente\">\r\n\t    \t<!--<a href=\"\"><\/a> -->\r\n\t\t\tCamping Playa Parazuelos\t    <\/li>\r\n\t\t<\/ul>\r\n<\/div><\/div>\n<\/div>\n\n\n\n<p><\/p>\n<\/div>\n<\/div><\/div>\n","protected":false},"excerpt":{"rendered":"<p>Disseny Logotip per a Camping Playa Parazuelos Ha estat un plaer crear el logotip de Camping Playa Parazuelos. Ens inspirem en l\u00b4ess\u00e8ncia de l\u00b4entorn natural del c\u00e0mping, ubicat en un parc protegit al costat del mar. Optem per una imatge minimalista i elegant que fusiona elements clau: la palmera, l&#8217;onada i les muntanyes del parc [&hellip;]<\/p>\n","protected":false},"author":1,"featured_media":38390,"menu_order":0,"comment_status":"closed","ping_status":"closed","template":"","format":"standard","meta":{"_acf_changed":false,"_seopress_robots_primary_cat":"","_seopress_titles_title":"Disseny Logotip per a Sucessorium | Empiezapori","_seopress_titles_desc":"Dissenyem el logotip de Camping Playa Parazuelos ressaltant el seu entorn natural i responsable amb un estil minimalista amb elements inspirats al mar.","_seopress_robots_index":"","inline_featured_image":false,"_uag_custom_page_level_css":"","_kad_blocks_custom_css":"","_kad_blocks_head_custom_js":"","_kad_blocks_body_custom_js":"","_kad_blocks_footer_custom_js":"","site-sidebar-layout":"default","site-content-layout":"","ast-site-content-layout":"default","site-content-style":"default","site-sidebar-style":"default","ast-global-header-display":"","ast-banner-title-visibility":"","ast-main-header-display":"","ast-hfb-above-header-display":"","ast-hfb-below-header-display":"","ast-hfb-mobile-header-display":"","site-post-title":"","ast-breadcrumbs-content":"","ast-featured-img":"","footer-sml-layout":"","ast-disable-related-posts":"","theme-transparent-header-meta":"","adv-header-id-meta":"","stick-header-meta":"","header-above-stick-meta":"","header-main-stick-meta":"","header-below-stick-meta":"","astra-migrate-meta-layouts":"default","ast-page-background-enabled":"default","ast-page-background-meta":{"desktop":{"background-color":"","background-image":"","background-repeat":"repeat","background-position":"center center","background-size":"auto","background-attachment":"scroll","background-type":"","background-media":"","overlay-type":"","overlay-color":"","overlay-opacity":"","overlay-gradient":""},"tablet":{"background-color":"","background-image":"","background-repeat":"repeat","background-position":"center center","background-size":"auto","background-attachment":"scroll","background-type":"","background-media":"","overlay-type":"","overlay-color":"","overlay-opacity":"","overlay-gradient":""},"mobile":{"background-color":"","background-image":"","background-repeat":"repeat","background-position":"center center","background-size":"auto","background-attachment":"scroll","background-type":"","background-media":"","overlay-type":"","overlay-color":"","overlay-opacity":"","overlay-gradient":""}},"ast-content-background-meta":{"desktop":{"background-color":"var(--ast-global-color-5)","background-image":"","background-repeat":"repeat","background-position":"center center","background-size":"auto","background-attachment":"scroll","background-type":"","background-media":"","overlay-type":"","overlay-color":"","overlay-opacity":"","overlay-gradient":""},"tablet":{"background-color":"var(--ast-global-color-5)","background-image":"","background-repeat":"repeat","background-position":"center center","background-size":"auto","background-attachment":"scroll","background-type":"","background-media":"","overlay-type":"","overlay-color":"","overlay-opacity":"","overlay-gradient":""},"mobile":{"background-color":"var(--ast-global-color-5)","background-image":"","background-repeat":"repeat","background-position":"center center","background-size":"auto","background-attachment":"scroll","background-type":"","background-media":"","overlay-type":"","overlay-color":"","overlay-opacity":"","overlay-gradient":""}},"_vp_format_video_url":"","_vp_image_focal_point":[],"footnotes":""},"portfolio_category":[720,702],"portfolio_tag":[],"class_list":["post-38382","portfolio","type-portfolio","status-publish","format-standard","has-post-thumbnail","hentry","portfolio_category-disseny-de-logotips","portfolio_category-disseny-grafic"],"acf":[],"taxonomy_info":{"portfolio_category":[{"value":720,"label":"Disseny de logotips"},{"value":702,"label":"Disseny gr\u00e0fic"}]},"featured_image_src_large":["https:\/\/empiezapori.com\/wp-content\/uploads\/2025\/03\/empiezapori-camping-playa-parazuelos-logo.1.1-683x1024.jpg",683,1024,true],"author_info":{"display_name":"Administrador EXI","author_link":"https:\/\/empiezapori.com\/ca\/author\/empiezapori\/"},"comment_info":0,"uagb_featured_image_src":{"full":["https:\/\/empiezapori.com\/wp-content\/uploads\/2025\/03\/empiezapori-camping-playa-parazuelos-logo.1.1.jpg",800,1199,false],"thumbnail":["https:\/\/empiezapori.com\/wp-content\/uploads\/2025\/03\/empiezapori-camping-playa-parazuelos-logo.1.1-150x150.jpg",150,150,true],"medium":["https:\/\/empiezapori.com\/wp-content\/uploads\/2025\/03\/empiezapori-camping-playa-parazuelos-logo.1.1-200x300.jpg",200,300,true],"medium_large":["https:\/\/empiezapori.com\/wp-content\/uploads\/2025\/03\/empiezapori-camping-playa-parazuelos-logo.1.1-768x1151.jpg",768,1151,true],"large":["https:\/\/empiezapori.com\/wp-content\/uploads\/2025\/03\/empiezapori-camping-playa-parazuelos-logo.1.1-683x1024.jpg",683,1024,true],"1536x1536":["https:\/\/empiezapori.com\/wp-content\/uploads\/2025\/03\/empiezapori-camping-playa-parazuelos-logo.1.1.jpg",800,1199,false],"2048x2048":["https:\/\/empiezapori.com\/wp-content\/uploads\/2025\/03\/empiezapori-camping-playa-parazuelos-logo.1.1.jpg",800,1199,false],"vp_sm":["https:\/\/empiezapori.com\/wp-content\/uploads\/2025\/03\/empiezapori-camping-playa-parazuelos-logo.1.1-500x749.jpg",500,749,true],"vp_md":["https:\/\/empiezapori.com\/wp-content\/uploads\/2025\/03\/empiezapori-camping-playa-parazuelos-logo.1.1.jpg",800,1199,false],"vp_lg":["https:\/\/empiezapori.com\/wp-content\/uploads\/2025\/03\/empiezapori-camping-playa-parazuelos-logo.1.1.jpg",800,1199,false],"vp_xl":["https:\/\/empiezapori.com\/wp-content\/uploads\/2025\/03\/empiezapori-camping-playa-parazuelos-logo.1.1.jpg",800,1199,false],"vp_sm_popup":["https:\/\/empiezapori.com\/wp-content\/uploads\/2025\/03\/empiezapori-camping-playa-parazuelos-logo.1.1-500x749.jpg",500,749,true],"vp_md_popup":["https:\/\/empiezapori.com\/wp-content\/uploads\/2025\/03\/empiezapori-camping-playa-parazuelos-logo.1.1.jpg",800,1199,false],"vp_xl_popup":["https:\/\/empiezapori.com\/wp-content\/uploads\/2025\/03\/empiezapori-camping-playa-parazuelos-logo.1.1.jpg",800,1199,false]},"uagb_author_info":{"display_name":"Administrador EXI","author_link":"https:\/\/empiezapori.com\/ca\/author\/empiezapori\/"},"uagb_comment_info":0,"uagb_excerpt":"Disseny Logotip per a Camping Playa Parazuelos Ha estat un plaer crear el logotip de Camping Playa Parazuelos. Ens inspirem en l\u00b4ess\u00e8ncia de l\u00b4entorn natural del c\u00e0mping, ubicat en un parc protegit al costat del mar. Optem per una imatge minimalista i elegant que fusiona elements clau: la palmera, l&#8217;onada i les muntanyes del parc&hellip;","_links":{"self":[{"href":"https:\/\/empiezapori.com\/ca\/wp-json\/wp\/v2\/portfolio\/38382","targetHints":{"allow":["GET"]}}],"collection":[{"href":"https:\/\/empiezapori.com\/ca\/wp-json\/wp\/v2\/portfolio"}],"about":[{"href":"https:\/\/empiezapori.com\/ca\/wp-json\/wp\/v2\/types\/portfolio"}],"author":[{"embeddable":true,"href":"https:\/\/empiezapori.com\/ca\/wp-json\/wp\/v2\/users\/1"}],"replies":[{"embeddable":true,"href":"https:\/\/empiezapori.com\/ca\/wp-json\/wp\/v2\/comments?post=38382"}],"version-history":[{"count":0,"href":"https:\/\/empiezapori.com\/ca\/wp-json\/wp\/v2\/portfolio\/38382\/revisions"}],"wp:featuredmedia":[{"embeddable":true,"href":"https:\/\/empiezapori.com\/ca\/wp-json\/wp\/v2\/media\/38390"}],"wp:attachment":[{"href":"https:\/\/empiezapori.com\/ca\/wp-json\/wp\/v2\/media?parent=38382"}],"wp:term":[{"taxonomy":"portfolio_category","embeddable":true,"href":"https:\/\/empiezapori.com\/ca\/wp-json\/wp\/v2\/portfolio_category?post=38382"},{"taxonomy":"portfolio_tag","embeddable":true,"href":"https:\/\/empiezapori.com\/ca\/wp-json\/wp\/v2\/portfolio_tag?post=38382"}],"curies":[{"name":"wp","href":"https:\/\/api.w.org\/{rel}","templated":true}]}}

<div class="wp-block-uagb-container uagb-block-d71fd99d alignfull uagb-is-root-container"><div class="uagb-container-inner-blocks-wrap">
<div class="wp-block-uagb-container uagb-block-9f1574e9">
<div class="wp-block-uagb-advanced-heading uagb-block-68aea4ff"><h2 class="uagb-heading-text">Disseny Logotip per a Camping Playa Parazuelos</h2><div class="uagb-separator"></div><p class="uagb-desc-text">Ha estat un plaer crear el <strong>logotip </strong>de <strong>Camping Playa Parazuelos</strong>. Ens inspirem en l´<strong>essència </strong>de l´<strong>entorn natural del càmping</strong>, ubicat en un<strong> parc protegit al costat del mar.</strong> Optem per una imatge <strong>minimalista </strong>i <strong>elegant </strong>que fusiona elements clau: <strong>la palmera</strong>, l&#8217;<strong>onada </strong>i les<strong> muntanyes del parc natura</strong>l, que representen l&#8217;<strong>essència del càmping </strong>i la <strong>connexió amb la natura </strong>i la <strong>costa</strong>.  </p></div>



<p>La <strong>paleta de colors</strong> reflecteix la <strong>tranquil·litat</strong> de l&#8217;<strong>oceà </strong>i la <strong>calidesa </strong>de la <strong>sorra</strong>, i <strong>transmet serenitat</strong> i <strong>respecte </strong>pel <strong>medi ambient.</strong> Aquest <strong>logotip </strong>no només reforça la <strong>identitat </strong>del càmping, sinó que també <strong>comunica </strong>el <strong>compromís </strong>amb la <strong>sostenibilitat </strong>i el<strong> turisme responsable</strong>. </p>



<p></p>



<div class="wp-block-uagb-advanced-heading uagb-block-f2cc3927"><h2 class="uagb-heading-text"><strong>Disseny de logotips</strong></h2><div class="uagb-separator"></div><p class="uagb-desc-text">Al nostre servei de <strong><a href="https://empiezapori.com/ca/disseny-grafic/disseny-de-logotips/" target="_blank" rel="noreferrer noopener">disseny de logotips</a></strong> , creiem que un logotip no només ha de ser estèticament agradable, sinó també representar fidelment l&#8217;essència i els valors de la marca. <strong><a href="https://empiezapori.com/ca/contacta/" target="_blank" rel="noreferrer noopener">Contacta&#8217;ns</a></strong> i descobreix com podem elevar la identitat visual de la teva pràctica.</p></div>
</div>



<div class="wp-block-uagb-container uagb-block-b61d132b">
<div class="wp-block-columns is-layout-flex wp-container-core-columns-is-layout-28f84493 wp-block-columns-is-layout-flex">
<div class="wp-block-column is-layout-flow wp-block-column-is-layout-flow" style="flex-basis:100%"><!-- Galeria_del_portfolio le añado los estilos de la galeria de WordPress -->
<div class="entry-content clear" itemprop="text">
<figure class="wp-block-gallery columns-2 is-cropped">
    <!--<ul id="ul_galeria">-->
	<ul class="blocks-gallery-grid">
                    <li class="blocks-gallery-item">
                <img decoding="async" width="683" height="1024" src="https://empiezapori.com/wp-content/uploads/2025/03/empiezapori-camping-playa-parazuelos-logo.1.1-683x1024.jpg" class="attachment-large size-large" alt="" srcset="https://empiezapori.com/wp-content/uploads/2025/03/empiezapori-camping-playa-parazuelos-logo.1.1-683x1024.jpg 683w, https://empiezapori.com/wp-content/uploads/2025/03/empiezapori-camping-playa-parazuelos-logo.1.1-200x300.jpg 200w, https://empiezapori.com/wp-content/uploads/2025/03/empiezapori-camping-playa-parazuelos-logo.1.1-768x1151.jpg 768w, https://empiezapori.com/wp-content/uploads/2025/03/empiezapori-camping-playa-parazuelos-logo.1.1-500x749.jpg 500w, https://empiezapori.com/wp-content/uploads/2025/03/empiezapori-camping-playa-parazuelos-logo.1.1.jpg 800w" sizes="(max-width: 683px) 100vw, 683px" />            </li>
            </ul>
</figure>
</div>
<!--Cliente-->
<div>
</div>

<!-- Galeria_del_portfolio le añado los estilos de la galeria de WordPress -->
<div class="entry-content clear" itemprop="text">
<figure class="wp-block-gallery columns-2 is-cropped">
    <!--<ul id="ul_galeria">-->
	<ul class="blocks-gallery-grid">
                    <li class="blocks-gallery-item">
                <img decoding="async" width="900" height="675" src="https://empiezapori.com/wp-content/uploads/2025/03/empiezapori-camping-playa-parazuelos-logo-2.jpg" class="attachment-large size-large" alt="" srcset="https://empiezapori.com/wp-content/uploads/2025/03/empiezapori-camping-playa-parazuelos-logo-2.jpg 900w, https://empiezapori.com/wp-content/uploads/2025/03/empiezapori-camping-playa-parazuelos-logo-2-300x225.jpg 300w, https://empiezapori.com/wp-content/uploads/2025/03/empiezapori-camping-playa-parazuelos-logo-2-768x576.jpg 768w, https://empiezapori.com/wp-content/uploads/2025/03/empiezapori-camping-playa-parazuelos-logo-2-500x375.jpg 500w, https://empiezapori.com/wp-content/uploads/2025/03/empiezapori-camping-playa-parazuelos-logo-2-800x600.jpg 800w" sizes="(max-width: 900px) 100vw, 900px" />            </li>
            </ul>
</figure>
</div>
<!--Cliente-->
<div>
	Cliente: 
	<ul id="ul_cliente">
		    <li id="li_cliente">
	    	<!--<a href=""></a> -->
			Camping Playa Parazuelos	    </li>
		</ul>
</div></div>
</div>



<p></p>
</div>
</div></div>

<p>Disseny Logotip per a Camping Playa Parazuelos Ha estat un plaer crear el logotip de Camping Playa Parazuelos. Ens inspirem en l´essència de l´entorn natural del càmping, ubicat en un parc protegit al costat del mar. Optem per una imatge minimalista i elegant que fusiona elements clau: la palmera, l&#8217;onada i les muntanyes del parc [&hellip;]</p>

Disseny gràfic

Disseny Logotip per a Camping Playa Parazuelos Ha estat un plaer crear el logotip de Camping Playa Parazuelos. Ens inspirem en l´essència de l´entorn natural del càmping, ubicat en un parc protegit al costat del mar. Optem per una imatge minimalista i elegant que fusiona elements clau: la palmera, l&#8217;onada i les muntanyes del parc&hellip;
