{"id":38394,"date":"2025-03-25T13:03:45","date_gmt":"2025-03-25T12:03:45","guid":{"rendered":"https:\/\/empiezapori.com\/?post_type=portfolio&#038;p=38394"},"modified":"2025-08-07T12:03:32","modified_gmt":"2025-08-07T10:03:32","slug":"maquetacio-de-cataleg-per-a-fedefarma-gsn","status":"publish","type":"portfolio","link":"https:\/\/empiezapori.com\/ca\/portfolio\/maquetacio-de-cataleg-per-a-fedefarma-gsn\/","title":{"rendered":"Maquetaci\u00f3 de cat\u00e0leg per a Fedefarma &#8211; GSN"},"content":{"rendered":"\n<div class=\"wp-block-uagb-container uagb-block-d71fd99d alignfull uagb-is-root-container\"><div class=\"uagb-container-inner-blocks-wrap\">\n<div class=\"wp-block-uagb-container uagb-block-9f1574e9\">\n<div class=\"wp-block-uagb-advanced-heading uagb-block-a0359808\"><h2 class=\"uagb-heading-text\">Disseny i maquetaci\u00f3 a InDesign Per Fedefarma &#8211; GSN<\/h2><div class=\"uagb-separator\"><\/div><p class=\"uagb-desc-text\">Ens alegra presentar el projecte de <strong>maquetaci\u00f3 <\/strong>a <strong>Adobe InDesign<\/strong> amb <strong>Fedefarma<\/strong>, que est\u00e0 dissenyat per <strong>destacar <\/strong>els <strong>suplements nutricionals<\/strong> de <strong>GSN<\/strong>, una marca amb m\u00e9s de<strong> 30 anys<\/strong> d&#8217;experi\u00e8ncia en la <strong>cura de la salut<\/strong>. El disseny busca reflectir la <strong>simplicitat<\/strong>, l&#8217;<strong>efic\u00e0cia <\/strong>i la <strong>qualitat <\/strong>dels productes, utilitzant una paleta de<strong> colors suaus<\/strong> i <strong>naturals <\/strong>que ressaltin els seus <strong>ingredients <\/strong>d&#8217;<strong>origen natural.<\/strong>  <\/p><\/div>\n\n\n\n<p>Hem optat per una <strong>maquetaci\u00f3 neta<\/strong> i <strong>moderna<\/strong>, amb una <strong>estructura clara<\/strong> que facilita la lectura i la navegaci\u00f3 del <strong>cat\u00e0leg<\/strong>.<\/p>\n\n\n\n<div class=\"wp-block-uagb-advanced-heading uagb-block-f2cc3927\"><h2 class=\"uagb-heading-text\">Disseny editorial i cat\u00e0legs<\/h2><div class=\"uagb-separator\"><\/div><p class=\"uagb-desc-text\">Creem i gestionem diverses publicacions de <strong>disseny editorial i cat\u00e0legs<\/strong>, com ara aquest projecte destinat al sector qu\u00edmic. Ens encarreguem de tot, des <strong>del disseny i maquetaci\u00f3 fins a la il\u00b7lustraci\u00f3, redacci\u00f3 i correcci\u00f3<\/strong>. A m\u00e9s, convertim documents en <strong>e-books<\/strong> , fusionem bases de dades i automatitzem el flux de treball. Preparem les dades per a la seva integraci\u00f3 a InDesign, agilitzant la <a href=\"https:\/\/empiezapori.com\/ca\/disseny-grafic\/disseny-editorial-i-catalegs\/disseny-de-catalegs\/\" data-type=\"link\" data-id=\"https:\/\/empiezapori.com\/diseno-grafico\/diseno-editorial\/diseno-de-catalogos\/\"><strong>maquetaci\u00f3 de cat\u00e0legs, revistes i llibres<\/strong><\/a> .<\/p><\/div>\n<\/div>\n\n\n\n<div class=\"wp-block-uagb-container uagb-block-b61d132b\">\n<div class=\"wp-block-uagb-image uagb-block-1cdb28ba wp-block-uagb-image--layout-default wp-block-uagb-image--effect-static wp-block-uagb-image--align-none\"><figure class=\"wp-block-uagb-image__figure\"><img decoding=\"async\" srcset=\"https:\/\/empiezapori.com\/wp-content\/uploads\/2025\/03\/empiezapori-fedefarma-catalogo-gns-3-1024x931.jpg ,https:\/\/empiezapori.com\/wp-content\/uploads\/2025\/03\/empiezapori-fedefarma-catalogo-gns-3.jpg 780w, https:\/\/empiezapori.com\/wp-content\/uploads\/2025\/03\/empiezapori-fedefarma-catalogo-gns-3.jpg 360w\" sizes=\"auto, (max-width: 480px) 150px\" src=\"https:\/\/empiezapori.com\/wp-content\/uploads\/2025\/03\/empiezapori-fedefarma-catalogo-gns-3-1024x931.jpg\" alt=\"\" class=\"uag-image-38396\" width=\"1000\" height=\"667\" title=\"empiezapori-fedefarma-catalogo-gns 3\" loading=\"lazy\" role=\"img\"><\/figure><\/div>\n\n\n<!-- Galeria_del_portfolio le a\u00f1ado los estilos de la galeria de WordPress -->\r\n<div class=\"entry-content clear\" itemprop=\"text\">\r\n<figure class=\"wp-block-gallery columns-2 is-cropped\">\r\n    <!--<ul id=\"ul_galeria\">-->\r\n\t<ul class=\"blocks-gallery-grid\">\r\n                    <li class=\"blocks-gallery-item\">\r\n                <img decoding=\"async\" width=\"920\" height=\"613\" src=\"https:\/\/empiezapori.com\/wp-content\/uploads\/2025\/03\/empiezapori-fedefarma-catalogo-gns-2.jpg\" class=\"attachment-large size-large\" alt=\"\" srcset=\"https:\/\/empiezapori.com\/wp-content\/uploads\/2025\/03\/empiezapori-fedefarma-catalogo-gns-2.jpg 920w, https:\/\/empiezapori.com\/wp-content\/uploads\/2025\/03\/empiezapori-fedefarma-catalogo-gns-2-300x200.jpg 300w, https:\/\/empiezapori.com\/wp-content\/uploads\/2025\/03\/empiezapori-fedefarma-catalogo-gns-2-768x512.jpg 768w, https:\/\/empiezapori.com\/wp-content\/uploads\/2025\/03\/empiezapori-fedefarma-catalogo-gns-2-500x333.jpg 500w, https:\/\/empiezapori.com\/wp-content\/uploads\/2025\/03\/empiezapori-fedefarma-catalogo-gns-2-800x533.jpg 800w\" sizes=\"(max-width: 920px) 100vw, 920px\" \/>            <\/li>\r\n            <\/ul>\r\n<\/figure>\r\n<\/div>\r\n<!--Cliente-->\r\n<div>\r\n\tCliente: \r\n\t<ul id=\"ul_cliente\">\r\n\t\t    <li id=\"li_cliente\">\r\n\t    \t<!--<a href=\"\"><\/a> -->\r\n\t\t\tFedefarma\t    <\/li>\r\n\t\t<\/ul>\r\n<\/div>\n\n\n<p><\/p>\n<\/div>\n<\/div><\/div>\n\n<p><\/p>\n","protected":false},"excerpt":{"rendered":"<p>Disseny i maquetaci\u00f3 a InDesign Per Fedefarma &#8211; GSN Ens alegra presentar el projecte de maquetaci\u00f3 a Adobe InDesign amb Fedefarma, que est\u00e0 dissenyat per destacar els suplements nutricionals de GSN, una marca amb m\u00e9s de 30 anys d&#8217;experi\u00e8ncia en la cura de la salut. El disseny busca reflectir la simplicitat, l&#8217;efic\u00e0cia i la qualitat [&hellip;]<\/p>\n","protected":false},"author":1,"featured_media":38397,"menu_order":0,"comment_status":"closed","ping_status":"closed","template":"","format":"standard","meta":{"_acf_changed":false,"_seopress_robots_primary_cat":"","_seopress_titles_title":"","_seopress_titles_desc":"Maquetaci\u00f3 professional a InDesign per al cat\u00e0leg de suplements de GSN, destacant els seus beneficis naturals amb un disseny net i atractiu.","_seopress_robots_index":"","inline_featured_image":false,"_uag_custom_page_level_css":"","_kad_blocks_custom_css":"","_kad_blocks_head_custom_js":"","_kad_blocks_body_custom_js":"","_kad_blocks_footer_custom_js":"","site-sidebar-layout":"default","site-content-layout":"","ast-site-content-layout":"default","site-content-style":"default","site-sidebar-style":"default","ast-global-header-display":"","ast-banner-title-visibility":"","ast-main-header-display":"","ast-hfb-above-header-display":"","ast-hfb-below-header-display":"","ast-hfb-mobile-header-display":"","site-post-title":"","ast-breadcrumbs-content":"","ast-featured-img":"","footer-sml-layout":"","ast-disable-related-posts":"","theme-transparent-header-meta":"","adv-header-id-meta":"","stick-header-meta":"","header-above-stick-meta":"","header-main-stick-meta":"","header-below-stick-meta":"","astra-migrate-meta-layouts":"set","ast-page-background-enabled":"default","ast-page-background-meta":{"desktop":{"background-color":"","background-image":"","background-repeat":"repeat","background-position":"center center","background-size":"auto","background-attachment":"scroll","background-type":"","background-media":"","overlay-type":"","overlay-color":"","overlay-opacity":"","overlay-gradient":""},"tablet":{"background-color":"","background-image":"","background-repeat":"repeat","background-position":"center center","background-size":"auto","background-attachment":"scroll","background-type":"","background-media":"","overlay-type":"","overlay-color":"","overlay-opacity":"","overlay-gradient":""},"mobile":{"background-color":"","background-image":"","background-repeat":"repeat","background-position":"center center","background-size":"auto","background-attachment":"scroll","background-type":"","background-media":"","overlay-type":"","overlay-color":"","overlay-opacity":"","overlay-gradient":""}},"ast-content-background-meta":{"desktop":{"background-color":"var(--ast-global-color-5)","background-image":"","background-repeat":"repeat","background-position":"center center","background-size":"auto","background-attachment":"scroll","background-type":"","background-media":"","overlay-type":"","overlay-color":"","overlay-opacity":"","overlay-gradient":""},"tablet":{"background-color":"var(--ast-global-color-5)","background-image":"","background-repeat":"repeat","background-position":"center center","background-size":"auto","background-attachment":"scroll","background-type":"","background-media":"","overlay-type":"","overlay-color":"","overlay-opacity":"","overlay-gradient":""},"mobile":{"background-color":"var(--ast-global-color-5)","background-image":"","background-repeat":"repeat","background-position":"center center","background-size":"auto","background-attachment":"scroll","background-type":"","background-media":"","overlay-type":"","overlay-color":"","overlay-opacity":"","overlay-gradient":""}},"_vp_format_video_url":"","_vp_image_focal_point":[],"footnotes":""},"portfolio_category":[703,702],"portfolio_tag":[708],"class_list":["post-38394","portfolio","type-portfolio","status-publish","format-standard","has-post-thumbnail","hentry","portfolio_category-disseny-editorial-i-catalegs","portfolio_category-disseny-grafic","portfolio_tag-barcelona-ca"],"acf":[],"taxonomy_info":{"portfolio_category":[{"value":703,"label":"Disseny editorial i cat\u00e0legs"},{"value":702,"label":"Disseny gr\u00e0fic"}],"portfolio_tag":[{"value":708,"label":"Barcelona"}]},"featured_image_src_large":["https:\/\/empiezapori.com\/wp-content\/uploads\/2025\/03\/empiezapori-fedefarma-catalogo-gns-3-1024x931.jpg",1024,931,true],"author_info":{"display_name":"Administrador EXI","author_link":"https:\/\/empiezapori.com\/ca\/author\/empiezapori\/"},"comment_info":0,"uagb_featured_image_src":{"full":["https:\/\/empiezapori.com\/wp-content\/uploads\/2025\/03\/empiezapori-fedefarma-catalogo-gns-3.jpg",1200,1091,false],"thumbnail":["https:\/\/empiezapori.com\/wp-content\/uploads\/2025\/03\/empiezapori-fedefarma-catalogo-gns-3-150x150.jpg",150,150,true],"medium":["https:\/\/empiezapori.com\/wp-content\/uploads\/2025\/03\/empiezapori-fedefarma-catalogo-gns-3-300x273.jpg",300,273,true],"medium_large":["https:\/\/empiezapori.com\/wp-content\/uploads\/2025\/03\/empiezapori-fedefarma-catalogo-gns-3-768x698.jpg",768,698,true],"large":["https:\/\/empiezapori.com\/wp-content\/uploads\/2025\/03\/empiezapori-fedefarma-catalogo-gns-3-1024x931.jpg",1024,931,true],"1536x1536":["https:\/\/empiezapori.com\/wp-content\/uploads\/2025\/03\/empiezapori-fedefarma-catalogo-gns-3.jpg",1200,1091,false],"2048x2048":["https:\/\/empiezapori.com\/wp-content\/uploads\/2025\/03\/empiezapori-fedefarma-catalogo-gns-3.jpg",1200,1091,false],"vp_sm":["https:\/\/empiezapori.com\/wp-content\/uploads\/2025\/03\/empiezapori-fedefarma-catalogo-gns-3-500x455.jpg",500,455,true],"vp_md":["https:\/\/empiezapori.com\/wp-content\/uploads\/2025\/03\/empiezapori-fedefarma-catalogo-gns-3-800x727.jpg",800,727,true],"vp_lg":["https:\/\/empiezapori.com\/wp-content\/uploads\/2025\/03\/empiezapori-fedefarma-catalogo-gns-3.jpg",1200,1091,false],"vp_xl":["https:\/\/empiezapori.com\/wp-content\/uploads\/2025\/03\/empiezapori-fedefarma-catalogo-gns-3.jpg",1200,1091,false],"vp_sm_popup":["https:\/\/empiezapori.com\/wp-content\/uploads\/2025\/03\/empiezapori-fedefarma-catalogo-gns-3-500x455.jpg",500,455,true],"vp_md_popup":["https:\/\/empiezapori.com\/wp-content\/uploads\/2025\/03\/empiezapori-fedefarma-catalogo-gns-3-800x727.jpg",800,727,true],"vp_xl_popup":["https:\/\/empiezapori.com\/wp-content\/uploads\/2025\/03\/empiezapori-fedefarma-catalogo-gns-3.jpg",1200,1091,false]},"uagb_author_info":{"display_name":"Administrador EXI","author_link":"https:\/\/empiezapori.com\/ca\/author\/empiezapori\/"},"uagb_comment_info":0,"uagb_excerpt":"Disseny i maquetaci\u00f3 a InDesign Per Fedefarma &#8211; GSN Ens alegra presentar el projecte de maquetaci\u00f3 a Adobe InDesign amb Fedefarma, que est\u00e0 dissenyat per destacar els suplements nutricionals de GSN, una marca amb m\u00e9s de 30 anys d&#8217;experi\u00e8ncia en la cura de la salut. El disseny busca reflectir la simplicitat, l&#8217;efic\u00e0cia i la qualitat&hellip;","_links":{"self":[{"href":"https:\/\/empiezapori.com\/ca\/wp-json\/wp\/v2\/portfolio\/38394","targetHints":{"allow":["GET"]}}],"collection":[{"href":"https:\/\/empiezapori.com\/ca\/wp-json\/wp\/v2\/portfolio"}],"about":[{"href":"https:\/\/empiezapori.com\/ca\/wp-json\/wp\/v2\/types\/portfolio"}],"author":[{"embeddable":true,"href":"https:\/\/empiezapori.com\/ca\/wp-json\/wp\/v2\/users\/1"}],"replies":[{"embeddable":true,"href":"https:\/\/empiezapori.com\/ca\/wp-json\/wp\/v2\/comments?post=38394"}],"version-history":[{"count":0,"href":"https:\/\/empiezapori.com\/ca\/wp-json\/wp\/v2\/portfolio\/38394\/revisions"}],"wp:featuredmedia":[{"embeddable":true,"href":"https:\/\/empiezapori.com\/ca\/wp-json\/wp\/v2\/media\/38397"}],"wp:attachment":[{"href":"https:\/\/empiezapori.com\/ca\/wp-json\/wp\/v2\/media?parent=38394"}],"wp:term":[{"taxonomy":"portfolio_category","embeddable":true,"href":"https:\/\/empiezapori.com\/ca\/wp-json\/wp\/v2\/portfolio_category?post=38394"},{"taxonomy":"portfolio_tag","embeddable":true,"href":"https:\/\/empiezapori.com\/ca\/wp-json\/wp\/v2\/portfolio_tag?post=38394"}],"curies":[{"name":"wp","href":"https:\/\/api.w.org\/{rel}","templated":true}]}}

Maquetació de catàleg per a Fedefarma &#8211; GSN

<div class="wp-block-uagb-container uagb-block-d71fd99d alignfull uagb-is-root-container"><div class="uagb-container-inner-blocks-wrap">
<div class="wp-block-uagb-container uagb-block-9f1574e9">
<div class="wp-block-uagb-advanced-heading uagb-block-a0359808"><h2 class="uagb-heading-text">Disseny i maquetació a InDesign Per Fedefarma &#8211; GSN</h2><div class="uagb-separator"></div><p class="uagb-desc-text">Ens alegra presentar el projecte de <strong>maquetació </strong>a <strong>Adobe InDesign</strong> amb <strong>Fedefarma</strong>, que està dissenyat per <strong>destacar </strong>els <strong>suplements nutricionals</strong> de <strong>GSN</strong>, una marca amb més de<strong> 30 anys</strong> d&#8217;experiència en la <strong>cura de la salut</strong>. El disseny busca reflectir la <strong>simplicitat</strong>, l&#8217;<strong>eficàcia </strong>i la <strong>qualitat </strong>dels productes, utilitzant una paleta de<strong> colors suaus</strong> i <strong>naturals </strong>que ressaltin els seus <strong>ingredients </strong>d&#8217;<strong>origen natural.</strong>  </p></div>



<p>Hem optat per una <strong>maquetació neta</strong> i <strong>moderna</strong>, amb una <strong>estructura clara</strong> que facilita la lectura i la navegació del <strong>catàleg</strong>.</p>



<div class="wp-block-uagb-advanced-heading uagb-block-f2cc3927"><h2 class="uagb-heading-text">Disseny editorial i catàlegs</h2><div class="uagb-separator"></div><p class="uagb-desc-text">Creem i gestionem diverses publicacions de <strong>disseny editorial i catàlegs</strong>, com ara aquest projecte destinat al sector químic. Ens encarreguem de tot, des <strong>del disseny i maquetació fins a la il·lustració, redacció i correcció</strong>. A més, convertim documents en <strong>e-books</strong> , fusionem bases de dades i automatitzem el flux de treball. Preparem les dades per a la seva integració a InDesign, agilitzant la <a href="https://empiezapori.com/ca/disseny-grafic/disseny-editorial-i-catalegs/disseny-de-catalegs/" data-type="link" data-id="https://empiezapori.com/diseno-grafico/diseno-editorial/diseno-de-catalogos/"><strong>maquetació de catàlegs, revistes i llibres</strong></a> .</p></div>
</div>



<div class="wp-block-uagb-container uagb-block-b61d132b">
<div class="wp-block-uagb-image uagb-block-1cdb28ba wp-block-uagb-image--layout-default wp-block-uagb-image--effect-static wp-block-uagb-image--align-none"><figure class="wp-block-uagb-image__figure"><img decoding="async" srcset="https://empiezapori.com/wp-content/uploads/2025/03/empiezapori-fedefarma-catalogo-gns-3-1024x931.jpg ,https://empiezapori.com/wp-content/uploads/2025/03/empiezapori-fedefarma-catalogo-gns-3.jpg 780w, https://empiezapori.com/wp-content/uploads/2025/03/empiezapori-fedefarma-catalogo-gns-3.jpg 360w" sizes="auto, (max-width: 480px) 150px" src="https://empiezapori.com/wp-content/uploads/2025/03/empiezapori-fedefarma-catalogo-gns-3-1024x931.jpg" alt="" class="uag-image-38396" width="1000" height="667" title="empiezapori-fedefarma-catalogo-gns 3" loading="lazy" role="img"></figure></div>


<!-- Galeria_del_portfolio le añado los estilos de la galeria de WordPress -->
<div class="entry-content clear" itemprop="text">
<figure class="wp-block-gallery columns-2 is-cropped">
    <!--<ul id="ul_galeria">-->
	<ul class="blocks-gallery-grid">
                    <li class="blocks-gallery-item">
                <img decoding="async" width="920" height="613" src="https://empiezapori.com/wp-content/uploads/2025/03/empiezapori-fedefarma-catalogo-gns-2.jpg" class="attachment-large size-large" alt="" srcset="https://empiezapori.com/wp-content/uploads/2025/03/empiezapori-fedefarma-catalogo-gns-2.jpg 920w, https://empiezapori.com/wp-content/uploads/2025/03/empiezapori-fedefarma-catalogo-gns-2-300x200.jpg 300w, https://empiezapori.com/wp-content/uploads/2025/03/empiezapori-fedefarma-catalogo-gns-2-768x512.jpg 768w, https://empiezapori.com/wp-content/uploads/2025/03/empiezapori-fedefarma-catalogo-gns-2-500x333.jpg 500w, https://empiezapori.com/wp-content/uploads/2025/03/empiezapori-fedefarma-catalogo-gns-2-800x533.jpg 800w" sizes="(max-width: 920px) 100vw, 920px" />            </li>
            </ul>
</figure>
</div>
<!--Cliente-->
<div>
	Cliente: 
	<ul id="ul_cliente">
		    <li id="li_cliente">
	    	<!--<a href=""></a> -->
			Fedefarma	    </li>
		</ul>
</div>


<p></p>
</div>
</div></div>

<p></p>

<p>Disseny i maquetació a InDesign Per Fedefarma &#8211; GSN Ens alegra presentar el projecte de maquetació a Adobe InDesign amb Fedefarma, que està dissenyat per destacar els suplements nutricionals de GSN, una marca amb més de 30 anys d&#8217;experiència en la cura de la salut. El disseny busca reflectir la simplicitat, l&#8217;eficàcia i la qualitat [&hellip;]</p>

Maquetació professional a InDesign per al catàleg de suplements de GSN, destacant els seus beneficis naturals amb un disseny net i atractiu.

Disseny editorial i catàlegs

Disseny gràfic

Disseny i maquetació a InDesign Per Fedefarma &#8211; GSN Ens alegra presentar el projecte de maquetació a Adobe InDesign amb Fedefarma, que està dissenyat per destacar els suplements nutricionals de GSN, una marca amb més de 30 anys d&#8217;experiència en la cura de la salut. El disseny busca reflectir la simplicitat, l&#8217;eficàcia i la qualitat&hellip;
