{"id":38873,"date":"2025-04-08T12:59:04","date_gmt":"2025-04-08T10:59:04","guid":{"rendered":"https:\/\/empiezapori.com\/?post_type=portfolio&#038;p=38873"},"modified":"2025-08-05T12:49:02","modified_gmt":"2025-08-05T10:49:02","slug":"maquetacio-de-cataleg-per-al-ministeri-deducacio-formacio-professional-i-esports","status":"publish","type":"portfolio","link":"https:\/\/empiezapori.com\/ca\/portfolio\/maquetacio-de-cataleg-per-al-ministeri-deducacio-formacio-professional-i-esports\/","title":{"rendered":"Maquetaci\u00f3 de cat\u00e0leg per al Ministeri d&#8217;Educaci\u00f3, Formaci\u00f3 Professional i Esports"},"content":{"rendered":"\n<div class=\"wp-block-uagb-container uagb-block-d71fd99d alignfull uagb-is-root-container\"><div class=\"uagb-container-inner-blocks-wrap\">\n<div class=\"wp-block-uagb-container uagb-block-9f1574e9\">\n<div class=\"wp-block-uagb-advanced-heading uagb-block-a0359808\"><h2 class=\"uagb-heading-text\">Disseny i maquetaci\u00f3 a InDesign per al Ministeri d&#8217;Educaci\u00f3, Formaci\u00f3 Professional i Esports.<\/h2><div class=\"uagb-separator\"><\/div><p class=\"uagb-desc-text\">Vam tenir el privilegi d&#8217;encarregar-nos del <strong>disseny i maquetaci\u00f3<\/strong> del cat\u00e0leg <em><strong><a href=\"https:\/\/www.libreria.educacion.gob.es\/libro\/el-impacto-social-del-aprendizaje-servicio-en-el-marco-de-los-premios-de-aprendizaje-servicio_184591\/\">&#8220;L&#8217;impacte social de l&#8217;aprenentatge-servei en el marc dels premis d&#8217;aprenentatge-servei&#8221;<\/a><\/strong><\/em>, una publicaci\u00f3 promoguda pel <strong>Ministeri d&#8217;Educaci\u00f3, Formaci\u00f3 Professional i Esports.<\/strong><\/p><\/div>\n\n\n\n<p>Aquest cat\u00e0leg recull experi\u00e8ncies inspiradores al voltant de l&#8217;<strong>aprenentatge servei,<\/strong> una metodologia <strong>educativa <\/strong>que uneix formaci\u00f3 <strong>acad\u00e8mica <\/strong>i comprom\u00eds social. El nostre enfocament visual va cercar transmetre la <strong>sensibilitat<\/strong>, el <strong>dinamisme <\/strong>i l&#8217;<strong>impacte hum\u00e0<\/strong> dels projectes destacats, cuidant tant la llegibilitat com la coher\u00e8ncia institucional. <\/p>\n\n\n\n<div class=\"wp-block-uagb-advanced-heading uagb-block-f2cc3927\"><h2 class=\"uagb-heading-text\">Disseny editorial i cat\u00e0legs<\/h2><div class=\"uagb-separator\"><\/div><p class=\"uagb-desc-text\">Creem i gestionem diverses publicacions de <strong>disseny editorial i cat\u00e0legs<\/strong>, com ara aquest projecte destinat al sector qu\u00edmic. Ens encarreguem de tot, des <strong>del disseny i maquetaci\u00f3 fins a la il\u00b7lustraci\u00f3, redacci\u00f3 i correcci\u00f3<\/strong>. A m\u00e9s, convertim documents en <strong>e-books<\/strong> , fusionem bases de dades i automatitzem el flux de treball. Preparem les dades per a la seva integraci\u00f3 a InDesign, agilitzant la <a href=\"https:\/\/empiezapori.com\/ca\/disseny-grafic\/disseny-editorial-i-catalegs\/disseny-de-catalegs\/\" data-type=\"link\" data-id=\"https:\/\/empiezapori.com\/diseno-grafico\/diseno-editorial\/diseno-de-catalogos\/\"><strong>maquetaci\u00f3 de cat\u00e0legs, revistes i llibres<\/strong><\/a> .<\/p><\/div>\n<\/div>\n\n\n\n<div class=\"wp-block-uagb-container uagb-block-b61d132b\"><!-- Galeria_del_portfolio le a\u00f1ado los estilos de la galeria de WordPress -->\r\n<div class=\"entry-content clear\" itemprop=\"text\">\r\n<figure class=\"wp-block-gallery columns-2 is-cropped\">\r\n    <!--<ul id=\"ul_galeria\">-->\r\n\t<ul class=\"blocks-gallery-grid\">\r\n                    <li class=\"blocks-gallery-item\">\r\n                <img decoding=\"async\" width=\"1024\" height=\"1024\" src=\"https:\/\/empiezapori.com\/wp-content\/uploads\/2025\/04\/empiezapori-ministerio-de-educacions-catalogo-2-1024x1024.jpg\" class=\"attachment-large size-large\" alt=\"\" srcset=\"https:\/\/empiezapori.com\/wp-content\/uploads\/2025\/04\/empiezapori-ministerio-de-educacions-catalogo-2-1024x1024.jpg 1024w, https:\/\/empiezapori.com\/wp-content\/uploads\/2025\/04\/empiezapori-ministerio-de-educacions-catalogo-2-300x300.jpg 300w, https:\/\/empiezapori.com\/wp-content\/uploads\/2025\/04\/empiezapori-ministerio-de-educacions-catalogo-2-150x150.jpg 150w, https:\/\/empiezapori.com\/wp-content\/uploads\/2025\/04\/empiezapori-ministerio-de-educacions-catalogo-2-768x768.jpg 768w, https:\/\/empiezapori.com\/wp-content\/uploads\/2025\/04\/empiezapori-ministerio-de-educacions-catalogo-2-500x500.jpg 500w, https:\/\/empiezapori.com\/wp-content\/uploads\/2025\/04\/empiezapori-ministerio-de-educacions-catalogo-2-800x800.jpg 800w, https:\/\/empiezapori.com\/wp-content\/uploads\/2025\/04\/empiezapori-ministerio-de-educacions-catalogo-2-1280x1280.jpg 1280w, https:\/\/empiezapori.com\/wp-content\/uploads\/2025\/04\/empiezapori-ministerio-de-educacions-catalogo-2.jpg 1500w\" sizes=\"(max-width: 1024px) 100vw, 1024px\" \/>            <\/li>\r\n            <\/ul>\r\n<\/figure>\r\n<\/div>\r\n<!--Cliente-->\r\n<div>\r\n\tCliente: \r\n\t<ul id=\"ul_cliente\">\r\n\t\t    <li id=\"li_cliente\">\r\n\t    \t<!--<a href=\"\"><\/a> -->\r\n\t\t\tMinisterio de Educaci\u00f3n, Formaci\u00f3n Profesional y Deportes\t    <\/li>\r\n\t\t<\/ul>\r\n<\/div><\/div>\n<\/div><\/div>\n\n<p><\/p>\n","protected":false},"excerpt":{"rendered":"<p>Disseny i maquetaci\u00f3 a InDesign per al Ministeri d&#8217;Educaci\u00f3, Formaci\u00f3 Professional i Esports. Vam tenir el privilegi d&#8217;encarregar-nos del disseny i maquetaci\u00f3 del cat\u00e0leg &#8220;L&#8217;impacte social de l&#8217;aprenentatge-servei en el marc dels premis d&#8217;aprenentatge-servei&#8221;, una publicaci\u00f3 promoguda pel Ministeri d&#8217;Educaci\u00f3, Formaci\u00f3 Professional i Esports. Aquest cat\u00e0leg recull experi\u00e8ncies inspiradores al voltant de l&#8217;aprenentatge servei, una [&hellip;]<\/p>\n","protected":false},"author":1,"featured_media":38877,"menu_order":0,"comment_status":"closed","ping_status":"closed","template":"","format":"standard","meta":{"_acf_changed":false,"_seopress_robots_primary_cat":"","_seopress_titles_title":"","_seopress_titles_desc":"Disseny i maquetaci\u00f3 del cat\u00e0leg sobre limpacte de laprenentatge-servei per al Ministeri dEducaci\u00f3. Publicaci\u00f3 oficial amb enfocament social i educatiu. ","_seopress_robots_index":"","inline_featured_image":false,"_uag_custom_page_level_css":"","_kad_blocks_custom_css":"","_kad_blocks_head_custom_js":"","_kad_blocks_body_custom_js":"","_kad_blocks_footer_custom_js":"","site-sidebar-layout":"default","site-content-layout":"","ast-site-content-layout":"default","site-content-style":"default","site-sidebar-style":"default","ast-global-header-display":"","ast-banner-title-visibility":"","ast-main-header-display":"","ast-hfb-above-header-display":"","ast-hfb-below-header-display":"","ast-hfb-mobile-header-display":"","site-post-title":"","ast-breadcrumbs-content":"","ast-featured-img":"","footer-sml-layout":"","ast-disable-related-posts":"","theme-transparent-header-meta":"","adv-header-id-meta":"","stick-header-meta":"","header-above-stick-meta":"","header-main-stick-meta":"","header-below-stick-meta":"","astra-migrate-meta-layouts":"set","ast-page-background-enabled":"default","ast-page-background-meta":{"desktop":{"background-color":"","background-image":"","background-repeat":"repeat","background-position":"center center","background-size":"auto","background-attachment":"scroll","background-type":"","background-media":"","overlay-type":"","overlay-color":"","overlay-opacity":"","overlay-gradient":""},"tablet":{"background-color":"","background-image":"","background-repeat":"repeat","background-position":"center center","background-size":"auto","background-attachment":"scroll","background-type":"","background-media":"","overlay-type":"","overlay-color":"","overlay-opacity":"","overlay-gradient":""},"mobile":{"background-color":"","background-image":"","background-repeat":"repeat","background-position":"center center","background-size":"auto","background-attachment":"scroll","background-type":"","background-media":"","overlay-type":"","overlay-color":"","overlay-opacity":"","overlay-gradient":""}},"ast-content-background-meta":{"desktop":{"background-color":"var(--ast-global-color-5)","background-image":"","background-repeat":"repeat","background-position":"center center","background-size":"auto","background-attachment":"scroll","background-type":"","background-media":"","overlay-type":"","overlay-color":"","overlay-opacity":"","overlay-gradient":""},"tablet":{"background-color":"var(--ast-global-color-5)","background-image":"","background-repeat":"repeat","background-position":"center center","background-size":"auto","background-attachment":"scroll","background-type":"","background-media":"","overlay-type":"","overlay-color":"","overlay-opacity":"","overlay-gradient":""},"mobile":{"background-color":"var(--ast-global-color-5)","background-image":"","background-repeat":"repeat","background-position":"center center","background-size":"auto","background-attachment":"scroll","background-type":"","background-media":"","overlay-type":"","overlay-color":"","overlay-opacity":"","overlay-gradient":""}},"_vp_format_video_url":"","_vp_image_focal_point":[],"footnotes":""},"portfolio_category":[703,702],"portfolio_tag":[708],"class_list":["post-38873","portfolio","type-portfolio","status-publish","format-standard","has-post-thumbnail","hentry","portfolio_category-disseny-editorial-i-catalegs","portfolio_category-disseny-grafic","portfolio_tag-barcelona-ca"],"acf":[],"taxonomy_info":{"portfolio_category":[{"value":703,"label":"Disseny editorial i cat\u00e0legs"},{"value":702,"label":"Disseny gr\u00e0fic"}],"portfolio_tag":[{"value":708,"label":"Barcelona"}]},"featured_image_src_large":["https:\/\/empiezapori.com\/wp-content\/uploads\/2025\/04\/empiezapori-ministerio-de-educacions-catalogo-2-1024x1024.jpg",1024,1024,true],"author_info":{"display_name":"Administrador EXI","author_link":"https:\/\/empiezapori.com\/ca\/author\/empiezapori\/"},"comment_info":0,"uagb_featured_image_src":{"full":["https:\/\/empiezapori.com\/wp-content\/uploads\/2025\/04\/empiezapori-ministerio-de-educacions-catalogo-2.jpg",1500,1500,false],"thumbnail":["https:\/\/empiezapori.com\/wp-content\/uploads\/2025\/04\/empiezapori-ministerio-de-educacions-catalogo-2-150x150.jpg",150,150,true],"medium":["https:\/\/empiezapori.com\/wp-content\/uploads\/2025\/04\/empiezapori-ministerio-de-educacions-catalogo-2-300x300.jpg",300,300,true],"medium_large":["https:\/\/empiezapori.com\/wp-content\/uploads\/2025\/04\/empiezapori-ministerio-de-educacions-catalogo-2-768x768.jpg",768,768,true],"large":["https:\/\/empiezapori.com\/wp-content\/uploads\/2025\/04\/empiezapori-ministerio-de-educacions-catalogo-2-1024x1024.jpg",1024,1024,true],"1536x1536":["https:\/\/empiezapori.com\/wp-content\/uploads\/2025\/04\/empiezapori-ministerio-de-educacions-catalogo-2.jpg",1500,1500,false],"2048x2048":["https:\/\/empiezapori.com\/wp-content\/uploads\/2025\/04\/empiezapori-ministerio-de-educacions-catalogo-2.jpg",1500,1500,false],"vp_sm":["https:\/\/empiezapori.com\/wp-content\/uploads\/2025\/04\/empiezapori-ministerio-de-educacions-catalogo-2-500x500.jpg",500,500,true],"vp_md":["https:\/\/empiezapori.com\/wp-content\/uploads\/2025\/04\/empiezapori-ministerio-de-educacions-catalogo-2-800x800.jpg",800,800,true],"vp_lg":["https:\/\/empiezapori.com\/wp-content\/uploads\/2025\/04\/empiezapori-ministerio-de-educacions-catalogo-2-1280x1280.jpg",1280,1280,true],"vp_xl":["https:\/\/empiezapori.com\/wp-content\/uploads\/2025\/04\/empiezapori-ministerio-de-educacions-catalogo-2.jpg",1500,1500,false],"vp_sm_popup":["https:\/\/empiezapori.com\/wp-content\/uploads\/2025\/04\/empiezapori-ministerio-de-educacions-catalogo-2-500x500.jpg",500,500,true],"vp_md_popup":["https:\/\/empiezapori.com\/wp-content\/uploads\/2025\/04\/empiezapori-ministerio-de-educacions-catalogo-2-800x800.jpg",800,800,true],"vp_xl_popup":["https:\/\/empiezapori.com\/wp-content\/uploads\/2025\/04\/empiezapori-ministerio-de-educacions-catalogo-2.jpg",1500,1500,false]},"uagb_author_info":{"display_name":"Administrador EXI","author_link":"https:\/\/empiezapori.com\/ca\/author\/empiezapori\/"},"uagb_comment_info":0,"uagb_excerpt":"Disseny i maquetaci\u00f3 a InDesign per al Ministeri d&#8217;Educaci\u00f3, Formaci\u00f3 Professional i Esports. Vam tenir el privilegi d&#8217;encarregar-nos del disseny i maquetaci\u00f3 del cat\u00e0leg &#8220;L&#8217;impacte social de l&#8217;aprenentatge-servei en el marc dels premis d&#8217;aprenentatge-servei&#8221;, una publicaci\u00f3 promoguda pel Ministeri d&#8217;Educaci\u00f3, Formaci\u00f3 Professional i Esports. Aquest cat\u00e0leg recull experi\u00e8ncies inspiradores al voltant de l&#8217;aprenentatge servei, una&hellip;","_links":{"self":[{"href":"https:\/\/empiezapori.com\/ca\/wp-json\/wp\/v2\/portfolio\/38873","targetHints":{"allow":["GET"]}}],"collection":[{"href":"https:\/\/empiezapori.com\/ca\/wp-json\/wp\/v2\/portfolio"}],"about":[{"href":"https:\/\/empiezapori.com\/ca\/wp-json\/wp\/v2\/types\/portfolio"}],"author":[{"embeddable":true,"href":"https:\/\/empiezapori.com\/ca\/wp-json\/wp\/v2\/users\/1"}],"replies":[{"embeddable":true,"href":"https:\/\/empiezapori.com\/ca\/wp-json\/wp\/v2\/comments?post=38873"}],"version-history":[{"count":0,"href":"https:\/\/empiezapori.com\/ca\/wp-json\/wp\/v2\/portfolio\/38873\/revisions"}],"wp:featuredmedia":[{"embeddable":true,"href":"https:\/\/empiezapori.com\/ca\/wp-json\/wp\/v2\/media\/38877"}],"wp:attachment":[{"href":"https:\/\/empiezapori.com\/ca\/wp-json\/wp\/v2\/media?parent=38873"}],"wp:term":[{"taxonomy":"portfolio_category","embeddable":true,"href":"https:\/\/empiezapori.com\/ca\/wp-json\/wp\/v2\/portfolio_category?post=38873"},{"taxonomy":"portfolio_tag","embeddable":true,"href":"https:\/\/empiezapori.com\/ca\/wp-json\/wp\/v2\/portfolio_tag?post=38873"}],"curies":[{"name":"wp","href":"https:\/\/api.w.org\/{rel}","templated":true}]}}

Maquetació de catàleg per al Ministeri d&#8217;Educació, Formació Professional i Esports

<div class="wp-block-uagb-container uagb-block-d71fd99d alignfull uagb-is-root-container"><div class="uagb-container-inner-blocks-wrap">
<div class="wp-block-uagb-container uagb-block-9f1574e9">
<div class="wp-block-uagb-advanced-heading uagb-block-a0359808"><h2 class="uagb-heading-text">Disseny i maquetació a InDesign per al Ministeri d&#8217;Educació, Formació Professional i Esports.</h2><div class="uagb-separator"></div><p class="uagb-desc-text">Vam tenir el privilegi d&#8217;encarregar-nos del <strong>disseny i maquetació</strong> del catàleg <em><strong><a href="https://www.libreria.educacion.gob.es/libro/el-impacto-social-del-aprendizaje-servicio-en-el-marco-de-los-premios-de-aprendizaje-servicio_184591/">&#8220;L&#8217;impacte social de l&#8217;aprenentatge-servei en el marc dels premis d&#8217;aprenentatge-servei&#8221;</a></strong></em>, una publicació promoguda pel <strong>Ministeri d&#8217;Educació, Formació Professional i Esports.</strong></p></div>



<p>Aquest catàleg recull experiències inspiradores al voltant de l&#8217;<strong>aprenentatge servei,</strong> una metodologia <strong>educativa </strong>que uneix formació <strong>acadèmica </strong>i compromís social. El nostre enfocament visual va cercar transmetre la <strong>sensibilitat</strong>, el <strong>dinamisme </strong>i l&#8217;<strong>impacte humà</strong> dels projectes destacats, cuidant tant la llegibilitat com la coherència institucional. </p>



<div class="wp-block-uagb-advanced-heading uagb-block-f2cc3927"><h2 class="uagb-heading-text">Disseny editorial i catàlegs</h2><div class="uagb-separator"></div><p class="uagb-desc-text">Creem i gestionem diverses publicacions de <strong>disseny editorial i catàlegs</strong>, com ara aquest projecte destinat al sector químic. Ens encarreguem de tot, des <strong>del disseny i maquetació fins a la il·lustració, redacció i correcció</strong>. A més, convertim documents en <strong>e-books</strong> , fusionem bases de dades i automatitzem el flux de treball. Preparem les dades per a la seva integració a InDesign, agilitzant la <a href="https://empiezapori.com/ca/disseny-grafic/disseny-editorial-i-catalegs/disseny-de-catalegs/" data-type="link" data-id="https://empiezapori.com/diseno-grafico/diseno-editorial/diseno-de-catalogos/"><strong>maquetació de catàlegs, revistes i llibres</strong></a> .</p></div>
</div>



<div class="wp-block-uagb-container uagb-block-b61d132b"><!-- Galeria_del_portfolio le añado los estilos de la galeria de WordPress -->
<div class="entry-content clear" itemprop="text">
<figure class="wp-block-gallery columns-2 is-cropped">
    <!--<ul id="ul_galeria">-->
	<ul class="blocks-gallery-grid">
                    <li class="blocks-gallery-item">
                <img decoding="async" width="1024" height="1024" src="https://empiezapori.com/wp-content/uploads/2025/04/empiezapori-ministerio-de-educacions-catalogo-2-1024x1024.jpg" class="attachment-large size-large" alt="" srcset="https://empiezapori.com/wp-content/uploads/2025/04/empiezapori-ministerio-de-educacions-catalogo-2-1024x1024.jpg 1024w, https://empiezapori.com/wp-content/uploads/2025/04/empiezapori-ministerio-de-educacions-catalogo-2-300x300.jpg 300w, https://empiezapori.com/wp-content/uploads/2025/04/empiezapori-ministerio-de-educacions-catalogo-2-150x150.jpg 150w, https://empiezapori.com/wp-content/uploads/2025/04/empiezapori-ministerio-de-educacions-catalogo-2-768x768.jpg 768w, https://empiezapori.com/wp-content/uploads/2025/04/empiezapori-ministerio-de-educacions-catalogo-2-500x500.jpg 500w, https://empiezapori.com/wp-content/uploads/2025/04/empiezapori-ministerio-de-educacions-catalogo-2-800x800.jpg 800w, https://empiezapori.com/wp-content/uploads/2025/04/empiezapori-ministerio-de-educacions-catalogo-2-1280x1280.jpg 1280w, https://empiezapori.com/wp-content/uploads/2025/04/empiezapori-ministerio-de-educacions-catalogo-2.jpg 1500w" sizes="(max-width: 1024px) 100vw, 1024px" />            </li>
            </ul>
</figure>
</div>
<!--Cliente-->
<div>
	Cliente: 
	<ul id="ul_cliente">
		    <li id="li_cliente">
	    	<!--<a href=""></a> -->
			Ministerio de Educación, Formación Profesional y Deportes	    </li>
		</ul>
</div></div>
</div></div>

<p></p>

<p>Disseny i maquetació a InDesign per al Ministeri d&#8217;Educació, Formació Professional i Esports. Vam tenir el privilegi d&#8217;encarregar-nos del disseny i maquetació del catàleg &#8220;L&#8217;impacte social de l&#8217;aprenentatge-servei en el marc dels premis d&#8217;aprenentatge-servei&#8221;, una publicació promoguda pel Ministeri d&#8217;Educació, Formació Professional i Esports. Aquest catàleg recull experiències inspiradores al voltant de l&#8217;aprenentatge servei, una [&hellip;]</p>

Disseny i maquetació del catàleg sobre limpacte de laprenentatge-servei per al Ministeri dEducació. Publicació oficial amb enfocament social i educatiu.

Disseny editorial i catàlegs

Disseny gràfic

Disseny i maquetació a InDesign per al Ministeri d&#8217;Educació, Formació Professional i Esports. Vam tenir el privilegi d&#8217;encarregar-nos del disseny i maquetació del catàleg &#8220;L&#8217;impacte social de l&#8217;aprenentatge-servei en el marc dels premis d&#8217;aprenentatge-servei&#8221;, una publicació promoguda pel Ministeri d&#8217;Educació, Formació Professional i Esports. Aquest catàleg recull experiències inspiradores al voltant de l&#8217;aprenentatge servei, una&hellip;
