{"id":41063,"date":"2025-07-22T12:56:48","date_gmt":"2025-07-22T10:56:48","guid":{"rendered":"https:\/\/empiezapori.com\/portfolio\/disseny-i-desenvolupament-web-per-al-centre-jujol-can-negre\/"},"modified":"2025-07-22T13:02:57","modified_gmt":"2025-07-22T11:02:57","slug":"disseny-i-desenvolupament-web-per-al-centre-jujol-can-negre","status":"publish","type":"portfolio","link":"https:\/\/empiezapori.com\/ca\/portfolio\/disseny-i-desenvolupament-web-per-al-centre-jujol-can-negre\/","title":{"rendered":"Disseny i desenvolupament web per al Centre Jujol Can Negre"},"content":{"rendered":"\n<div class=\"wp-block-uagb-container uagb-block-d71fd99d alignfull uagb-is-root-container\"><div class=\"uagb-container-inner-blocks-wrap\">\n<div class=\"wp-block-uagb-container uagb-block-9f1574e9\">\n<div class=\"wp-block-uagb-advanced-heading uagb-block-68aea4ff\"><p class=\"uagb-desc-text\">Dissenyem i desenvolupem el nou lloc web del <em>Centre Jujol \u2013 Can Negre<\/em>, un espai cultural i arquitect\u00f2nic de gran valor ubicat a Sant Joan Desp\u00ed. L\u00b4edifici, obra de l\u00b4<strong>arquitecte modernista Josep Maria Jujol<\/strong>, \u00e9s un referent del patrimoni local i un punt clau per al\u00b4activitat art\u00edstica i educativa del municipi. <\/p><\/div>\n\n\n\n<div class=\"wp-block-uagb-advanced-heading uagb-block-5307e9d7\"><p class=\"uagb-desc-text\">Per aquest projecte vam utilitzar <strong>WordPress amb el tema Kadence<\/strong>, cosa que ens va permetre construir un lloc altament personalitzat, combinant flexibilitat de disseny, rendiment i facilitat de gesti\u00f3 per a l&#8217;equip del centre. Gr\u00e0cies a Kadence vam poder <strong>adaptar tant l&#8217;est\u00e8tica com l&#8217;estructura interna del lloc<\/strong>, tot assegurant una experi\u00e8ncia d&#8217;usuari fluida i coherent amb la identitat visual de l&#8217;espai. <\/p><\/div>\n\n\n\n<div class=\"wp-block-uagb-advanced-heading uagb-block-4a072505\"><h2 class=\"uagb-heading-text\">Un lloc pensat per a la cultura, l&#8217;educaci\u00f3 i l&#8217;art<\/h2><div class=\"uagb-separator\"><\/div><p class=\"uagb-desc-text\">El nou lloc presenta de forma clara i accessible les diferents \u00e0rees dactuaci\u00f3 del centre:<\/p><\/div>\n\n\n\n<ul class=\"wp-block-list\">\n<li><strong>Activitats Educatives<\/strong>, amb propostes adre\u00e7ades a escoles i estudiants de totes les edats per explorar la hist\u00f2ria, l&#8217;art i la cultura.<\/li>\n\n\n\n<li><strong>Escola Municipal d\u2019Art<\/strong>, amb un ventall d\u2019especialitats per desenvolupar diferents manifestacions art\u00edstiques.<\/li>\n<\/ul>\n\n\n\n<div class=\"wp-block-uagb-advanced-heading uagb-block-844c3f1e\"><p class=\"uagb-desc-text\">El disseny <strong>potencia la usabilitat<\/strong>, permetent als visitants descobrir f\u00e0cilment les activitats, les exposicions, els cursos i la hist\u00f2ria de Can Negre, tot aix\u00f2 amb un enfocament visual respectu\u00f3s amb l&#8217;arquitectura modernista de l&#8217;edifici.<\/p><\/div>\n\n\n\n<div class=\"wp-block-uagb-advanced-heading uagb-block-e0d92478\"><h2 class=\"uagb-heading-text\">Desenvolupament a mida amb WordPress + Kadence<\/h2><div class=\"uagb-separator\"><\/div><p class=\"uagb-desc-text\">Ens ocupem del disseny complet, estructura, arquitectura visual, navegaci\u00f3 i <strong>adaptaci\u00f3 a m\u00faltiples dispositius<\/strong>. A m\u00e9s, implementem un sistema d&#8217;administraci\u00f3 de continguts intu\u00eftiu ideal perqu\u00e8 l&#8217;equip del centre pugui actualitzar la informaci\u00f3 amb autonomia. <\/p><\/div>\n\n\n\n<div class=\"wp-block-uagb-advanced-heading uagb-block-e4a0952e\"><p class=\"uagb-desc-text\">Aquest projecte \u00e9s un exemple de com <strong>combinem tecnologia, disseny i cultura<\/strong> per construir llocs web funcionals i amb personalitat pr\u00f2pia.<\/p><\/div>\n\n\n\n<div class=\"wp-block-uagb-advanced-heading uagb-block-702f57fc\"><p class=\"uagb-desc-text\">Visita la web a: <a href=\"https:\/\/centrejujolcannegre.cat\/\"><strong>centrejujolcannegre.cat<\/strong><\/a><\/p><\/div>\n\n\n\n<div class=\"wp-block-uagb-separator uagb-block-ce86f44d\"><div class=\"wp-block-uagb-separator__inner\" style=\"--my-background-image:\"><\/div><\/div>\n\n\n\n<div class=\"wp-block-uagb-advanced-heading uagb-block-0d1a9c68\"><p class=\"uagb-desc-text\">Vols saber-ne m\u00e9s sobre com treballem? Consulta la nostra p\u00e0gina de <strong><a href=\"https:\/\/empiezapori.com\/ca\/disseny-web\/\">disseny i programaci\u00f3 web<\/a><\/strong> per veure m\u00e9s exemples i con\u00e8ixer tot all\u00f2 que et podem oferir. <\/p><\/div>\n<\/div>\n\n\n\n<div class=\"wp-block-uagb-container uagb-block-b61d132b\"><!-- Galeria_del_portfolio le a\u00f1ado los estilos de la galeria de WordPress -->\r\n<div class=\"entry-content clear\" itemprop=\"text\">\r\n<figure class=\"wp-block-gallery columns-2 is-cropped\">\r\n    <!--<ul id=\"ul_galeria\">-->\r\n\t<ul class=\"blocks-gallery-grid\">\r\n                    <li class=\"blocks-gallery-item\">\r\n                <img decoding=\"async\" width=\"1024\" height=\"758\" src=\"https:\/\/empiezapori.com\/wp-content\/uploads\/2025\/07\/empiezapori-mockup-web-centre-jujol-can-negre-1024x758.jpg\" class=\"attachment-large size-large\" alt=\"\" srcset=\"https:\/\/empiezapori.com\/wp-content\/uploads\/2025\/07\/empiezapori-mockup-web-centre-jujol-can-negre-1024x758.jpg 1024w, https:\/\/empiezapori.com\/wp-content\/uploads\/2025\/07\/empiezapori-mockup-web-centre-jujol-can-negre-300x222.jpg 300w, https:\/\/empiezapori.com\/wp-content\/uploads\/2025\/07\/empiezapori-mockup-web-centre-jujol-can-negre-768x568.jpg 768w, https:\/\/empiezapori.com\/wp-content\/uploads\/2025\/07\/empiezapori-mockup-web-centre-jujol-can-negre-500x370.jpg 500w, https:\/\/empiezapori.com\/wp-content\/uploads\/2025\/07\/empiezapori-mockup-web-centre-jujol-can-negre-800x592.jpg 800w, https:\/\/empiezapori.com\/wp-content\/uploads\/2025\/07\/empiezapori-mockup-web-centre-jujol-can-negre.jpg 1200w\" sizes=\"(max-width: 1024px) 100vw, 1024px\" \/>            <\/li>\r\n            <\/ul>\r\n<\/figure>\r\n<\/div>\r\n<!--Cliente-->\r\n<div>\r\n\tCliente: \r\n\t<ul id=\"ul_cliente\">\r\n\t\t    <li id=\"li_cliente\">\r\n\t    \t<!--<a href=\"\"><\/a> -->\r\n\t\t\tAjuntament de Sant Joan Desp\u00ed\t    <\/li>\r\n\t\t<\/ul>\r\n<\/div><\/div>\n<\/div><\/div>\n","protected":false},"excerpt":{"rendered":"<p>Dissenyem i desenvolupem el nou lloc web del Centre Jujol \u2013 Can Negre, un espai cultural i arquitect\u00f2nic de gran valor ubicat a Sant Joan Desp\u00ed. L\u00b4edifici, obra de l\u00b4arquitecte modernista Josep Maria Jujol, \u00e9s un referent del patrimoni local i un punt clau per al\u00b4activitat art\u00edstica i educativa del municipi. Per aquest projecte vam [&hellip;]<\/p>\n","protected":false},"author":1,"featured_media":41041,"menu_order":0,"comment_status":"closed","ping_status":"closed","template":"","format":"standard","meta":{"_acf_changed":false,"_seopress_robots_primary_cat":"","_seopress_titles_title":"","_seopress_titles_desc":"","_seopress_robots_index":"","inline_featured_image":false,"_uag_custom_page_level_css":"","_kad_blocks_custom_css":"","_kad_blocks_head_custom_js":"","_kad_blocks_body_custom_js":"","_kad_blocks_footer_custom_js":"","site-sidebar-layout":"default","site-content-layout":"","ast-site-content-layout":"default","site-content-style":"default","site-sidebar-style":"default","ast-global-header-display":"","ast-banner-title-visibility":"","ast-main-header-display":"","ast-hfb-above-header-display":"","ast-hfb-below-header-display":"","ast-hfb-mobile-header-display":"","site-post-title":"","ast-breadcrumbs-content":"","ast-featured-img":"","footer-sml-layout":"","ast-disable-related-posts":"","theme-transparent-header-meta":"","adv-header-id-meta":"","stick-header-meta":"","header-above-stick-meta":"","header-main-stick-meta":"","header-below-stick-meta":"","astra-migrate-meta-layouts":"default","ast-page-background-enabled":"default","ast-page-background-meta":{"desktop":{"background-color":"","background-image":"","background-repeat":"repeat","background-position":"center center","background-size":"auto","background-attachment":"scroll","background-type":"","background-media":"","overlay-type":"","overlay-color":"","overlay-opacity":"","overlay-gradient":""},"tablet":{"background-color":"","background-image":"","background-repeat":"repeat","background-position":"center center","background-size":"auto","background-attachment":"scroll","background-type":"","background-media":"","overlay-type":"","overlay-color":"","overlay-opacity":"","overlay-gradient":""},"mobile":{"background-color":"","background-image":"","background-repeat":"repeat","background-position":"center center","background-size":"auto","background-attachment":"scroll","background-type":"","background-media":"","overlay-type":"","overlay-color":"","overlay-opacity":"","overlay-gradient":""}},"ast-content-background-meta":{"desktop":{"background-color":"var(--ast-global-color-5)","background-image":"","background-repeat":"repeat","background-position":"center center","background-size":"auto","background-attachment":"scroll","background-type":"","background-media":"","overlay-type":"","overlay-color":"","overlay-opacity":"","overlay-gradient":""},"tablet":{"background-color":"var(--ast-global-color-5)","background-image":"","background-repeat":"repeat","background-position":"center center","background-size":"auto","background-attachment":"scroll","background-type":"","background-media":"","overlay-type":"","overlay-color":"","overlay-opacity":"","overlay-gradient":""},"mobile":{"background-color":"var(--ast-global-color-5)","background-image":"","background-repeat":"repeat","background-position":"center center","background-size":"auto","background-attachment":"scroll","background-type":"","background-media":"","overlay-type":"","overlay-color":"","overlay-opacity":"","overlay-gradient":""}},"_vp_format_video_url":"","_vp_image_focal_point":[],"footnotes":""},"portfolio_category":[705,318],"portfolio_tag":[],"class_list":["post-41063","portfolio","type-portfolio","status-publish","format-standard","has-post-thumbnail","hentry","portfolio_category-disseny-web","portfolio_category-wordpress"],"acf":[],"taxonomy_info":{"portfolio_category":[{"value":705,"label":"Disseny web"},{"value":318,"label":"Wordpress"}]},"featured_image_src_large":["https:\/\/empiezapori.com\/wp-content\/uploads\/2025\/07\/empiezapori-mockup-web-centre-jujol-can-negre-1024x758.jpg",1024,758,true],"author_info":{"display_name":"Administrador EXI","author_link":"https:\/\/empiezapori.com\/ca\/author\/empiezapori\/"},"comment_info":0,"uagb_featured_image_src":{"full":["https:\/\/empiezapori.com\/wp-content\/uploads\/2025\/07\/empiezapori-mockup-web-centre-jujol-can-negre.jpg",1200,888,false],"thumbnail":["https:\/\/empiezapori.com\/wp-content\/uploads\/2025\/07\/empiezapori-mockup-web-centre-jujol-can-negre-150x150.jpg",150,150,true],"medium":["https:\/\/empiezapori.com\/wp-content\/uploads\/2025\/07\/empiezapori-mockup-web-centre-jujol-can-negre-300x222.jpg",300,222,true],"medium_large":["https:\/\/empiezapori.com\/wp-content\/uploads\/2025\/07\/empiezapori-mockup-web-centre-jujol-can-negre-768x568.jpg",768,568,true],"large":["https:\/\/empiezapori.com\/wp-content\/uploads\/2025\/07\/empiezapori-mockup-web-centre-jujol-can-negre-1024x758.jpg",1024,758,true],"1536x1536":["https:\/\/empiezapori.com\/wp-content\/uploads\/2025\/07\/empiezapori-mockup-web-centre-jujol-can-negre.jpg",1200,888,false],"2048x2048":["https:\/\/empiezapori.com\/wp-content\/uploads\/2025\/07\/empiezapori-mockup-web-centre-jujol-can-negre.jpg",1200,888,false],"vp_sm":["https:\/\/empiezapori.com\/wp-content\/uploads\/2025\/07\/empiezapori-mockup-web-centre-jujol-can-negre-500x370.jpg",500,370,true],"vp_md":["https:\/\/empiezapori.com\/wp-content\/uploads\/2025\/07\/empiezapori-mockup-web-centre-jujol-can-negre-800x592.jpg",800,592,true],"vp_lg":["https:\/\/empiezapori.com\/wp-content\/uploads\/2025\/07\/empiezapori-mockup-web-centre-jujol-can-negre.jpg",1200,888,false],"vp_xl":["https:\/\/empiezapori.com\/wp-content\/uploads\/2025\/07\/empiezapori-mockup-web-centre-jujol-can-negre.jpg",1200,888,false],"vp_sm_popup":["https:\/\/empiezapori.com\/wp-content\/uploads\/2025\/07\/empiezapori-mockup-web-centre-jujol-can-negre-500x370.jpg",500,370,true],"vp_md_popup":["https:\/\/empiezapori.com\/wp-content\/uploads\/2025\/07\/empiezapori-mockup-web-centre-jujol-can-negre-800x592.jpg",800,592,true],"vp_xl_popup":["https:\/\/empiezapori.com\/wp-content\/uploads\/2025\/07\/empiezapori-mockup-web-centre-jujol-can-negre.jpg",1200,888,false]},"uagb_author_info":{"display_name":"Administrador EXI","author_link":"https:\/\/empiezapori.com\/ca\/author\/empiezapori\/"},"uagb_comment_info":0,"uagb_excerpt":"Dissenyem i desenvolupem el nou lloc web del Centre Jujol \u2013 Can Negre, un espai cultural i arquitect\u00f2nic de gran valor ubicat a Sant Joan Desp\u00ed. L\u00b4edifici, obra de l\u00b4arquitecte modernista Josep Maria Jujol, \u00e9s un referent del patrimoni local i un punt clau per al\u00b4activitat art\u00edstica i educativa del municipi. Per aquest projecte vam&hellip;","_links":{"self":[{"href":"https:\/\/empiezapori.com\/ca\/wp-json\/wp\/v2\/portfolio\/41063","targetHints":{"allow":["GET"]}}],"collection":[{"href":"https:\/\/empiezapori.com\/ca\/wp-json\/wp\/v2\/portfolio"}],"about":[{"href":"https:\/\/empiezapori.com\/ca\/wp-json\/wp\/v2\/types\/portfolio"}],"author":[{"embeddable":true,"href":"https:\/\/empiezapori.com\/ca\/wp-json\/wp\/v2\/users\/1"}],"replies":[{"embeddable":true,"href":"https:\/\/empiezapori.com\/ca\/wp-json\/wp\/v2\/comments?post=41063"}],"version-history":[{"count":0,"href":"https:\/\/empiezapori.com\/ca\/wp-json\/wp\/v2\/portfolio\/41063\/revisions"}],"wp:featuredmedia":[{"embeddable":true,"href":"https:\/\/empiezapori.com\/ca\/wp-json\/wp\/v2\/media\/41041"}],"wp:attachment":[{"href":"https:\/\/empiezapori.com\/ca\/wp-json\/wp\/v2\/media?parent=41063"}],"wp:term":[{"taxonomy":"portfolio_category","embeddable":true,"href":"https:\/\/empiezapori.com\/ca\/wp-json\/wp\/v2\/portfolio_category?post=41063"},{"taxonomy":"portfolio_tag","embeddable":true,"href":"https:\/\/empiezapori.com\/ca\/wp-json\/wp\/v2\/portfolio_tag?post=41063"}],"curies":[{"name":"wp","href":"https:\/\/api.w.org\/{rel}","templated":true}]}}

<div class="wp-block-uagb-container uagb-block-d71fd99d alignfull uagb-is-root-container"><div class="uagb-container-inner-blocks-wrap">
<div class="wp-block-uagb-container uagb-block-9f1574e9">
<div class="wp-block-uagb-advanced-heading uagb-block-68aea4ff"><p class="uagb-desc-text">Dissenyem i desenvolupem el nou lloc web del <em>Centre Jujol – Can Negre</em>, un espai cultural i arquitectònic de gran valor ubicat a Sant Joan Despí. L´edifici, obra de l´<strong>arquitecte modernista Josep Maria Jujol</strong>, és un referent del patrimoni local i un punt clau per al´activitat artística i educativa del municipi. </p></div>



<div class="wp-block-uagb-advanced-heading uagb-block-5307e9d7"><p class="uagb-desc-text">Per aquest projecte vam utilitzar <strong>WordPress amb el tema Kadence</strong>, cosa que ens va permetre construir un lloc altament personalitzat, combinant flexibilitat de disseny, rendiment i facilitat de gestió per a l&#8217;equip del centre. Gràcies a Kadence vam poder <strong>adaptar tant l&#8217;estètica com l&#8217;estructura interna del lloc</strong>, tot assegurant una experiència d&#8217;usuari fluida i coherent amb la identitat visual de l&#8217;espai. </p></div>



<div class="wp-block-uagb-advanced-heading uagb-block-4a072505"><h2 class="uagb-heading-text">Un lloc pensat per a la cultura, l&#8217;educació i l&#8217;art</h2><div class="uagb-separator"></div><p class="uagb-desc-text">El nou lloc presenta de forma clara i accessible les diferents àrees dactuació del centre:</p></div>



<ul class="wp-block-list">
<li><strong>Activitats Educatives</strong>, amb propostes adreçades a escoles i estudiants de totes les edats per explorar la història, l&#8217;art i la cultura.</li>



<li><strong>Escola Municipal d’Art</strong>, amb un ventall d’especialitats per desenvolupar diferents manifestacions artístiques.</li>
</ul>



<div class="wp-block-uagb-advanced-heading uagb-block-844c3f1e"><p class="uagb-desc-text">El disseny <strong>potencia la usabilitat</strong>, permetent als visitants descobrir fàcilment les activitats, les exposicions, els cursos i la història de Can Negre, tot això amb un enfocament visual respectuós amb l&#8217;arquitectura modernista de l&#8217;edifici.</p></div>



<div class="wp-block-uagb-advanced-heading uagb-block-e0d92478"><h2 class="uagb-heading-text">Desenvolupament a mida amb WordPress + Kadence</h2><div class="uagb-separator"></div><p class="uagb-desc-text">Ens ocupem del disseny complet, estructura, arquitectura visual, navegació i <strong>adaptació a múltiples dispositius</strong>. A més, implementem un sistema d&#8217;administració de continguts intuïtiu ideal perquè l&#8217;equip del centre pugui actualitzar la informació amb autonomia. </p></div>



<div class="wp-block-uagb-advanced-heading uagb-block-e4a0952e"><p class="uagb-desc-text">Aquest projecte és un exemple de com <strong>combinem tecnologia, disseny i cultura</strong> per construir llocs web funcionals i amb personalitat pròpia.</p></div>



<div class="wp-block-uagb-advanced-heading uagb-block-702f57fc"><p class="uagb-desc-text">Visita la web a: <a href="https://centrejujolcannegre.cat/"><strong>centrejujolcannegre.cat</strong></a></p></div>



<div class="wp-block-uagb-separator uagb-block-ce86f44d"><div class="wp-block-uagb-separator__inner" style="--my-background-image:"></div></div>



<div class="wp-block-uagb-advanced-heading uagb-block-0d1a9c68"><p class="uagb-desc-text">Vols saber-ne més sobre com treballem? Consulta la nostra pàgina de <strong><a href="https://empiezapori.com/ca/disseny-web/">disseny i programació web</a></strong> per veure més exemples i conèixer tot allò que et podem oferir. </p></div>
</div>



<div class="wp-block-uagb-container uagb-block-b61d132b"><!-- Galeria_del_portfolio le añado los estilos de la galeria de WordPress -->
<div class="entry-content clear" itemprop="text">
<figure class="wp-block-gallery columns-2 is-cropped">
    <!--<ul id="ul_galeria">-->
	<ul class="blocks-gallery-grid">
                    <li class="blocks-gallery-item">
                <img decoding="async" width="1024" height="758" src="https://empiezapori.com/wp-content/uploads/2025/07/empiezapori-mockup-web-centre-jujol-can-negre-1024x758.jpg" class="attachment-large size-large" alt="" srcset="https://empiezapori.com/wp-content/uploads/2025/07/empiezapori-mockup-web-centre-jujol-can-negre-1024x758.jpg 1024w, https://empiezapori.com/wp-content/uploads/2025/07/empiezapori-mockup-web-centre-jujol-can-negre-300x222.jpg 300w, https://empiezapori.com/wp-content/uploads/2025/07/empiezapori-mockup-web-centre-jujol-can-negre-768x568.jpg 768w, https://empiezapori.com/wp-content/uploads/2025/07/empiezapori-mockup-web-centre-jujol-can-negre-500x370.jpg 500w, https://empiezapori.com/wp-content/uploads/2025/07/empiezapori-mockup-web-centre-jujol-can-negre-800x592.jpg 800w, https://empiezapori.com/wp-content/uploads/2025/07/empiezapori-mockup-web-centre-jujol-can-negre.jpg 1200w" sizes="(max-width: 1024px) 100vw, 1024px" />            </li>
            </ul>
</figure>
</div>
<!--Cliente-->
<div>
	Cliente: 
	<ul id="ul_cliente">
		    <li id="li_cliente">
	    	<!--<a href=""></a> -->
			Ajuntament de Sant Joan Despí	    </li>
		</ul>
</div></div>
</div></div>

<p>Dissenyem i desenvolupem el nou lloc web del Centre Jujol – Can Negre, un espai cultural i arquitectònic de gran valor ubicat a Sant Joan Despí. L´edifici, obra de l´arquitecte modernista Josep Maria Jujol, és un referent del patrimoni local i un punt clau per al´activitat artística i educativa del municipi. Per aquest projecte vam [&hellip;]</p>

Dissenyem i desenvolupem el nou lloc web del Centre Jujol – Can Negre, un espai cultural i arquitectònic de gran valor ubicat a Sant Joan Despí. L´edifici, obra de l´arquitecte modernista Josep Maria Jujol, és un referent del patrimoni local i un punt clau per al´activitat artística i educativa del municipi. Per aquest projecte vam&hellip;
