{"id":41481,"date":"2025-03-27T12:20:48","date_gmt":"2025-03-27T11:20:48","guid":{"rendered":"https:\/\/empiezapori.com\/portfolio\/diseno-de-logotipo-con-iconografia-para-centro-comercial-parc-vilanova\/"},"modified":"2025-08-06T12:51:26","modified_gmt":"2025-08-06T10:51:26","slug":"diseno-de-logotipo-con-iconografia-para-centro-comercial-parc-vilanova","status":"publish","type":"portfolio","link":"https:\/\/empiezapori.com\/ca\/portfolio\/diseno-de-logotipo-con-iconografia-para-centro-comercial-parc-vilanova\/","title":{"rendered":"Disseny de Logotip amb iconografia per a Centre comercial Parc Vilanova"},"content":{"rendered":"\n<div class=\"wp-block-columns is-layout-flex wp-container-core-columns-is-layout-28f84493 wp-block-columns-is-layout-flex\">\n<div class=\"wp-block-column is-layout-flow wp-block-column-is-layout-flow\" style=\"flex-basis:33.33%\">\n<div class=\"wp-block-uagb-advanced-heading uagb-block-f669e80c\"><h2 class=\"uagb-heading-text\">Disseny de logotip i senyal\u00e8tica per a Parc Vilanova<\/h2><\/div>\n\n\n\n<p>En aquesta ocasi\u00f3, ens complau presentar un projecte recent que realitzem al costat de <strong><a href=\"https:\/\/parcvilanova.com\/ca\/\" data-type=\"link\" data-id=\"https:\/\/parcvilanova.com\/ca\/\">Parc Vilanova<\/a><\/strong>, un centre comercial ubicat a <strong>Vilanova i la Geltr\u00fa<\/strong>. Aquest <strong>destaca <\/strong>per <strong>oferir \u00e0rees<\/strong> d&#8217;<strong>oci <\/strong>per a <strong>tota la fam\u00edlia<\/strong>, <strong>promovent <\/strong>un <strong>estil de vida saludable<\/strong> i <strong>sostenible<\/strong>. <\/p>\n\n\n\n<p>Per a <strong>Parc Vilanova<\/strong>, desenvolupem una<strong> identitat visual <\/strong>que reflecteix la seva <strong>ess\u00e8ncia natural <\/strong>i <strong>moderna<\/strong>. El nostre treball va incloure la <strong>creaci\u00f3 del logotip<\/strong>, la <strong>definici\u00f3 de la marca<\/strong> i el<strong> disseny de la senyal\u00e8tica<\/strong>, assegurant una <strong>comunicaci\u00f3 clara<\/strong> i <strong>est\u00e8tica <\/strong>coherent a tots els punts de contacte. <\/p>\n\n\n\n<div class=\"wp-block-uagb-advanced-heading uagb-block-f2cc3927\"><h2 class=\"uagb-heading-text\">Disseny de logotips<\/h2><div class=\"uagb-separator\"><\/div><p class=\"uagb-desc-text\">Al nostre servei de <strong><a href=\"https:\/\/empiezapori.com\/ca\/disseny-grafic\/disseny-de-logotips\/\" target=\"_blank\" rel=\"noreferrer noopener\">disseny de logotips<\/a><\/strong> , creem o redissenyem la identitat corporativa de la teva marca. Si cerques transformar la teva identitat visual amb un disseny \u00fanic i significatiu, <strong><a href=\"https:\/\/empiezapori.com\/ca\/contacta\/\" target=\"_blank\" rel=\"noreferrer noopener\">contacta&#8217;ns<\/a><\/strong> per explorar com podem potenciar la pres\u00e8ncia de la teva marca.<\/p><\/div>\n<\/div>\n\n\n\n<div class=\"wp-block-column is-layout-flow wp-block-column-is-layout-flow\" style=\"flex-basis:66.66%\"><!-- Galeria_del_portfolio le a\u00f1ado los estilos de la galeria de WordPress -->\r\n<div class=\"entry-content clear\" itemprop=\"text\">\r\n<figure class=\"wp-block-gallery columns-2 is-cropped\">\r\n    <!--<ul id=\"ul_galeria\">-->\r\n\t<ul class=\"blocks-gallery-grid\">\r\n                    <li class=\"blocks-gallery-item\">\r\n                <img decoding=\"async\" width=\"768\" height=\"1024\" src=\"https:\/\/empiezapori.com\/wp-content\/uploads\/2025\/03\/empiezapori-parc-vilanova-logo-768x1024.jpg\" class=\"attachment-large size-large\" alt=\"\" srcset=\"https:\/\/empiezapori.com\/wp-content\/uploads\/2025\/03\/empiezapori-parc-vilanova-logo-768x1024.jpg 768w, https:\/\/empiezapori.com\/wp-content\/uploads\/2025\/03\/empiezapori-parc-vilanova-logo-225x300.jpg 225w, https:\/\/empiezapori.com\/wp-content\/uploads\/2025\/03\/empiezapori-parc-vilanova-logo-1152x1536.jpg 1152w, https:\/\/empiezapori.com\/wp-content\/uploads\/2025\/03\/empiezapori-parc-vilanova-logo-500x667.jpg 500w, https:\/\/empiezapori.com\/wp-content\/uploads\/2025\/03\/empiezapori-parc-vilanova-logo-800x1067.jpg 800w, https:\/\/empiezapori.com\/wp-content\/uploads\/2025\/03\/empiezapori-parc-vilanova-logo.jpg 1200w\" sizes=\"(max-width: 768px) 100vw, 768px\" \/>            <\/li>\r\n                    <li class=\"blocks-gallery-item\">\r\n                <img decoding=\"async\" width=\"1000\" height=\"750\" src=\"https:\/\/empiezapori.com\/wp-content\/uploads\/2025\/03\/empiezapori-parc-vilanova-senaletica.jpg\" class=\"attachment-large size-large\" alt=\"\" srcset=\"https:\/\/empiezapori.com\/wp-content\/uploads\/2025\/03\/empiezapori-parc-vilanova-senaletica.jpg 1000w, https:\/\/empiezapori.com\/wp-content\/uploads\/2025\/03\/empiezapori-parc-vilanova-senaletica-300x225.jpg 300w, https:\/\/empiezapori.com\/wp-content\/uploads\/2025\/03\/empiezapori-parc-vilanova-senaletica-768x576.jpg 768w, https:\/\/empiezapori.com\/wp-content\/uploads\/2025\/03\/empiezapori-parc-vilanova-senaletica-500x375.jpg 500w, https:\/\/empiezapori.com\/wp-content\/uploads\/2025\/03\/empiezapori-parc-vilanova-senaletica-800x600.jpg 800w\" sizes=\"(max-width: 1000px) 100vw, 1000px\" \/>            <\/li>\r\n            <\/ul>\r\n<\/figure>\r\n<\/div>\r\n<!--Cliente-->\r\n<div>\r\n<\/div>\n\n<!-- Galeria_del_portfolio le a\u00f1ado los estilos de la galeria de WordPress -->\r\n<div class=\"entry-content clear\" itemprop=\"text\">\r\n<figure class=\"wp-block-gallery columns-2 is-cropped\">\r\n    <!--<ul id=\"ul_galeria\">-->\r\n\t<ul class=\"blocks-gallery-grid\">\r\n                    <li class=\"blocks-gallery-item\">\r\n                <img decoding=\"async\" width=\"1024\" height=\"452\" src=\"https:\/\/empiezapori.com\/wp-content\/uploads\/2025\/03\/empiezapori-parc-vilanova-marca-1024x452.jpg\" class=\"attachment-large size-large\" alt=\"\" srcset=\"https:\/\/empiezapori.com\/wp-content\/uploads\/2025\/03\/empiezapori-parc-vilanova-marca-1024x452.jpg 1024w, https:\/\/empiezapori.com\/wp-content\/uploads\/2025\/03\/empiezapori-parc-vilanova-marca-300x133.jpg 300w, https:\/\/empiezapori.com\/wp-content\/uploads\/2025\/03\/empiezapori-parc-vilanova-marca-768x339.jpg 768w, https:\/\/empiezapori.com\/wp-content\/uploads\/2025\/03\/empiezapori-parc-vilanova-marca-1536x678.jpg 1536w, https:\/\/empiezapori.com\/wp-content\/uploads\/2025\/03\/empiezapori-parc-vilanova-marca-500x221.jpg 500w, https:\/\/empiezapori.com\/wp-content\/uploads\/2025\/03\/empiezapori-parc-vilanova-marca-800x353.jpg 800w, https:\/\/empiezapori.com\/wp-content\/uploads\/2025\/03\/empiezapori-parc-vilanova-marca-1280x565.jpg 1280w, https:\/\/empiezapori.com\/wp-content\/uploads\/2025\/03\/empiezapori-parc-vilanova-marca.jpg 1920w\" sizes=\"(max-width: 1024px) 100vw, 1024px\" \/>            <\/li>\r\n            <\/ul>\r\n<\/figure>\r\n<\/div>\r\n<!--Cliente-->\r\n<div>\r\n<\/div><\/div>\n<\/div>\n\n<p><\/p>\n","protected":false},"excerpt":{"rendered":"<p>Disseny de logotip i senyal\u00e8tica per a Parc Vilanova En aquesta ocasi\u00f3, ens complau presentar un projecte recent que realitzem al costat de Parc Vilanova, un centre comercial ubicat a Vilanova i la Geltr\u00fa. Aquest destaca per oferir \u00e0rees d&#8217;oci per a tota la fam\u00edlia, promovent un estil de vida saludable i sostenible. Per a [&hellip;]<\/p>\n","protected":false},"author":1,"featured_media":38508,"menu_order":0,"comment_status":"open","ping_status":"closed","template":"","format":"standard","meta":{"_acf_changed":false,"_seopress_robots_primary_cat":"","_seopress_titles_title":"","_seopress_titles_desc":"Disseny de logotip, marca i senyal\u00e8tica per a Parc Vilanova, un centre comercial a Vilanova i la Geltr\u00fa que promou l'oci familiar i la vida saludable.","_seopress_robots_index":"yes","inline_featured_image":false,"_uag_custom_page_level_css":"","_kad_blocks_custom_css":"","_kad_blocks_head_custom_js":"","_kad_blocks_body_custom_js":"","_kad_blocks_footer_custom_js":"","site-sidebar-layout":"default","site-content-layout":"default","ast-site-content-layout":"default","site-content-style":"default","site-sidebar-style":"default","ast-global-header-display":"","ast-banner-title-visibility":"","ast-main-header-display":"","ast-hfb-above-header-display":"","ast-hfb-below-header-display":"","ast-hfb-mobile-header-display":"","site-post-title":"","ast-breadcrumbs-content":"","ast-featured-img":"","footer-sml-layout":"","ast-disable-related-posts":"","theme-transparent-header-meta":"default","adv-header-id-meta":"","stick-header-meta":"default","header-above-stick-meta":"","header-main-stick-meta":"","header-below-stick-meta":"","astra-migrate-meta-layouts":"set","ast-page-background-enabled":"default","ast-page-background-meta":{"desktop":{"background-color":"","background-image":"","background-repeat":"repeat","background-position":"center center","background-size":"auto","background-attachment":"scroll","background-type":"","background-media":"","overlay-type":"","overlay-color":"","overlay-opacity":"","overlay-gradient":""},"tablet":{"background-color":"","background-image":"","background-repeat":"repeat","background-position":"center center","background-size":"auto","background-attachment":"scroll","background-type":"","background-media":"","overlay-type":"","overlay-color":"","overlay-opacity":"","overlay-gradient":""},"mobile":{"background-color":"","background-image":"","background-repeat":"repeat","background-position":"center center","background-size":"auto","background-attachment":"scroll","background-type":"","background-media":"","overlay-type":"","overlay-color":"","overlay-opacity":"","overlay-gradient":""}},"ast-content-background-meta":{"desktop":{"background-color":"var(--ast-global-color-5)","background-image":"","background-repeat":"repeat","background-position":"center center","background-size":"auto","background-attachment":"scroll","background-type":"","background-media":"","overlay-type":"","overlay-color":"","overlay-opacity":"","overlay-gradient":""},"tablet":{"background-color":"var(--ast-global-color-5)","background-image":"","background-repeat":"repeat","background-position":"center center","background-size":"auto","background-attachment":"scroll","background-type":"","background-media":"","overlay-type":"","overlay-color":"","overlay-opacity":"","overlay-gradient":""},"mobile":{"background-color":"var(--ast-global-color-5)","background-image":"","background-repeat":"repeat","background-position":"center center","background-size":"auto","background-attachment":"scroll","background-type":"","background-media":"","overlay-type":"","overlay-color":"","overlay-opacity":"","overlay-gradient":""}},"_vp_format_video_url":"","_vp_image_focal_point":[],"footnotes":""},"portfolio_category":[706,720],"portfolio_tag":[],"class_list":["post-41481","portfolio","type-portfolio","status-publish","format-standard","has-post-thumbnail","hentry","portfolio_category-disseny-corporatiu","portfolio_category-disseny-de-logotips"],"acf":[],"taxonomy_info":{"portfolio_category":[{"value":706,"label":"Disseny corporatiu"},{"value":720,"label":"Disseny de logotips"}]},"featured_image_src_large":["https:\/\/empiezapori.com\/wp-content\/uploads\/2025\/03\/empiezapori-parc-vilanova-logo-768x1024.jpg",768,1024,true],"author_info":{"display_name":"Administrador EXI","author_link":"https:\/\/empiezapori.com\/ca\/author\/empiezapori\/"},"comment_info":0,"uagb_featured_image_src":{"full":["https:\/\/empiezapori.com\/wp-content\/uploads\/2025\/03\/empiezapori-parc-vilanova-logo.jpg",1200,1600,false],"thumbnail":["https:\/\/empiezapori.com\/wp-content\/uploads\/2025\/03\/empiezapori-parc-vilanova-logo-150x150.jpg",150,150,true],"medium":["https:\/\/empiezapori.com\/wp-content\/uploads\/2025\/03\/empiezapori-parc-vilanova-logo-225x300.jpg",225,300,true],"medium_large":["https:\/\/empiezapori.com\/wp-content\/uploads\/2025\/03\/empiezapori-parc-vilanova-logo-768x1024.jpg",768,1024,true],"large":["https:\/\/empiezapori.com\/wp-content\/uploads\/2025\/03\/empiezapori-parc-vilanova-logo-768x1024.jpg",768,1024,true],"1536x1536":["https:\/\/empiezapori.com\/wp-content\/uploads\/2025\/03\/empiezapori-parc-vilanova-logo-1152x1536.jpg",1152,1536,true],"2048x2048":["https:\/\/empiezapori.com\/wp-content\/uploads\/2025\/03\/empiezapori-parc-vilanova-logo.jpg",1200,1600,false],"vp_sm":["https:\/\/empiezapori.com\/wp-content\/uploads\/2025\/03\/empiezapori-parc-vilanova-logo-500x667.jpg",500,667,true],"vp_md":["https:\/\/empiezapori.com\/wp-content\/uploads\/2025\/03\/empiezapori-parc-vilanova-logo-800x1067.jpg",800,1067,true],"vp_lg":["https:\/\/empiezapori.com\/wp-content\/uploads\/2025\/03\/empiezapori-parc-vilanova-logo.jpg",1200,1600,false],"vp_xl":["https:\/\/empiezapori.com\/wp-content\/uploads\/2025\/03\/empiezapori-parc-vilanova-logo.jpg",1200,1600,false],"vp_sm_popup":["https:\/\/empiezapori.com\/wp-content\/uploads\/2025\/03\/empiezapori-parc-vilanova-logo-500x667.jpg",500,667,true],"vp_md_popup":["https:\/\/empiezapori.com\/wp-content\/uploads\/2025\/03\/empiezapori-parc-vilanova-logo-800x1067.jpg",800,1067,true],"vp_xl_popup":["https:\/\/empiezapori.com\/wp-content\/uploads\/2025\/03\/empiezapori-parc-vilanova-logo.jpg",1200,1600,false]},"uagb_author_info":{"display_name":"Administrador EXI","author_link":"https:\/\/empiezapori.com\/ca\/author\/empiezapori\/"},"uagb_comment_info":0,"uagb_excerpt":"Disseny de logotip i senyal\u00e8tica per a Parc Vilanova En aquesta ocasi\u00f3, ens complau presentar un projecte recent que realitzem al costat de Parc Vilanova, un centre comercial ubicat a Vilanova i la Geltr\u00fa. Aquest destaca per oferir \u00e0rees d&#8217;oci per a tota la fam\u00edlia, promovent un estil de vida saludable i sostenible. Per a&hellip;","_links":{"self":[{"href":"https:\/\/empiezapori.com\/ca\/wp-json\/wp\/v2\/portfolio\/41481","targetHints":{"allow":["GET"]}}],"collection":[{"href":"https:\/\/empiezapori.com\/ca\/wp-json\/wp\/v2\/portfolio"}],"about":[{"href":"https:\/\/empiezapori.com\/ca\/wp-json\/wp\/v2\/types\/portfolio"}],"author":[{"embeddable":true,"href":"https:\/\/empiezapori.com\/ca\/wp-json\/wp\/v2\/users\/1"}],"replies":[{"embeddable":true,"href":"https:\/\/empiezapori.com\/ca\/wp-json\/wp\/v2\/comments?post=41481"}],"version-history":[{"count":0,"href":"https:\/\/empiezapori.com\/ca\/wp-json\/wp\/v2\/portfolio\/41481\/revisions"}],"wp:featuredmedia":[{"embeddable":true,"href":"https:\/\/empiezapori.com\/ca\/wp-json\/wp\/v2\/media\/38508"}],"wp:attachment":[{"href":"https:\/\/empiezapori.com\/ca\/wp-json\/wp\/v2\/media?parent=41481"}],"wp:term":[{"taxonomy":"portfolio_category","embeddable":true,"href":"https:\/\/empiezapori.com\/ca\/wp-json\/wp\/v2\/portfolio_category?post=41481"},{"taxonomy":"portfolio_tag","embeddable":true,"href":"https:\/\/empiezapori.com\/ca\/wp-json\/wp\/v2\/portfolio_tag?post=41481"}],"curies":[{"name":"wp","href":"https:\/\/api.w.org\/{rel}","templated":true}]}}

<div class="wp-block-columns is-layout-flex wp-container-core-columns-is-layout-28f84493 wp-block-columns-is-layout-flex">
<div class="wp-block-column is-layout-flow wp-block-column-is-layout-flow" style="flex-basis:33.33%">
<div class="wp-block-uagb-advanced-heading uagb-block-f669e80c"><h2 class="uagb-heading-text">Disseny de logotip i senyalètica per a Parc Vilanova</h2></div>



<p>En aquesta ocasió, ens complau presentar un projecte recent que realitzem al costat de <strong><a href="https://parcvilanova.com/ca/" data-type="link" data-id="https://parcvilanova.com/ca/">Parc Vilanova</a></strong>, un centre comercial ubicat a <strong>Vilanova i la Geltrú</strong>. Aquest <strong>destaca </strong>per <strong>oferir àrees</strong> d&#8217;<strong>oci </strong>per a <strong>tota la família</strong>, <strong>promovent </strong>un <strong>estil de vida saludable</strong> i <strong>sostenible</strong>. </p>



<p>Per a <strong>Parc Vilanova</strong>, desenvolupem una<strong> identitat visual </strong>que reflecteix la seva <strong>essència natural </strong>i <strong>moderna</strong>. El nostre treball va incloure la <strong>creació del logotip</strong>, la <strong>definició de la marca</strong> i el<strong> disseny de la senyalètica</strong>, assegurant una <strong>comunicació clara</strong> i <strong>estètica </strong>coherent a tots els punts de contacte. </p>



<div class="wp-block-uagb-advanced-heading uagb-block-f2cc3927"><h2 class="uagb-heading-text">Disseny de logotips</h2><div class="uagb-separator"></div><p class="uagb-desc-text">Al nostre servei de <strong><a href="https://empiezapori.com/ca/disseny-grafic/disseny-de-logotips/" target="_blank" rel="noreferrer noopener">disseny de logotips</a></strong> , creem o redissenyem la identitat corporativa de la teva marca. Si cerques transformar la teva identitat visual amb un disseny únic i significatiu, <strong><a href="https://empiezapori.com/ca/contacta/" target="_blank" rel="noreferrer noopener">contacta&#8217;ns</a></strong> per explorar com podem potenciar la presència de la teva marca.</p></div>
</div>



<div class="wp-block-column is-layout-flow wp-block-column-is-layout-flow" style="flex-basis:66.66%"><!-- Galeria_del_portfolio le añado los estilos de la galeria de WordPress -->
<div class="entry-content clear" itemprop="text">
<figure class="wp-block-gallery columns-2 is-cropped">
    <!--<ul id="ul_galeria">-->
	<ul class="blocks-gallery-grid">
                    <li class="blocks-gallery-item">
                <img decoding="async" width="768" height="1024" src="https://empiezapori.com/wp-content/uploads/2025/03/empiezapori-parc-vilanova-logo-768x1024.jpg" class="attachment-large size-large" alt="" srcset="https://empiezapori.com/wp-content/uploads/2025/03/empiezapori-parc-vilanova-logo-768x1024.jpg 768w, https://empiezapori.com/wp-content/uploads/2025/03/empiezapori-parc-vilanova-logo-225x300.jpg 225w, https://empiezapori.com/wp-content/uploads/2025/03/empiezapori-parc-vilanova-logo-1152x1536.jpg 1152w, https://empiezapori.com/wp-content/uploads/2025/03/empiezapori-parc-vilanova-logo-500x667.jpg 500w, https://empiezapori.com/wp-content/uploads/2025/03/empiezapori-parc-vilanova-logo-800x1067.jpg 800w, https://empiezapori.com/wp-content/uploads/2025/03/empiezapori-parc-vilanova-logo.jpg 1200w" sizes="(max-width: 768px) 100vw, 768px" />            </li>
                    <li class="blocks-gallery-item">
                <img decoding="async" width="1000" height="750" src="https://empiezapori.com/wp-content/uploads/2025/03/empiezapori-parc-vilanova-senaletica.jpg" class="attachment-large size-large" alt="" srcset="https://empiezapori.com/wp-content/uploads/2025/03/empiezapori-parc-vilanova-senaletica.jpg 1000w, https://empiezapori.com/wp-content/uploads/2025/03/empiezapori-parc-vilanova-senaletica-300x225.jpg 300w, https://empiezapori.com/wp-content/uploads/2025/03/empiezapori-parc-vilanova-senaletica-768x576.jpg 768w, https://empiezapori.com/wp-content/uploads/2025/03/empiezapori-parc-vilanova-senaletica-500x375.jpg 500w, https://empiezapori.com/wp-content/uploads/2025/03/empiezapori-parc-vilanova-senaletica-800x600.jpg 800w" sizes="(max-width: 1000px) 100vw, 1000px" />            </li>
            </ul>
</figure>
</div>
<!--Cliente-->
<div>
</div>

<!-- Galeria_del_portfolio le añado los estilos de la galeria de WordPress -->
<div class="entry-content clear" itemprop="text">
<figure class="wp-block-gallery columns-2 is-cropped">
    <!--<ul id="ul_galeria">-->
	<ul class="blocks-gallery-grid">
                    <li class="blocks-gallery-item">
                <img decoding="async" width="1024" height="452" src="https://empiezapori.com/wp-content/uploads/2025/03/empiezapori-parc-vilanova-marca-1024x452.jpg" class="attachment-large size-large" alt="" srcset="https://empiezapori.com/wp-content/uploads/2025/03/empiezapori-parc-vilanova-marca-1024x452.jpg 1024w, https://empiezapori.com/wp-content/uploads/2025/03/empiezapori-parc-vilanova-marca-300x133.jpg 300w, https://empiezapori.com/wp-content/uploads/2025/03/empiezapori-parc-vilanova-marca-768x339.jpg 768w, https://empiezapori.com/wp-content/uploads/2025/03/empiezapori-parc-vilanova-marca-1536x678.jpg 1536w, https://empiezapori.com/wp-content/uploads/2025/03/empiezapori-parc-vilanova-marca-500x221.jpg 500w, https://empiezapori.com/wp-content/uploads/2025/03/empiezapori-parc-vilanova-marca-800x353.jpg 800w, https://empiezapori.com/wp-content/uploads/2025/03/empiezapori-parc-vilanova-marca-1280x565.jpg 1280w, https://empiezapori.com/wp-content/uploads/2025/03/empiezapori-parc-vilanova-marca.jpg 1920w" sizes="(max-width: 1024px) 100vw, 1024px" />            </li>
            </ul>
</figure>
</div>
<!--Cliente-->
<div>
</div></div>
</div>

<p></p>

<p>Disseny de logotip i senyalètica per a Parc Vilanova En aquesta ocasió, ens complau presentar un projecte recent que realitzem al costat de Parc Vilanova, un centre comercial ubicat a Vilanova i la Geltrú. Aquest destaca per oferir àrees d&#8217;oci per a tota la família, promovent un estil de vida saludable i sostenible. Per a [&hellip;]</p>

Disseny de logotip, marca i senyalètica per a Parc Vilanova, un centre comercial a Vilanova i la Geltrú que promou l'oci familiar i la vida saludable.

Disseny de logotip i senyalètica per a Parc Vilanova En aquesta ocasió, ens complau presentar un projecte recent que realitzem al costat de Parc Vilanova, un centre comercial ubicat a Vilanova i la Geltrú. Aquest destaca per oferir àrees d&#8217;oci per a tota la família, promovent un estil de vida saludable i sostenible. Per a&hellip;
