{"id":41501,"date":"2025-03-26T11:53:43","date_gmt":"2025-03-26T10:53:43","guid":{"rendered":"https:\/\/empiezapori.com\/portfolio\/diseno-de-valla-publicitaria-para-cel-urba\/"},"modified":"2025-08-07T11:36:04","modified_gmt":"2025-08-07T09:36:04","slug":"diseno-de-valla-publicitaria-para-cel-urba","status":"publish","type":"portfolio","link":"https:\/\/empiezapori.com\/ca\/portfolio\/diseno-de-valla-publicitaria-para-cel-urba\/","title":{"rendered":"Disseny de Tanca Publicit\u00e0ria per a Cel Urb\u00e0"},"content":{"rendered":"\n<div class=\"wp-block-columns is-layout-flex wp-container-core-columns-is-layout-28f84493 wp-block-columns-is-layout-flex\">\n<div class=\"wp-block-column is-layout-flow wp-block-column-is-layout-flow\" style=\"flex-basis:33.33%\">\n<div class=\"wp-block-uagb-advanced-heading uagb-block-a0359808\"><h2 class=\"uagb-heading-text\">Disseny de Tanca Publicit\u00e0ria per a Cel Urb\u00e0 a Indesign<\/h2><div class=\"uagb-separator\"><\/div><p class=\"uagb-desc-text\">Estem feli\u00e7os de mostrar el nostre projecte juntament amb <a class=\"\" href=\"https:\/\/celurba.es\/\"><strong>Cel Urb\u00e0<\/strong><\/a> que \u00e9s una <strong>promotora immobili\u00e0ria<\/strong> especialitzada en el <strong>desenvolupament <\/strong>d&#8217;<strong>habitatges <\/strong>moderns i sostenibles, a la promoci\u00f3 de <strong>Can Mil\u00e0 Apartments<\/strong>, un <strong>exclusiu desenvolupament residencial.<\/strong><\/p><\/div>\n\n\n\n<p>Per a la promoci\u00f3 del desenvolupament immobiliari <strong>Can Mil\u00e0 Apartments<\/strong>, creem una s\u00e8rie de<strong> tanques publicit\u00e0ries<\/strong> utilitzant <strong>Adobe InDesign<\/strong>, assegurant una <strong>composici\u00f3 visual equilibrada <\/strong>i <strong>efectiva <\/strong>per <strong>captar <\/strong>l&#8217;<strong>atenci\u00f3 <\/strong>en<strong> espais urbans<\/strong>.<\/p>\n\n\n\n<div class=\"wp-block-uagb-advanced-heading uagb-block-ea46687f\"><h2 class=\"uagb-heading-text\">Creaci\u00f3 de campanyes publicit\u00e0ries<\/h2><div class=\"uagb-separator\"><\/div><p class=\"uagb-desc-text\">Som una ag\u00e8ncia de publicitat experta en <strong><a href=\"https:\/\/empiezapori.com\/ca\/disseny-grafic\/creacio-de-campanyes-publicitaries\/\" target=\"_blank\" rel=\"noreferrer noopener\">creaci\u00f3 de campanyes publicit\u00e0ries<\/a><\/strong> . Estem compromesos a potenciar la identitat visual dels nostres clients mitjan\u00e7ant dissenys publicitaris efectius. <strong><a href=\"https:\/\/empiezapori.com\/ca\/contacta\/\" target=\"_blank\" rel=\"noreferrer noopener\">Contacta&#8217;ns<\/a><\/strong> per explorar com podem crear cartells publicitaris que <strong>transmetin l&#8217;ess\u00e8ncia \u00fanica<\/strong> de la teva oferta gastron\u00f2mica.<\/p><\/div>\n<\/div>\n\n\n\n<div class=\"wp-block-column is-layout-flow wp-block-column-is-layout-flow\" style=\"flex-basis:66.66%\"><!-- Galeria_del_portfolio le a\u00f1ado los estilos de la galeria de WordPress -->\r\n<div class=\"entry-content clear\" itemprop=\"text\">\r\n<figure class=\"wp-block-gallery columns-2 is-cropped\">\r\n    <!--<ul id=\"ul_galeria\">-->\r\n\t<ul class=\"blocks-gallery-grid\">\r\n                    <li class=\"blocks-gallery-item\">\r\n                <img decoding=\"async\" width=\"1024\" height=\"674\" src=\"https:\/\/empiezapori.com\/wp-content\/uploads\/2025\/03\/empiezapori-cel-urba-vaya-1-1024x674.jpg\" class=\"attachment-large size-large\" alt=\"\" srcset=\"https:\/\/empiezapori.com\/wp-content\/uploads\/2025\/03\/empiezapori-cel-urba-vaya-1-1024x674.jpg 1024w, https:\/\/empiezapori.com\/wp-content\/uploads\/2025\/03\/empiezapori-cel-urba-vaya-1-300x198.jpg 300w, https:\/\/empiezapori.com\/wp-content\/uploads\/2025\/03\/empiezapori-cel-urba-vaya-1-768x506.jpg 768w, https:\/\/empiezapori.com\/wp-content\/uploads\/2025\/03\/empiezapori-cel-urba-vaya-1-500x329.jpg 500w, https:\/\/empiezapori.com\/wp-content\/uploads\/2025\/03\/empiezapori-cel-urba-vaya-1-800x527.jpg 800w, https:\/\/empiezapori.com\/wp-content\/uploads\/2025\/03\/empiezapori-cel-urba-vaya-1.jpg 1200w\" sizes=\"(max-width: 1024px) 100vw, 1024px\" \/>            <\/li>\r\n            <\/ul>\r\n<\/figure>\r\n<\/div>\r\n<!--Cliente-->\r\n<div>\r\n<\/div>\n\n<!-- Galeria_del_portfolio le a\u00f1ado los estilos de la galeria de WordPress -->\r\n<div class=\"entry-content clear\" itemprop=\"text\">\r\n<figure class=\"wp-block-gallery columns-2 is-cropped\">\r\n    <!--<ul id=\"ul_galeria\">-->\r\n\t<ul class=\"blocks-gallery-grid\">\r\n                    <li class=\"blocks-gallery-item\">\r\n                <img decoding=\"async\" width=\"1024\" height=\"684\" src=\"https:\/\/empiezapori.com\/wp-content\/uploads\/2025\/03\/empiezapori-cel-urba-vaya-3-1024x684.jpg\" class=\"attachment-large size-large\" alt=\"\" srcset=\"https:\/\/empiezapori.com\/wp-content\/uploads\/2025\/03\/empiezapori-cel-urba-vaya-3-1024x684.jpg 1024w, https:\/\/empiezapori.com\/wp-content\/uploads\/2025\/03\/empiezapori-cel-urba-vaya-3-300x200.jpg 300w, https:\/\/empiezapori.com\/wp-content\/uploads\/2025\/03\/empiezapori-cel-urba-vaya-3-768x513.jpg 768w, https:\/\/empiezapori.com\/wp-content\/uploads\/2025\/03\/empiezapori-cel-urba-vaya-3-500x334.jpg 500w, https:\/\/empiezapori.com\/wp-content\/uploads\/2025\/03\/empiezapori-cel-urba-vaya-3-800x534.jpg 800w, https:\/\/empiezapori.com\/wp-content\/uploads\/2025\/03\/empiezapori-cel-urba-vaya-3.jpg 1200w\" sizes=\"(max-width: 1024px) 100vw, 1024px\" \/>            <\/li>\r\n            <\/ul>\r\n<\/figure>\r\n<\/div>\r\n<!--Cliente-->\r\n<div>\r\n\tCliente: \r\n\t<ul id=\"ul_cliente\">\r\n\t\t    <li id=\"li_cliente\">\r\n\t    \t<!--<a href=\"\"><\/a> -->\r\n\t\t\tCel Urb\u00e0\t    <\/li>\r\n\t\t<\/ul>\r\n<\/div><\/div>\n<\/div>\n\n<p><\/p>\n","protected":false},"excerpt":{"rendered":"<p>Disseny de Tanca Publicit\u00e0ria per a Cel Urb\u00e0 a Indesign Estem feli\u00e7os de mostrar el nostre projecte juntament amb Cel Urb\u00e0 que \u00e9s una promotora immobili\u00e0ria especialitzada en el desenvolupament d&#8217;habitatges moderns i sostenibles, a la promoci\u00f3 de Can Mil\u00e0 Apartments, un exclusiu desenvolupament residencial. Per a la promoci\u00f3 del desenvolupament immobiliari Can Mil\u00e0 Apartments, [&hellip;]<\/p>\n","protected":false},"author":1,"featured_media":38456,"menu_order":0,"comment_status":"closed","ping_status":"closed","template":"","format":"standard","meta":{"_acf_changed":false,"_seopress_robots_primary_cat":"","_seopress_titles_title":"%%post_title%% %%page%% | Empiezapori","_seopress_titles_desc":"Dissenyem les tanques publicit\u00e0ries amb InDesign per a Cel Urb\u00e0, destacant Can Mil\u00e0 Apartments, un exclusiu desenvolupament immobiliari modern i sostenible.","_seopress_robots_index":"yes","inline_featured_image":false,"_uag_custom_page_level_css":"","_kad_blocks_custom_css":"","_kad_blocks_head_custom_js":"","_kad_blocks_body_custom_js":"","_kad_blocks_footer_custom_js":"","site-sidebar-layout":"default","site-content-layout":"default","ast-site-content-layout":"default","site-content-style":"default","site-sidebar-style":"default","ast-global-header-display":"","ast-banner-title-visibility":"","ast-main-header-display":"","ast-hfb-above-header-display":"","ast-hfb-below-header-display":"","ast-hfb-mobile-header-display":"","site-post-title":"","ast-breadcrumbs-content":"","ast-featured-img":"","footer-sml-layout":"","ast-disable-related-posts":"","theme-transparent-header-meta":"default","adv-header-id-meta":"","stick-header-meta":"default","header-above-stick-meta":"","header-main-stick-meta":"","header-below-stick-meta":"","astra-migrate-meta-layouts":"set","ast-page-background-enabled":"default","ast-page-background-meta":{"desktop":{"background-color":"","background-image":"","background-repeat":"repeat","background-position":"center center","background-size":"auto","background-attachment":"scroll","background-type":"","background-media":"","overlay-type":"","overlay-color":"","overlay-opacity":"","overlay-gradient":""},"tablet":{"background-color":"","background-image":"","background-repeat":"repeat","background-position":"center center","background-size":"auto","background-attachment":"scroll","background-type":"","background-media":"","overlay-type":"","overlay-color":"","overlay-opacity":"","overlay-gradient":""},"mobile":{"background-color":"","background-image":"","background-repeat":"repeat","background-position":"center center","background-size":"auto","background-attachment":"scroll","background-type":"","background-media":"","overlay-type":"","overlay-color":"","overlay-opacity":"","overlay-gradient":""}},"ast-content-background-meta":{"desktop":{"background-color":"var(--ast-global-color-5)","background-image":"","background-repeat":"repeat","background-position":"center center","background-size":"auto","background-attachment":"scroll","background-type":"","background-media":"","overlay-type":"","overlay-color":"","overlay-opacity":"","overlay-gradient":""},"tablet":{"background-color":"var(--ast-global-color-5)","background-image":"","background-repeat":"repeat","background-position":"center center","background-size":"auto","background-attachment":"scroll","background-type":"","background-media":"","overlay-type":"","overlay-color":"","overlay-opacity":"","overlay-gradient":""},"mobile":{"background-color":"var(--ast-global-color-5)","background-image":"","background-repeat":"repeat","background-position":"center center","background-size":"auto","background-attachment":"scroll","background-type":"","background-media":"","overlay-type":"","overlay-color":"","overlay-opacity":"","overlay-gradient":""}},"_vp_format_video_url":"","_vp_image_focal_point":{"x":0.53,"y":0.48},"footnotes":""},"portfolio_category":[756,702],"portfolio_tag":[708],"class_list":["post-41501","portfolio","type-portfolio","status-publish","format-standard","has-post-thumbnail","hentry","portfolio_category-creacion-de-campanas-publicitarias-ca","portfolio_category-disseny-grafic","portfolio_tag-barcelona-ca"],"acf":[],"taxonomy_info":{"portfolio_category":[{"value":756,"label":"Creaci\u00f3n de campa\u00f1as publicitarias"},{"value":702,"label":"Disseny gr\u00e0fic"}],"portfolio_tag":[{"value":708,"label":"Barcelona"}]},"featured_image_src_large":["https:\/\/empiezapori.com\/wp-content\/uploads\/2025\/03\/empiezapori-cel-urba-vaya-1-1024x674.jpg",1024,674,true],"author_info":{"display_name":"Administrador EXI","author_link":"https:\/\/empiezapori.com\/ca\/author\/empiezapori\/"},"comment_info":0,"uagb_featured_image_src":{"full":["https:\/\/empiezapori.com\/wp-content\/uploads\/2025\/03\/empiezapori-cel-urba-vaya-1.jpg",1200,790,false],"thumbnail":["https:\/\/empiezapori.com\/wp-content\/uploads\/2025\/03\/empiezapori-cel-urba-vaya-1-150x150.jpg",150,150,true],"medium":["https:\/\/empiezapori.com\/wp-content\/uploads\/2025\/03\/empiezapori-cel-urba-vaya-1-300x198.jpg",300,198,true],"medium_large":["https:\/\/empiezapori.com\/wp-content\/uploads\/2025\/03\/empiezapori-cel-urba-vaya-1-768x506.jpg",768,506,true],"large":["https:\/\/empiezapori.com\/wp-content\/uploads\/2025\/03\/empiezapori-cel-urba-vaya-1-1024x674.jpg",1024,674,true],"1536x1536":["https:\/\/empiezapori.com\/wp-content\/uploads\/2025\/03\/empiezapori-cel-urba-vaya-1.jpg",1200,790,false],"2048x2048":["https:\/\/empiezapori.com\/wp-content\/uploads\/2025\/03\/empiezapori-cel-urba-vaya-1.jpg",1200,790,false],"vp_sm":["https:\/\/empiezapori.com\/wp-content\/uploads\/2025\/03\/empiezapori-cel-urba-vaya-1-500x329.jpg",500,329,true],"vp_md":["https:\/\/empiezapori.com\/wp-content\/uploads\/2025\/03\/empiezapori-cel-urba-vaya-1-800x527.jpg",800,527,true],"vp_lg":["https:\/\/empiezapori.com\/wp-content\/uploads\/2025\/03\/empiezapori-cel-urba-vaya-1.jpg",1200,790,false],"vp_xl":["https:\/\/empiezapori.com\/wp-content\/uploads\/2025\/03\/empiezapori-cel-urba-vaya-1.jpg",1200,790,false],"vp_sm_popup":["https:\/\/empiezapori.com\/wp-content\/uploads\/2025\/03\/empiezapori-cel-urba-vaya-1-500x329.jpg",500,329,true],"vp_md_popup":["https:\/\/empiezapori.com\/wp-content\/uploads\/2025\/03\/empiezapori-cel-urba-vaya-1-800x527.jpg",800,527,true],"vp_xl_popup":["https:\/\/empiezapori.com\/wp-content\/uploads\/2025\/03\/empiezapori-cel-urba-vaya-1.jpg",1200,790,false]},"uagb_author_info":{"display_name":"Administrador EXI","author_link":"https:\/\/empiezapori.com\/ca\/author\/empiezapori\/"},"uagb_comment_info":0,"uagb_excerpt":"Disseny de Tanca Publicit\u00e0ria per a Cel Urb\u00e0 a Indesign Estem feli\u00e7os de mostrar el nostre projecte juntament amb Cel Urb\u00e0 que \u00e9s una promotora immobili\u00e0ria especialitzada en el desenvolupament d&#8217;habitatges moderns i sostenibles, a la promoci\u00f3 de Can Mil\u00e0 Apartments, un exclusiu desenvolupament residencial. Per a la promoci\u00f3 del desenvolupament immobiliari Can Mil\u00e0 Apartments,&hellip;","_links":{"self":[{"href":"https:\/\/empiezapori.com\/ca\/wp-json\/wp\/v2\/portfolio\/41501","targetHints":{"allow":["GET"]}}],"collection":[{"href":"https:\/\/empiezapori.com\/ca\/wp-json\/wp\/v2\/portfolio"}],"about":[{"href":"https:\/\/empiezapori.com\/ca\/wp-json\/wp\/v2\/types\/portfolio"}],"author":[{"embeddable":true,"href":"https:\/\/empiezapori.com\/ca\/wp-json\/wp\/v2\/users\/1"}],"replies":[{"embeddable":true,"href":"https:\/\/empiezapori.com\/ca\/wp-json\/wp\/v2\/comments?post=41501"}],"version-history":[{"count":0,"href":"https:\/\/empiezapori.com\/ca\/wp-json\/wp\/v2\/portfolio\/41501\/revisions"}],"wp:featuredmedia":[{"embeddable":true,"href":"https:\/\/empiezapori.com\/ca\/wp-json\/wp\/v2\/media\/38456"}],"wp:attachment":[{"href":"https:\/\/empiezapori.com\/ca\/wp-json\/wp\/v2\/media?parent=41501"}],"wp:term":[{"taxonomy":"portfolio_category","embeddable":true,"href":"https:\/\/empiezapori.com\/ca\/wp-json\/wp\/v2\/portfolio_category?post=41501"},{"taxonomy":"portfolio_tag","embeddable":true,"href":"https:\/\/empiezapori.com\/ca\/wp-json\/wp\/v2\/portfolio_tag?post=41501"}],"curies":[{"name":"wp","href":"https:\/\/api.w.org\/{rel}","templated":true}]}}

Disseny de Tanca Publicitària per a Cel Urbà

<div class="wp-block-columns is-layout-flex wp-container-core-columns-is-layout-28f84493 wp-block-columns-is-layout-flex">
<div class="wp-block-column is-layout-flow wp-block-column-is-layout-flow" style="flex-basis:33.33%">
<div class="wp-block-uagb-advanced-heading uagb-block-a0359808"><h2 class="uagb-heading-text">Disseny de Tanca Publicitària per a Cel Urbà a Indesign</h2><div class="uagb-separator"></div><p class="uagb-desc-text">Estem feliços de mostrar el nostre projecte juntament amb <a class="" href="https://celurba.es/"><strong>Cel Urbà</strong></a> que és una <strong>promotora immobiliària</strong> especialitzada en el <strong>desenvolupament </strong>d&#8217;<strong>habitatges </strong>moderns i sostenibles, a la promoció de <strong>Can Milà Apartments</strong>, un <strong>exclusiu desenvolupament residencial.</strong></p></div>



<p>Per a la promoció del desenvolupament immobiliari <strong>Can Milà Apartments</strong>, creem una sèrie de<strong> tanques publicitàries</strong> utilitzant <strong>Adobe InDesign</strong>, assegurant una <strong>composició visual equilibrada </strong>i <strong>efectiva </strong>per <strong>captar </strong>l&#8217;<strong>atenció </strong>en<strong> espais urbans</strong>.</p>



<div class="wp-block-uagb-advanced-heading uagb-block-ea46687f"><h2 class="uagb-heading-text">Creació de campanyes publicitàries</h2><div class="uagb-separator"></div><p class="uagb-desc-text">Som una agència de publicitat experta en <strong><a href="https://empiezapori.com/ca/disseny-grafic/creacio-de-campanyes-publicitaries/" target="_blank" rel="noreferrer noopener">creació de campanyes publicitàries</a></strong> . Estem compromesos a potenciar la identitat visual dels nostres clients mitjançant dissenys publicitaris efectius. <strong><a href="https://empiezapori.com/ca/contacta/" target="_blank" rel="noreferrer noopener">Contacta&#8217;ns</a></strong> per explorar com podem crear cartells publicitaris que <strong>transmetin l&#8217;essència única</strong> de la teva oferta gastronòmica.</p></div>
</div>



<div class="wp-block-column is-layout-flow wp-block-column-is-layout-flow" style="flex-basis:66.66%"><!-- Galeria_del_portfolio le añado los estilos de la galeria de WordPress -->
<div class="entry-content clear" itemprop="text">
<figure class="wp-block-gallery columns-2 is-cropped">
    <!--<ul id="ul_galeria">-->
	<ul class="blocks-gallery-grid">
                    <li class="blocks-gallery-item">
                <img decoding="async" width="1024" height="674" src="https://empiezapori.com/wp-content/uploads/2025/03/empiezapori-cel-urba-vaya-1-1024x674.jpg" class="attachment-large size-large" alt="" srcset="https://empiezapori.com/wp-content/uploads/2025/03/empiezapori-cel-urba-vaya-1-1024x674.jpg 1024w, https://empiezapori.com/wp-content/uploads/2025/03/empiezapori-cel-urba-vaya-1-300x198.jpg 300w, https://empiezapori.com/wp-content/uploads/2025/03/empiezapori-cel-urba-vaya-1-768x506.jpg 768w, https://empiezapori.com/wp-content/uploads/2025/03/empiezapori-cel-urba-vaya-1-500x329.jpg 500w, https://empiezapori.com/wp-content/uploads/2025/03/empiezapori-cel-urba-vaya-1-800x527.jpg 800w, https://empiezapori.com/wp-content/uploads/2025/03/empiezapori-cel-urba-vaya-1.jpg 1200w" sizes="(max-width: 1024px) 100vw, 1024px" />            </li>
            </ul>
</figure>
</div>
<!--Cliente-->
<div>
</div>

<!-- Galeria_del_portfolio le añado los estilos de la galeria de WordPress -->
<div class="entry-content clear" itemprop="text">
<figure class="wp-block-gallery columns-2 is-cropped">
    <!--<ul id="ul_galeria">-->
	<ul class="blocks-gallery-grid">
                    <li class="blocks-gallery-item">
                <img decoding="async" width="1024" height="684" src="https://empiezapori.com/wp-content/uploads/2025/03/empiezapori-cel-urba-vaya-3-1024x684.jpg" class="attachment-large size-large" alt="" srcset="https://empiezapori.com/wp-content/uploads/2025/03/empiezapori-cel-urba-vaya-3-1024x684.jpg 1024w, https://empiezapori.com/wp-content/uploads/2025/03/empiezapori-cel-urba-vaya-3-300x200.jpg 300w, https://empiezapori.com/wp-content/uploads/2025/03/empiezapori-cel-urba-vaya-3-768x513.jpg 768w, https://empiezapori.com/wp-content/uploads/2025/03/empiezapori-cel-urba-vaya-3-500x334.jpg 500w, https://empiezapori.com/wp-content/uploads/2025/03/empiezapori-cel-urba-vaya-3-800x534.jpg 800w, https://empiezapori.com/wp-content/uploads/2025/03/empiezapori-cel-urba-vaya-3.jpg 1200w" sizes="(max-width: 1024px) 100vw, 1024px" />            </li>
            </ul>
</figure>
</div>
<!--Cliente-->
<div>
	Cliente: 
	<ul id="ul_cliente">
		    <li id="li_cliente">
	    	<!--<a href=""></a> -->
			Cel Urbà	    </li>
		</ul>
</div></div>
</div>

<p></p>

<p>Disseny de Tanca Publicitària per a Cel Urbà a Indesign Estem feliços de mostrar el nostre projecte juntament amb Cel Urbà que és una promotora immobiliària especialitzada en el desenvolupament d&#8217;habitatges moderns i sostenibles, a la promoció de Can Milà Apartments, un exclusiu desenvolupament residencial. Per a la promoció del desenvolupament immobiliari Can Milà Apartments, [&hellip;]</p>

Dissenyem les tanques publicitàries amb InDesign per a Cel Urbà, destacant Can Milà Apartments, un exclusiu desenvolupament immobiliari modern i sostenible.

Creación de campañas publicitarias

Disseny gràfic

Disseny de Tanca Publicitària per a Cel Urbà a Indesign Estem feliços de mostrar el nostre projecte juntament amb Cel Urbà que és una promotora immobiliària especialitzada en el desenvolupament d&#8217;habitatges moderns i sostenibles, a la promoció de Can Milà Apartments, un exclusiu desenvolupament residencial. Per a la promoció del desenvolupament immobiliari Can Milà Apartments,&hellip;
