{"id":44591,"date":"2024-03-30T10:45:02","date_gmt":"2024-03-30T09:45:02","guid":{"rendered":"https:\/\/empiezapori.com\/?post_type=portfolio&#038;p=44591"},"modified":"2026-04-01T16:48:57","modified_gmt":"2026-04-01T14:48:57","slug":"gestio-xarxes-socials-per-a-texgraf","status":"publish","type":"portfolio","link":"https:\/\/empiezapori.com\/ca\/portfolio\/gestio-xarxes-socials-per-a-texgraf\/","title":{"rendered":"Gesti\u00f3 xarxes socials per a Texgraf"},"content":{"rendered":"\n<div class=\"wp-block-uagb-container uagb-block-d71fd99d alignfull uagb-is-root-container\"><div class=\"uagb-container-inner-blocks-wrap\">\n<div class=\"wp-block-uagb-container uagb-block-9f1574e9\">\n<div class=\"wp-block-uagb-advanced-heading uagb-block-68aea4ff\"><p class=\"uagb-desc-text\"><a href=\"https:\/\/www.texgraf.com\/\" data-type=\"link\" data-id=\"https:\/\/www.texgraf.com\/\" target=\"_blank\" rel=\"noreferrer noopener\">Texgraf<\/a> \u00e9s una empresa especialitzada en la <strong>fabricaci\u00f3 i el disseny de cintes personalitzades<\/strong> mitjan\u00e7ant t\u00e8cniques de serigrafia i sublimaci\u00f3 en continu.<br\/><br\/>Amb una \u00e0mplia experi\u00e8ncia al sector, Texgraf ofereix <strong>solucions adaptades per a embalatge, packaging, reclam publicitari i esdeveniments<\/strong>, destacant per la qualitat dels seus materials i la personalitzaci\u00f3 dels seus productes.<\/p><\/div>\n\n\n\n<div class=\"wp-block-uagb-advanced-heading uagb-block-f2cc3927\"><h2 class=\"uagb-heading-text\">Gesti\u00f3 d&#8217;Instagram i TikTok<\/h2><div class=\"uagb-separator\"><\/div><p class=\"uagb-desc-text\">Com a part dels nostres serveis, ens encarreguem de gestionar les xarxes socials de Texgraf a Instagram i TikTok.<br\/><br\/>La nostra estrat\u00e8gia se centra en la <strong>creaci\u00f3 de contingut visual atractiu, incloent-hi posts i reels<\/strong> que mostren el proc\u00e9s de fabricaci\u00f3, exemples de cintes personalitzades, aplicacions reals en packaging i branding, aix\u00ed com idees creatives per potenciar la imatge de marca.<br\/><br\/>L&#8217;objectiu \u00e9s generar inter\u00e8s, <strong>augmentar la visibilitat de la marca i connectar amb empreses<\/strong> que cerquen solucions personalitzades per als vostres productes i esdeveniments.<\/p><\/div>\n\n\n\n<div class=\"wp-block-uagb-advanced-heading uagb-block-9878bf8e\"><h2 class=\"uagb-heading-text\">Gesti\u00f3 i an\u00e0lisi amb eines professionals<\/h2><div class=\"uagb-separator\"><\/div><p class=\"uagb-desc-text\">La nostra gesti\u00f3 de xarxes socials es recolza en <strong>eines professionals com Metricool<\/strong>, que ens permeten planificar i programar publicacions aix\u00ed com analitzar el rendiment de cada contingut.<br\/><br\/>Gr\u00e0cies a aix\u00f2, optimitzem cont\u00ednuament l&#8217;estrat\u00e8gia, adaptant-nos a les tend\u00e8ncies i millorant l&#8217;abast i la interacci\u00f3 amb l&#8217;audi\u00e8ncia.<br\/><br\/>La nostra gesti\u00f3 se centra a refor\u00e7ar la identitat de Texgraf, <strong>destacant la seva especialitzaci\u00f3 en cintes personalitzades<\/strong> i posicionant-la com a referent al seu sector.<br\/><br\/><a href=\"https:\/\/empiezapori.com\/ca\/contacta\/\" data-type=\"link\" data-id=\"https:\/\/empiezapori.com\/contacta\/\">Contacta&#8217;ns<\/a> i descobreix com et podem ajudar a potenciar la pres\u00e8ncia online de la teva empresa amb les nostres solucions personalitzades de gesti\u00f3 de xarxes socials.<\/p><\/div>\n\n\n\n<div class=\"wp-block-uagb-buttons uagb-buttons__outer-wrap uagb-btn__default-btn uagb-btn-tablet__default-btn uagb-btn-mobile__default-btn uagb-block-36545620\"><div class=\"uagb-buttons__wrap uagb-buttons-layout-wrap \">\n<div class=\"wp-block-uagb-buttons-child uagb-buttons__outer-wrap uagb-block-18d55f8e wp-block-button\"><div class=\"uagb-button__wrapper\"><a class=\"uagb-buttons-repeater wp-block-button__link\" aria-label=\"\" href=\"https:\/\/www.instagram.com\/texgraf.cintas\/\" rel=\"follow noopener\" target=\"_blank\" role=\"button\"><div class=\"uagb-button__link\">Veure a Instagram<\/div><\/a><\/div><\/div>\n<\/div><\/div>\n<\/div>\n\n\n\n<div class=\"wp-block-uagb-container uagb-block-b61d132b\"><!-- Galeria_del_portfolio le a\u00f1ado los estilos de la galeria de WordPress -->\r\n<div class=\"entry-content clear\" itemprop=\"text\">\r\n<figure class=\"wp-block-gallery columns-2 is-cropped\">\r\n    <!--<ul id=\"ul_galeria\">-->\r\n\t<ul class=\"blocks-gallery-grid\">\r\n                    <li class=\"blocks-gallery-item\">\r\n                <img decoding=\"async\" width=\"1024\" height=\"1024\" src=\"https:\/\/empiezapori.com\/wp-content\/uploads\/2024\/03\/mockup-insta-texgraf-2-1024x1024.jpg\" class=\"attachment-large size-large\" alt=\"\" srcset=\"https:\/\/empiezapori.com\/wp-content\/uploads\/2024\/03\/mockup-insta-texgraf-2-1024x1024.jpg 1024w, https:\/\/empiezapori.com\/wp-content\/uploads\/2024\/03\/mockup-insta-texgraf-2-300x300.jpg 300w, https:\/\/empiezapori.com\/wp-content\/uploads\/2024\/03\/mockup-insta-texgraf-2-150x150.jpg 150w, https:\/\/empiezapori.com\/wp-content\/uploads\/2024\/03\/mockup-insta-texgraf-2-768x768.jpg 768w, https:\/\/empiezapori.com\/wp-content\/uploads\/2024\/03\/mockup-insta-texgraf-2-500x500.jpg 500w, https:\/\/empiezapori.com\/wp-content\/uploads\/2024\/03\/mockup-insta-texgraf-2-800x800.jpg 800w, https:\/\/empiezapori.com\/wp-content\/uploads\/2024\/03\/mockup-insta-texgraf-2.jpg 1200w\" sizes=\"(max-width: 1024px) 100vw, 1024px\" \/>            <\/li>\r\n            <\/ul>\r\n<\/figure>\r\n<\/div>\r\n<!--Cliente-->\r\n<div>\r\n\tCliente: \r\n\t<ul id=\"ul_cliente\">\r\n\t\t    <li id=\"li_cliente\">\r\n\t    \t<!--<a href=\"\"><\/a> -->\r\n\t\t\tTexgraf\t    <\/li>\r\n\t\t<\/ul>\r\n<\/div><\/div>\n<\/div><\/div>\n","protected":false},"excerpt":{"rendered":"<p>Texgraf \u00e9s una empresa especialitzada en la fabricaci\u00f3 i el disseny de cintes personalitzades mitjan\u00e7ant t\u00e8cniques de serigrafia i sublimaci\u00f3 en continu. Amb una \u00e0mplia experi\u00e8ncia al sector, Texgraf ofereix solucions adaptades per a embalatge, packaging, reclam publicitari i esdeveniments, destacant per la qualitat dels seus materials i la personalitzaci\u00f3 dels seus productes. Gesti\u00f3 d&#8217;Instagram [&hellip;]<\/p>\n","protected":false},"author":1,"featured_media":44595,"menu_order":0,"comment_status":"closed","ping_status":"closed","template":"","format":"standard","meta":{"_acf_changed":false,"_seopress_robots_primary_cat":"","_seopress_titles_title":"","_seopress_titles_desc":"","_seopress_robots_index":"","inline_featured_image":false,"_uag_custom_page_level_css":"","_kad_blocks_custom_css":"","_kad_blocks_head_custom_js":"","_kad_blocks_body_custom_js":"","_kad_blocks_footer_custom_js":"","site-sidebar-layout":"default","site-content-layout":"","ast-site-content-layout":"default","site-content-style":"default","site-sidebar-style":"default","ast-global-header-display":"","ast-banner-title-visibility":"","ast-main-header-display":"","ast-hfb-above-header-display":"","ast-hfb-below-header-display":"","ast-hfb-mobile-header-display":"","site-post-title":"","ast-breadcrumbs-content":"","ast-featured-img":"","footer-sml-layout":"","ast-disable-related-posts":"","theme-transparent-header-meta":"","adv-header-id-meta":"","stick-header-meta":"","header-above-stick-meta":"","header-main-stick-meta":"","header-below-stick-meta":"","astra-migrate-meta-layouts":"default","ast-page-background-enabled":"default","ast-page-background-meta":{"desktop":{"background-color":"","background-image":"","background-repeat":"repeat","background-position":"center center","background-size":"auto","background-attachment":"scroll","background-type":"","background-media":"","overlay-type":"","overlay-color":"","overlay-opacity":"","overlay-gradient":""},"tablet":{"background-color":"","background-image":"","background-repeat":"repeat","background-position":"center center","background-size":"auto","background-attachment":"scroll","background-type":"","background-media":"","overlay-type":"","overlay-color":"","overlay-opacity":"","overlay-gradient":""},"mobile":{"background-color":"","background-image":"","background-repeat":"repeat","background-position":"center center","background-size":"auto","background-attachment":"scroll","background-type":"","background-media":"","overlay-type":"","overlay-color":"","overlay-opacity":"","overlay-gradient":""}},"ast-content-background-meta":{"desktop":{"background-color":"var(--ast-global-color-5)","background-image":"","background-repeat":"repeat","background-position":"center center","background-size":"auto","background-attachment":"scroll","background-type":"","background-media":"","overlay-type":"","overlay-color":"","overlay-opacity":"","overlay-gradient":""},"tablet":{"background-color":"var(--ast-global-color-5)","background-image":"","background-repeat":"repeat","background-position":"center center","background-size":"auto","background-attachment":"scroll","background-type":"","background-media":"","overlay-type":"","overlay-color":"","overlay-opacity":"","overlay-gradient":""},"mobile":{"background-color":"var(--ast-global-color-5)","background-image":"","background-repeat":"repeat","background-position":"center center","background-size":"auto","background-attachment":"scroll","background-type":"","background-media":"","overlay-type":"","overlay-color":"","overlay-opacity":"","overlay-gradient":""}},"_vp_format_video_url":"","_vp_image_focal_point":[],"footnotes":""},"portfolio_category":[756,702,761],"portfolio_tag":[],"class_list":["post-44591","portfolio","type-portfolio","status-publish","format-standard","has-post-thumbnail","hentry","portfolio_category-creacion-de-campanas-publicitarias-ca","portfolio_category-disseny-grafic","portfolio_category-gestio-xarxes-socials"],"acf":[],"taxonomy_info":{"portfolio_category":[{"value":756,"label":"Creaci\u00f3n de campa\u00f1as publicitarias"},{"value":702,"label":"Disseny gr\u00e0fic"},{"value":761,"label":"Gesti\u00f3 Xarxes Socials"}]},"featured_image_src_large":["https:\/\/empiezapori.com\/wp-content\/uploads\/2026\/03\/mockup-instagram-texgraf-1-1024x1024.jpg",1024,1024,true],"author_info":{"display_name":"Administrador EXI","author_link":"https:\/\/empiezapori.com\/ca\/author\/empiezapori\/"},"comment_info":0,"uagb_featured_image_src":{"full":["https:\/\/empiezapori.com\/wp-content\/uploads\/2026\/03\/mockup-instagram-texgraf-1.jpg",1200,1200,false],"thumbnail":["https:\/\/empiezapori.com\/wp-content\/uploads\/2026\/03\/mockup-instagram-texgraf-1-150x150.jpg",150,150,true],"medium":["https:\/\/empiezapori.com\/wp-content\/uploads\/2026\/03\/mockup-instagram-texgraf-1-300x300.jpg",300,300,true],"medium_large":["https:\/\/empiezapori.com\/wp-content\/uploads\/2026\/03\/mockup-instagram-texgraf-1-768x768.jpg",768,768,true],"large":["https:\/\/empiezapori.com\/wp-content\/uploads\/2026\/03\/mockup-instagram-texgraf-1-1024x1024.jpg",1024,1024,true],"1536x1536":["https:\/\/empiezapori.com\/wp-content\/uploads\/2026\/03\/mockup-instagram-texgraf-1.jpg",1200,1200,false],"2048x2048":["https:\/\/empiezapori.com\/wp-content\/uploads\/2026\/03\/mockup-instagram-texgraf-1.jpg",1200,1200,false],"vp_sm":["https:\/\/empiezapori.com\/wp-content\/uploads\/2026\/03\/mockup-instagram-texgraf-1-500x500.jpg",500,500,true],"vp_md":["https:\/\/empiezapori.com\/wp-content\/uploads\/2026\/03\/mockup-instagram-texgraf-1-800x800.jpg",800,800,true],"vp_lg":["https:\/\/empiezapori.com\/wp-content\/uploads\/2026\/03\/mockup-instagram-texgraf-1.jpg",1200,1200,false],"vp_xl":["https:\/\/empiezapori.com\/wp-content\/uploads\/2026\/03\/mockup-instagram-texgraf-1.jpg",1200,1200,false],"vp_sm_popup":["https:\/\/empiezapori.com\/wp-content\/uploads\/2026\/03\/mockup-instagram-texgraf-1-500x500.jpg",500,500,true],"vp_md_popup":["https:\/\/empiezapori.com\/wp-content\/uploads\/2026\/03\/mockup-instagram-texgraf-1-800x800.jpg",800,800,true],"vp_xl_popup":["https:\/\/empiezapori.com\/wp-content\/uploads\/2026\/03\/mockup-instagram-texgraf-1.jpg",1200,1200,false]},"uagb_author_info":{"display_name":"Administrador EXI","author_link":"https:\/\/empiezapori.com\/ca\/author\/empiezapori\/"},"uagb_comment_info":0,"uagb_excerpt":"Texgraf \u00e9s una empresa especialitzada en la fabricaci\u00f3 i el disseny de cintes personalitzades mitjan\u00e7ant t\u00e8cniques de serigrafia i sublimaci\u00f3 en continu. Amb una \u00e0mplia experi\u00e8ncia al sector, Texgraf ofereix solucions adaptades per a embalatge, packaging, reclam publicitari i esdeveniments, destacant per la qualitat dels seus materials i la personalitzaci\u00f3 dels seus productes. Gesti\u00f3 d&#8217;Instagram&hellip;","_links":{"self":[{"href":"https:\/\/empiezapori.com\/ca\/wp-json\/wp\/v2\/portfolio\/44591","targetHints":{"allow":["GET"]}}],"collection":[{"href":"https:\/\/empiezapori.com\/ca\/wp-json\/wp\/v2\/portfolio"}],"about":[{"href":"https:\/\/empiezapori.com\/ca\/wp-json\/wp\/v2\/types\/portfolio"}],"author":[{"embeddable":true,"href":"https:\/\/empiezapori.com\/ca\/wp-json\/wp\/v2\/users\/1"}],"replies":[{"embeddable":true,"href":"https:\/\/empiezapori.com\/ca\/wp-json\/wp\/v2\/comments?post=44591"}],"version-history":[{"count":0,"href":"https:\/\/empiezapori.com\/ca\/wp-json\/wp\/v2\/portfolio\/44591\/revisions"}],"wp:featuredmedia":[{"embeddable":true,"href":"https:\/\/empiezapori.com\/ca\/wp-json\/wp\/v2\/media\/44595"}],"wp:attachment":[{"href":"https:\/\/empiezapori.com\/ca\/wp-json\/wp\/v2\/media?parent=44591"}],"wp:term":[{"taxonomy":"portfolio_category","embeddable":true,"href":"https:\/\/empiezapori.com\/ca\/wp-json\/wp\/v2\/portfolio_category?post=44591"},{"taxonomy":"portfolio_tag","embeddable":true,"href":"https:\/\/empiezapori.com\/ca\/wp-json\/wp\/v2\/portfolio_tag?post=44591"}],"curies":[{"name":"wp","href":"https:\/\/api.w.org\/{rel}","templated":true}]}}

Gestió xarxes socials per a Texgraf

<div class="wp-block-uagb-container uagb-block-d71fd99d alignfull uagb-is-root-container"><div class="uagb-container-inner-blocks-wrap">
<div class="wp-block-uagb-container uagb-block-9f1574e9">
<div class="wp-block-uagb-advanced-heading uagb-block-68aea4ff"><p class="uagb-desc-text"><a href="https://www.texgraf.com/" data-type="link" data-id="https://www.texgraf.com/" target="_blank" rel="noreferrer noopener">Texgraf</a> és una empresa especialitzada en la <strong>fabricació i el disseny de cintes personalitzades</strong> mitjançant tècniques de serigrafia i sublimació en continu.<br/><br/>Amb una àmplia experiència al sector, Texgraf ofereix <strong>solucions adaptades per a embalatge, packaging, reclam publicitari i esdeveniments</strong>, destacant per la qualitat dels seus materials i la personalització dels seus productes.</p></div>



<div class="wp-block-uagb-advanced-heading uagb-block-f2cc3927"><h2 class="uagb-heading-text">Gestió d&#8217;Instagram i TikTok</h2><div class="uagb-separator"></div><p class="uagb-desc-text">Com a part dels nostres serveis, ens encarreguem de gestionar les xarxes socials de Texgraf a Instagram i TikTok.<br/><br/>La nostra estratègia se centra en la <strong>creació de contingut visual atractiu, incloent-hi posts i reels</strong> que mostren el procés de fabricació, exemples de cintes personalitzades, aplicacions reals en packaging i branding, així com idees creatives per potenciar la imatge de marca.<br/><br/>L&#8217;objectiu és generar interès, <strong>augmentar la visibilitat de la marca i connectar amb empreses</strong> que cerquen solucions personalitzades per als vostres productes i esdeveniments.</p></div>



<div class="wp-block-uagb-advanced-heading uagb-block-9878bf8e"><h2 class="uagb-heading-text">Gestió i anàlisi amb eines professionals</h2><div class="uagb-separator"></div><p class="uagb-desc-text">La nostra gestió de xarxes socials es recolza en <strong>eines professionals com Metricool</strong>, que ens permeten planificar i programar publicacions així com analitzar el rendiment de cada contingut.<br/><br/>Gràcies a això, optimitzem contínuament l&#8217;estratègia, adaptant-nos a les tendències i millorant l&#8217;abast i la interacció amb l&#8217;audiència.<br/><br/>La nostra gestió se centra a reforçar la identitat de Texgraf, <strong>destacant la seva especialització en cintes personalitzades</strong> i posicionant-la com a referent al seu sector.<br/><br/><a href="https://empiezapori.com/ca/contacta/" data-type="link" data-id="https://empiezapori.com/contacta/">Contacta&#8217;ns</a> i descobreix com et podem ajudar a potenciar la presència online de la teva empresa amb les nostres solucions personalitzades de gestió de xarxes socials.</p></div>



<div class="wp-block-uagb-buttons uagb-buttons__outer-wrap uagb-btn__default-btn uagb-btn-tablet__default-btn uagb-btn-mobile__default-btn uagb-block-36545620"><div class="uagb-buttons__wrap uagb-buttons-layout-wrap ">
<div class="wp-block-uagb-buttons-child uagb-buttons__outer-wrap uagb-block-18d55f8e wp-block-button"><div class="uagb-button__wrapper"><a class="uagb-buttons-repeater wp-block-button__link" aria-label="" href="https://www.instagram.com/texgraf.cintas/" rel="follow noopener" target="_blank" role="button"><div class="uagb-button__link">Veure a Instagram</div></a></div></div>
</div></div>
</div>



<div class="wp-block-uagb-container uagb-block-b61d132b"><!-- Galeria_del_portfolio le añado los estilos de la galeria de WordPress -->
<div class="entry-content clear" itemprop="text">
<figure class="wp-block-gallery columns-2 is-cropped">
    <!--<ul id="ul_galeria">-->
	<ul class="blocks-gallery-grid">
                    <li class="blocks-gallery-item">
                <img decoding="async" width="1024" height="1024" src="https://empiezapori.com/wp-content/uploads/2024/03/mockup-insta-texgraf-2-1024x1024.jpg" class="attachment-large size-large" alt="" srcset="https://empiezapori.com/wp-content/uploads/2024/03/mockup-insta-texgraf-2-1024x1024.jpg 1024w, https://empiezapori.com/wp-content/uploads/2024/03/mockup-insta-texgraf-2-300x300.jpg 300w, https://empiezapori.com/wp-content/uploads/2024/03/mockup-insta-texgraf-2-150x150.jpg 150w, https://empiezapori.com/wp-content/uploads/2024/03/mockup-insta-texgraf-2-768x768.jpg 768w, https://empiezapori.com/wp-content/uploads/2024/03/mockup-insta-texgraf-2-500x500.jpg 500w, https://empiezapori.com/wp-content/uploads/2024/03/mockup-insta-texgraf-2-800x800.jpg 800w, https://empiezapori.com/wp-content/uploads/2024/03/mockup-insta-texgraf-2.jpg 1200w" sizes="(max-width: 1024px) 100vw, 1024px" />            </li>
            </ul>
</figure>
</div>
<!--Cliente-->
<div>
	Cliente: 
	<ul id="ul_cliente">
		    <li id="li_cliente">
	    	<!--<a href=""></a> -->
			Texgraf	    </li>
		</ul>
</div></div>
</div></div>

<p>Texgraf és una empresa especialitzada en la fabricació i el disseny de cintes personalitzades mitjançant tècniques de serigrafia i sublimació en continu. Amb una àmplia experiència al sector, Texgraf ofereix solucions adaptades per a embalatge, packaging, reclam publicitari i esdeveniments, destacant per la qualitat dels seus materials i la personalització dels seus productes. Gestió d&#8217;Instagram [&hellip;]</p>

Creación de campañas publicitarias

Disseny gràfic

Gestió Xarxes Socials

Texgraf és una empresa especialitzada en la fabricació i el disseny de cintes personalitzades mitjançant tècniques de serigrafia i sublimació en continu. Amb una àmplia experiència al sector, Texgraf ofereix solucions adaptades per a embalatge, packaging, reclam publicitari i esdeveniments, destacant per la qualitat dels seus materials i la personalització dels seus productes. Gestió d&#8217;Instagram&hellip;
